{"id":7845,"date":"2022-11-03T13:00:53","date_gmt":"2022-11-03T12:00:53","guid":{"rendered":"https:\/\/agora.xtec.cat\/ceipvistaalegre\/?page_id=7845"},"modified":"2022-11-10T16:07:37","modified_gmt":"2022-11-10T15:07:37","slug":"educacio-ambiental","status":"publish","type":"page","link":"https:\/\/agora.xtec.cat\/ceipvistaalegre\/pagina-dinici-buida\/educacio-ambiental\/","title":{"rendered":"Educaci\u00f3 Ambiental"},"content":{"rendered":"<p>El Programa d&#8217;Educaci\u00f3 Ambiental \u00e9s una eina que planifica i ordena l&#8217;oferta pedag\u00f2gica dels Parcs Naturals amb l&#8217;objectiu d&#8217;educar i sensibilitzar la societat sobre la necessitat de protegir el patrimoni natural i cultural, i corresponsabilitzar-la en la conservaci\u00f3 dels parcs i de la seva \u00e0rea d\u2019influ\u00e8ncia. Al mateix temps ofereix a l&#8217;alumnat un espai divers de formaci\u00f3 i esbarjo al voltant del coneixement i del respecte per la natura.<\/p>\n<p>Les activitats programades tracten diferents tem\u00e0tiques relacionades amb els parcs que visitem, s\u00f3n de tipologies diverses i s&#8217;adrecen i adapten a les diferents edats del nostre alumnat.<\/p>\n<p>5\u00e8 &#8211; Viu el Parc! (Hortsaviny\u00e0 &#8211; Montnegre i el Corredor)<\/p>\n<p><a href=\"https:\/\/parcs.diba.cat\/web\/viuelparc\">https:\/\/parcs.diba.cat\/web\/viuelparc<\/a><\/p>\n<p>6\u00e8 &#8211; Coneguem els nostres parcs (Parc Natural de Montnegre i el Corredor)<\/p>\n<p><a href=\"https:\/\/parcs.diba.cat\/web\/coneguemelsparcs\">https:\/\/parcs.diba.cat\/web\/coneguemelsparcs<\/a><\/p>\n<p><em>Amb el suport de la Diputaci\u00f3 de Barcelona<\/em><\/p>\n","protected":false},"excerpt":{"rendered":"<p>El Programa d&#8217;Educaci\u00f3 Ambiental \u00e9s una eina que planifica i ordena l&#8217;oferta pedag\u00f2gica dels Parcs Naturals amb l&#8217;objectiu d&#8217;educar i sensibilitzar la societat sobre la necessitat de protegir el patrimoni natural i cultural, i corresponsabilitzar-la en la conservaci\u00f3 dels parcs i de la seva \u00e0rea&hellip;  <a href=\"https:\/\/agora.xtec.cat\/ceipvistaalegre\/pagina-dinici-buida\/educacio-ambiental\/\" title=\"Read Educaci\u00f3 Ambiental\">Llegeix m\u00e9s\u00bb<\/a><\/p>\n","protected":false},"author":1,"featured_media":0,"parent":9,"menu_order":0,"comment_status":"closed","ping_status":"closed","template":"page-templates\/side-menu.php","meta":{"_bbp_topic_count":0,"_bbp_reply_count":0,"_bbp_total_topic_count":0,"_bbp_total_reply_count":0,"_bbp_voice_count":0,"_bbp_anonymous_reply_count":0,"_bbp_topic_count_hidden":0,"_bbp_reply_count_hidden":0,"_bbp_forum_subforum_count":0,"footnotes":""},"class_list":["post-7845","page","type-page","status-publish","hentry"],"post_mailing_queue_ids":[],"_links":{"self":[{"href":"https:\/\/agora.xtec.cat\/ceipvistaalegre\/wp-json\/wp\/v2\/pages\/7845","targetHints":{"allow":["GET"]}}],"collection":[{"href":"https:\/\/agora.xtec.cat\/ceipvistaalegre\/wp-json\/wp\/v2\/pages"}],"about":[{"href":"https:\/\/agora.xtec.cat\/ceipvistaalegre\/wp-json\/wp\/v2\/types\/page"}],"author":[{"embeddable":true,"href":"https:\/\/agora.xtec.cat\/ceipvistaalegre\/wp-json\/wp\/v2\/users\/1"}],"replies":[{"embeddable":true,"href":"https:\/\/agora.xtec.cat\/ceipvistaalegre\/wp-json\/wp\/v2\/comments?post=7845"}],"version-history":[{"count":3,"href":"https:\/\/agora.xtec.cat\/ceipvistaalegre\/wp-json\/wp\/v2\/pages\/7845\/revisions"}],"predecessor-version":[{"id":7947,"href":"https:\/\/agora.xtec.cat\/ceipvistaalegre\/wp-json\/wp\/v2\/pages\/7845\/revisions\/7947"}],"up":[{"embeddable":true,"href":"https:\/\/agora.xtec.cat\/ceipvistaalegre\/wp-json\/wp\/v2\/pages\/9"}],"wp:attachment":[{"href":"https:\/\/agora.xtec.cat\/ceipvistaalegre\/wp-json\/wp\/v2\/media?parent=7845"}],"curies":[{"name":"wp","href":"https:\/\/api.w.org\/{rel}","templated":true}]}}