{"id":7843,"date":"2022-11-03T12:59:35","date_gmt":"2022-11-03T11:59:35","guid":{"rendered":"https:\/\/agora.xtec.cat\/ceipvistaalegre\/?page_id=7843"},"modified":"2026-01-26T13:48:10","modified_gmt":"2026-01-26T12:48:10","slug":"pevencio-i-civisme","status":"publish","type":"page","link":"https:\/\/agora.xtec.cat\/ceipvistaalegre\/pagina-dinici-buida\/pevencio-i-civisme\/","title":{"rendered":"Prevenci\u00f3 i Civisme"},"content":{"rendered":"<p>La Policia Local de Matar\u00f3 duu any rera any a les escoles de la ciutat, una important labor preventiva en mat\u00e8ria de seguretat vial. Els tallers d&#8217;educaci\u00f3 vial impartits entre els alumnes de prim\u00e0ria, els ajuden a formar-los com vianants, conductors de bicicletes i passatgers de vehicles, a m\u00e9s se&#8217;ls facilita millor un coneixement del seu entorn m\u00e9s pr\u00f2xim, tot aix\u00f2 enfocat a con\u00e8ixer els possibles perill i com evitar-los. Aquest \u00e9s un programa continu que abasta a totes les edats. Els seus objectius espec\u00edfics variaran en funci\u00f3 de les caracter\u00edstiques de cada edat.<\/p>\n<p><strong>Tallers i activitats:<\/strong><\/p>\n<p>1r &#8211; El meu amic policia<\/p>\n<p>2n: El bon vianant.<\/p>\n<p>3r: Els bombers<\/p>\n<p>5\u00e8. La bicicleta<\/p>\n<p>6\u00e8: Xerrada sobre el bullying<\/p>\n","protected":false},"excerpt":{"rendered":"<p>La Policia Local de Matar\u00f3 duu any rera any a les escoles de la ciutat, una important labor preventiva en mat\u00e8ria de seguretat vial. Els tallers d&#8217;educaci\u00f3 vial impartits entre els alumnes de prim\u00e0ria, els ajuden a formar-los com vianants, conductors de bicicletes i passatgers&hellip;  <a href=\"https:\/\/agora.xtec.cat\/ceipvistaalegre\/pagina-dinici-buida\/pevencio-i-civisme\/\" title=\"Read Prevenci\u00f3 i Civisme\">Llegeix m\u00e9s\u00bb<\/a><\/p>\n","protected":false},"author":1,"featured_media":0,"parent":9,"menu_order":0,"comment_status":"closed","ping_status":"closed","template":"page-templates\/side-menu.php","meta":{"_bbp_topic_count":0,"_bbp_reply_count":0,"_bbp_total_topic_count":0,"_bbp_total_reply_count":0,"_bbp_voice_count":0,"_bbp_anonymous_reply_count":0,"_bbp_topic_count_hidden":0,"_bbp_reply_count_hidden":0,"_bbp_forum_subforum_count":0,"footnotes":""},"class_list":["post-7843","page","type-page","status-publish","hentry"],"post_mailing_queue_ids":[],"_links":{"self":[{"href":"https:\/\/agora.xtec.cat\/ceipvistaalegre\/wp-json\/wp\/v2\/pages\/7843","targetHints":{"allow":["GET"]}}],"collection":[{"href":"https:\/\/agora.xtec.cat\/ceipvistaalegre\/wp-json\/wp\/v2\/pages"}],"about":[{"href":"https:\/\/agora.xtec.cat\/ceipvistaalegre\/wp-json\/wp\/v2\/types\/page"}],"author":[{"embeddable":true,"href":"https:\/\/agora.xtec.cat\/ceipvistaalegre\/wp-json\/wp\/v2\/users\/1"}],"replies":[{"embeddable":true,"href":"https:\/\/agora.xtec.cat\/ceipvistaalegre\/wp-json\/wp\/v2\/comments?post=7843"}],"version-history":[{"count":3,"href":"https:\/\/agora.xtec.cat\/ceipvistaalegre\/wp-json\/wp\/v2\/pages\/7843\/revisions"}],"predecessor-version":[{"id":12127,"href":"https:\/\/agora.xtec.cat\/ceipvistaalegre\/wp-json\/wp\/v2\/pages\/7843\/revisions\/12127"}],"up":[{"embeddable":true,"href":"https:\/\/agora.xtec.cat\/ceipvistaalegre\/wp-json\/wp\/v2\/pages\/9"}],"wp:attachment":[{"href":"https:\/\/agora.xtec.cat\/ceipvistaalegre\/wp-json\/wp\/v2\/media?parent=7843"}],"curies":[{"name":"wp","href":"https:\/\/api.w.org\/{rel}","templated":true}]}}