{"id":77,"date":"2014-09-18T14:05:08","date_gmt":"2014-09-18T13:05:08","guid":{"rendered":"http:\/\/agora.xtec.cat\/ceipvistaalegre\/?page_id=77"},"modified":"2023-01-27T10:52:21","modified_gmt":"2023-01-27T09:52:21","slug":"acollida","status":"publish","type":"page","link":"https:\/\/agora.xtec.cat\/ceipvistaalegre\/acollida\/","title":{"rendered":"Acollida matinal"},"content":{"rendered":"<p><a href=\"https:\/\/agora.xtec.cat\/ceipvistaalegre\/wp-content\/uploads\/usu1936\/2023\/01\/Logo-Enlleurat.jpg\"><img loading=\"lazy\" decoding=\"async\" class=\" wp-image-8262 aligncenter\" src=\"https:\/\/agora.xtec.cat\/ceipvistaalegre\/wp-content\/uploads\/usu1936\/2023\/01\/Logo-Enlleurat.jpg\" alt=\"\" width=\"169\" height=\"169\" srcset=\"https:\/\/agora.xtec.cat\/ceipvistaalegre\/wp-content\/uploads\/usu1936\/2023\/01\/Logo-Enlleurat.jpg 500w, https:\/\/agora.xtec.cat\/ceipvistaalegre\/wp-content\/uploads\/usu1936\/2023\/01\/Logo-Enlleurat-300x300.jpg 300w, https:\/\/agora.xtec.cat\/ceipvistaalegre\/wp-content\/uploads\/usu1936\/2023\/01\/Logo-Enlleurat-150x150.jpg 150w\" sizes=\"auto, (max-width: 169px) 100vw, 169px\" \/><\/a><\/p>\n<p>L\u2019acollida matinal i es planteja com <strong>un espai<\/strong><b> lu\u0301dic on l\u2019infant se senti c\u00f2mode i sigui el m\u00e0xim protagonista.<\/b><\/p>\n<p><a href=\"https:\/\/agora.xtec.cat\/ceipvistaalegre\/wp-content\/uploads\/usu1936\/2023\/01\/Acollida-matinal.jpg\"><img loading=\"lazy\" decoding=\"async\" class=\" wp-image-8263 aligncenter\" src=\"https:\/\/agora.xtec.cat\/ceipvistaalegre\/wp-content\/uploads\/usu1936\/2023\/01\/Acollida-matinal-771x1024.jpg\" alt=\"\" width=\"205\" height=\"272\" srcset=\"https:\/\/agora.xtec.cat\/ceipvistaalegre\/wp-content\/uploads\/usu1936\/2023\/01\/Acollida-matinal-771x1024.jpg 771w, https:\/\/agora.xtec.cat\/ceipvistaalegre\/wp-content\/uploads\/usu1936\/2023\/01\/Acollida-matinal-226x300.jpg 226w, https:\/\/agora.xtec.cat\/ceipvistaalegre\/wp-content\/uploads\/usu1936\/2023\/01\/Acollida-matinal-768x1020.jpg 768w, https:\/\/agora.xtec.cat\/ceipvistaalegre\/wp-content\/uploads\/usu1936\/2023\/01\/Acollida-matinal-1157x1536.jpg 1157w, https:\/\/agora.xtec.cat\/ceipvistaalegre\/wp-content\/uploads\/usu1936\/2023\/01\/Acollida-matinal.jpg 1536w\" sizes=\"auto, (max-width: 205px) 100vw, 205px\" \/><\/a><\/p>\n<p>\u00c9s un servei adre\u00e7at a les fam\u00edlies de l&#8217;escola que, per diversos motius, necessiten l&#8217;acollida dels seus fills i filles abans de l&#8217;entrada de les classes, amb un horari des de les <strong>7:45 h. fins a les 9:00 h<\/strong>.<\/p>\n<p><a href=\"https:\/\/agora.xtec.cat\/ceipvistaalegre\/wp-content\/uploads\/usu1936\/2023\/01\/Acollida-matinal-2.jpg\"><img loading=\"lazy\" decoding=\"async\" class=\"aligncenter wp-image-8264\" src=\"https:\/\/agora.xtec.cat\/ceipvistaalegre\/wp-content\/uploads\/usu1936\/2023\/01\/Acollida-matinal-2-771x1024.jpg\" alt=\"\" width=\"205\" height=\"272\" srcset=\"https:\/\/agora.xtec.cat\/ceipvistaalegre\/wp-content\/uploads\/usu1936\/2023\/01\/Acollida-matinal-2-771x1024.jpg 771w, https:\/\/agora.xtec.cat\/ceipvistaalegre\/wp-content\/uploads\/usu1936\/2023\/01\/Acollida-matinal-2-226x300.jpg 226w, https:\/\/agora.xtec.cat\/ceipvistaalegre\/wp-content\/uploads\/usu1936\/2023\/01\/Acollida-matinal-2-768x1020.jpg 768w, https:\/\/agora.xtec.cat\/ceipvistaalegre\/wp-content\/uploads\/usu1936\/2023\/01\/Acollida-matinal-2-1157x1536.jpg 1157w, https:\/\/agora.xtec.cat\/ceipvistaalegre\/wp-content\/uploads\/usu1936\/2023\/01\/Acollida-matinal-2.jpg 1536w\" sizes=\"auto, (max-width: 205px) 100vw, 205px\" \/><\/a><\/p>\n<p>&nbsp;<\/p>\n","protected":false},"excerpt":{"rendered":"<p><a href=\"https:\/\/agora.xtec.cat\/ceipvistaalegre\/wp-content\/uploads\/usu1936\/2023\/01\/Logo-Enlleurat.jpg\"><\/a><br \/>\nL\u2019acollida matinal i es planteja com un espai lu\u0301dic on l\u2019infant se senti c\u00f2mode i sigui el m\u00e0xim protagonista.<br \/>\n<a href=\"https:\/\/agora.xtec.cat\/ceipvistaalegre\/wp-content\/uploads\/usu1936\/2023\/01\/Acollida-matinal.jpg\"><\/a><br \/>\n\u00c9s un servei adre\u00e7at a les fam\u00edlies de l&#8217;escola que, per diversos motius, necessiten l&#8217;acollida dels seus fills i filles abans de l&#8217;entrada de les&hellip;  <a href=\"https:\/\/agora.xtec.cat\/ceipvistaalegre\/acollida\/\" title=\"Read Acollida matinal\">Llegeix m\u00e9s\u00bb<\/a><\/p>\n","protected":false},"author":1,"featured_media":0,"parent":0,"menu_order":20,"comment_status":"closed","ping_status":"closed","template":"page-templates\/side-menu.php","meta":{"_bbp_topic_count":0,"_bbp_reply_count":0,"_bbp_total_topic_count":0,"_bbp_total_reply_count":0,"_bbp_voice_count":0,"_bbp_anonymous_reply_count":0,"_bbp_topic_count_hidden":0,"_bbp_reply_count_hidden":0,"_bbp_forum_subforum_count":0,"footnotes":""},"class_list":["post-77","page","type-page","status-publish","hentry"],"post_mailing_queue_ids":[],"_links":{"self":[{"href":"https:\/\/agora.xtec.cat\/ceipvistaalegre\/wp-json\/wp\/v2\/pages\/77","targetHints":{"allow":["GET"]}}],"collection":[{"href":"https:\/\/agora.xtec.cat\/ceipvistaalegre\/wp-json\/wp\/v2\/pages"}],"about":[{"href":"https:\/\/agora.xtec.cat\/ceipvistaalegre\/wp-json\/wp\/v2\/types\/page"}],"author":[{"embeddable":true,"href":"https:\/\/agora.xtec.cat\/ceipvistaalegre\/wp-json\/wp\/v2\/users\/1"}],"replies":[{"embeddable":true,"href":"https:\/\/agora.xtec.cat\/ceipvistaalegre\/wp-json\/wp\/v2\/comments?post=77"}],"version-history":[{"count":3,"href":"https:\/\/agora.xtec.cat\/ceipvistaalegre\/wp-json\/wp\/v2\/pages\/77\/revisions"}],"predecessor-version":[{"id":8266,"href":"https:\/\/agora.xtec.cat\/ceipvistaalegre\/wp-json\/wp\/v2\/pages\/77\/revisions\/8266"}],"wp:attachment":[{"href":"https:\/\/agora.xtec.cat\/ceipvistaalegre\/wp-json\/wp\/v2\/media?parent=77"}],"curies":[{"name":"wp","href":"https:\/\/api.w.org\/{rel}","templated":true}]}}

<p><a href="https://agora.xtec.cat/ceipvistaalegre/wp-content/uploads/usu1936/2023/01/Logo-Enlleurat.jpg"><img loading="lazy" decoding="async" class=" wp-image-8262 aligncenter" src="https://agora.xtec.cat/ceipvistaalegre/wp-content/uploads/usu1936/2023/01/Logo-Enlleurat.jpg" alt="" width="169" height="169" srcset="https://agora.xtec.cat/ceipvistaalegre/wp-content/uploads/usu1936/2023/01/Logo-Enlleurat.jpg 500w, https://agora.xtec.cat/ceipvistaalegre/wp-content/uploads/usu1936/2023/01/Logo-Enlleurat-300x300.jpg 300w, https://agora.xtec.cat/ceipvistaalegre/wp-content/uploads/usu1936/2023/01/Logo-Enlleurat-150x150.jpg 150w" sizes="auto, (max-width: 169px) 100vw, 169px" /></a></p>
<p>L’acollida matinal i es planteja com <strong>un espai</strong><b> lúdic on l’infant se senti còmode i sigui el màxim protagonista.</b></p>
<p><a href="https://agora.xtec.cat/ceipvistaalegre/wp-content/uploads/usu1936/2023/01/Acollida-matinal.jpg"><img loading="lazy" decoding="async" class=" wp-image-8263 aligncenter" src="https://agora.xtec.cat/ceipvistaalegre/wp-content/uploads/usu1936/2023/01/Acollida-matinal-771x1024.jpg" alt="" width="205" height="272" srcset="https://agora.xtec.cat/ceipvistaalegre/wp-content/uploads/usu1936/2023/01/Acollida-matinal-771x1024.jpg 771w, https://agora.xtec.cat/ceipvistaalegre/wp-content/uploads/usu1936/2023/01/Acollida-matinal-226x300.jpg 226w, https://agora.xtec.cat/ceipvistaalegre/wp-content/uploads/usu1936/2023/01/Acollida-matinal-768x1020.jpg 768w, https://agora.xtec.cat/ceipvistaalegre/wp-content/uploads/usu1936/2023/01/Acollida-matinal-1157x1536.jpg 1157w, https://agora.xtec.cat/ceipvistaalegre/wp-content/uploads/usu1936/2023/01/Acollida-matinal.jpg 1536w" sizes="auto, (max-width: 205px) 100vw, 205px" /></a></p>
<p>És un servei adreçat a les famílies de l&#8217;escola que, per diversos motius, necessiten l&#8217;acollida dels seus fills i filles abans de l&#8217;entrada de les classes, amb un horari des de les <strong>7:45 h. fins a les 9:00 h</strong>.</p>
<p><a href="https://agora.xtec.cat/ceipvistaalegre/wp-content/uploads/usu1936/2023/01/Acollida-matinal-2.jpg"><img loading="lazy" decoding="async" class="aligncenter wp-image-8264" src="https://agora.xtec.cat/ceipvistaalegre/wp-content/uploads/usu1936/2023/01/Acollida-matinal-2-771x1024.jpg" alt="" width="205" height="272" srcset="https://agora.xtec.cat/ceipvistaalegre/wp-content/uploads/usu1936/2023/01/Acollida-matinal-2-771x1024.jpg 771w, https://agora.xtec.cat/ceipvistaalegre/wp-content/uploads/usu1936/2023/01/Acollida-matinal-2-226x300.jpg 226w, https://agora.xtec.cat/ceipvistaalegre/wp-content/uploads/usu1936/2023/01/Acollida-matinal-2-768x1020.jpg 768w, https://agora.xtec.cat/ceipvistaalegre/wp-content/uploads/usu1936/2023/01/Acollida-matinal-2-1157x1536.jpg 1157w, https://agora.xtec.cat/ceipvistaalegre/wp-content/uploads/usu1936/2023/01/Acollida-matinal-2.jpg 1536w" sizes="auto, (max-width: 205px) 100vw, 205px" /></a></p>
<p>&nbsp;</p>

<p><a href="https://agora.xtec.cat/ceipvistaalegre/wp-content/uploads/usu1936/2023/01/Logo-Enlleurat.jpg"></a><br />
L’acollida matinal i es planteja com un espai lúdic on l’infant se senti còmode i sigui el màxim protagonista.<br />
<a href="https://agora.xtec.cat/ceipvistaalegre/wp-content/uploads/usu1936/2023/01/Acollida-matinal.jpg"></a><br />
És un servei adreçat a les famílies de l&#8217;escola que, per diversos motius, necessiten l&#8217;acollida dels seus fills i filles abans de l&#8217;entrada de les&hellip;  <a href="https://agora.xtec.cat/ceipvistaalegre/acollida/" title="Read Acollida matinal">Llegeix més»</a></p>
