{"id":73,"date":"2014-09-18T14:01:51","date_gmt":"2014-09-18T13:01:51","guid":{"rendered":"http:\/\/agora.xtec.cat\/ceipvistaalegre\/?page_id=73"},"modified":"2023-01-27T11:55:34","modified_gmt":"2023-01-27T10:55:34","slug":"menjador-escolar","status":"publish","type":"page","link":"https:\/\/agora.xtec.cat\/ceipvistaalegre\/menjador-escolar\/","title":{"rendered":"Menjador escolar"},"content":{"rendered":"<p>L&#8217;escola Vista Alegre disposa de menjador propi des de febrer de l&#8217;any 2016. Treballem amb l&#8217;empresa <a href=\"http:\/\/www.saned.net\/\">SANED<\/a><\/p>\n<p>El servei de menjador t\u00e9 una funci\u00f3 d&#8217;alimentaci\u00f3 i nutrici\u00f3, per\u00f2 tamb\u00e9 t\u00e9 una funci\u00f3 de car\u00e0cter educatiu, considerant la taula i el temps d&#8217;oci en moments de conviv\u00e8ncia. D&#8217;altra banda, \u00e9s un servei voluntari, i la participaci\u00f3 ha d&#8217;exigir el compliment de les normes de conviv\u00e8ncia establertes a les NOFC i a la informaci\u00f3 d&#8217;\u00fas de menjador.<\/p>\n<p>Els objectius s\u00f3n:<\/p>\n<ul>\n<li>Prestar servei de menjador a les fam\u00edlies que ho necessitin.<\/li>\n<li>Desenvolupar h\u00e0bits i actituds saludables a l&#8217;alumnat en relaci\u00f3 a l&#8217;alimentaci\u00f3.<\/li>\n<li>Garantir una dieta sana i equilibrada.<\/li>\n<li>Afavorir la salut al proc\u00e9s de creixement de l&#8217;alumnat.<\/li>\n<li>Promoure l&#8217;adaptaci\u00f3 de l&#8217;alumnat a una diversitat de men\u00fas.<\/li>\n<li>Desenvolupar h\u00e0bits d&#8217;\u00fas adequat d&#8217;instruments i normes relacionades amb el menjar.<\/li>\n<li>Afavorir la integraci\u00f3 de tot l&#8217;alumnat, desenvolupant habilitats socials relacionades amb l&#8217;oci i el temps lliure, i la conviv\u00e8ncia.<\/li>\n<\/ul>\n<p>Es poden adquirir els tiquets a l&#8217;escola els dilluns, dimecres i divendres de 9:00 a 9:15. El preu del men\u00fa \u00e9s de 6,45 \u20ac pels que facin \u00fas de forma fixa i 6,54 \u20ac pels de manera espor\u00e0dica (<em>curs 22\/23<\/em>)<\/p>\n<p>Coordinadora de menjador: Laura Valls<\/p>\n<p>Tel\u00e8fon de contacte: 653322604<\/p>\n<p><img loading=\"lazy\" decoding=\"async\" class=\"aligncenter\" src=\"https:\/\/agora.xtec.cat\/ceip-prosperitat\/wp-content\/uploads\/usu1724\/2020\/05\/Saned1.jpg\" alt=\"Tallers i receptes Saned | Escola Prosperitat\" width=\"200\" height=\"184\" \/><\/p>\n","protected":false},"excerpt":{"rendered":"<p>L&#8217;escola Vista Alegre disposa de menjador propi des de febrer de l&#8217;any 2016. Treballem amb l&#8217;empresa <a href=\"http:\/\/www.saned.net\/\">SANED<\/a><br \/>\nEl servei de menjador t\u00e9 una funci\u00f3 d&#8217;alimentaci\u00f3 i nutrici\u00f3, per\u00f2 tamb\u00e9 t\u00e9 una funci\u00f3 de car\u00e0cter educatiu, considerant la taula i el temps d&#8217;oci en moments de&hellip;  <a href=\"https:\/\/agora.xtec.cat\/ceipvistaalegre\/menjador-escolar\/\" title=\"Read Menjador escolar\">Llegeix m\u00e9s\u00bb<\/a><\/p>\n","protected":false},"author":1,"featured_media":0,"parent":0,"menu_order":30,"comment_status":"closed","ping_status":"closed","template":"page-templates\/side-menu.php","meta":{"_bbp_topic_count":0,"_bbp_reply_count":0,"_bbp_total_topic_count":0,"_bbp_total_reply_count":0,"_bbp_voice_count":0,"_bbp_anonymous_reply_count":0,"_bbp_topic_count_hidden":0,"_bbp_reply_count_hidden":0,"_bbp_forum_subforum_count":0,"footnotes":""},"class_list":["post-73","page","type-page","status-publish","hentry"],"post_mailing_queue_ids":[],"_links":{"self":[{"href":"https:\/\/agora.xtec.cat\/ceipvistaalegre\/wp-json\/wp\/v2\/pages\/73","targetHints":{"allow":["GET"]}}],"collection":[{"href":"https:\/\/agora.xtec.cat\/ceipvistaalegre\/wp-json\/wp\/v2\/pages"}],"about":[{"href":"https:\/\/agora.xtec.cat\/ceipvistaalegre\/wp-json\/wp\/v2\/types\/page"}],"author":[{"embeddable":true,"href":"https:\/\/agora.xtec.cat\/ceipvistaalegre\/wp-json\/wp\/v2\/users\/1"}],"replies":[{"embeddable":true,"href":"https:\/\/agora.xtec.cat\/ceipvistaalegre\/wp-json\/wp\/v2\/comments?post=73"}],"version-history":[{"count":3,"href":"https:\/\/agora.xtec.cat\/ceipvistaalegre\/wp-json\/wp\/v2\/pages\/73\/revisions"}],"predecessor-version":[{"id":8274,"href":"https:\/\/agora.xtec.cat\/ceipvistaalegre\/wp-json\/wp\/v2\/pages\/73\/revisions\/8274"}],"wp:attachment":[{"href":"https:\/\/agora.xtec.cat\/ceipvistaalegre\/wp-json\/wp\/v2\/media?parent=73"}],"curies":[{"name":"wp","href":"https:\/\/api.w.org\/{rel}","templated":true}]}}

<p>L&#8217;escola Vista Alegre disposa de menjador propi des de febrer de l&#8217;any 2016. Treballem amb l&#8217;empresa <a href="http://www.saned.net/">SANED</a></p>
<p>El servei de menjador té una funció d&#8217;alimentació i nutrició, però també té una funció de caràcter educatiu, considerant la taula i el temps d&#8217;oci en moments de convivència. D&#8217;altra banda, és un servei voluntari, i la participació ha d&#8217;exigir el compliment de les normes de convivència establertes a les NOFC i a la informació d&#8217;ús de menjador.</p>
<p>Els objectius són:</p>
<ul>
<li>Prestar servei de menjador a les famílies que ho necessitin.</li>
<li>Desenvolupar hàbits i actituds saludables a l&#8217;alumnat en relació a l&#8217;alimentació.</li>
<li>Garantir una dieta sana i equilibrada.</li>
<li>Afavorir la salut al procés de creixement de l&#8217;alumnat.</li>
<li>Promoure l&#8217;adaptació de l&#8217;alumnat a una diversitat de menús.</li>
<li>Desenvolupar hàbits d&#8217;ús adequat d&#8217;instruments i normes relacionades amb el menjar.</li>
<li>Afavorir la integració de tot l&#8217;alumnat, desenvolupant habilitats socials relacionades amb l&#8217;oci i el temps lliure, i la convivència.</li>
</ul>
<p>Es poden adquirir els tiquets a l&#8217;escola els dilluns, dimecres i divendres de 9:00 a 9:15. El preu del menú és de 6,45 € pels que facin ús de forma fixa i 6,54 € pels de manera esporàdica (<em>curs 22/23</em>)</p>
<p>Coordinadora de menjador: Laura Valls</p>
<p>Telèfon de contacte: 653322604</p>
<p><img loading="lazy" decoding="async" class="aligncenter" src="https://agora.xtec.cat/ceip-prosperitat/wp-content/uploads/usu1724/2020/05/Saned1.jpg" alt="Tallers i receptes Saned | Escola Prosperitat" width="200" height="184" /></p>

<p>L&#8217;escola Vista Alegre disposa de menjador propi des de febrer de l&#8217;any 2016. Treballem amb l&#8217;empresa <a href="http://www.saned.net/">SANED</a><br />
El servei de menjador té una funció d&#8217;alimentació i nutrició, però també té una funció de caràcter educatiu, considerant la taula i el temps d&#8217;oci en moments de&hellip;  <a href="https://agora.xtec.cat/ceipvistaalegre/menjador-escolar/" title="Read Menjador escolar">Llegeix més»</a></p>
