{"id":695,"date":"2019-03-06T12:58:44","date_gmt":"2019-03-06T11:58:44","guid":{"rendered":"https:\/\/agora.xtec.cat\/ceipvistaalegre\/?page_id=695"},"modified":"2026-01-15T13:23:52","modified_gmt":"2026-01-15T12:23:52","slug":"pla-de-lectura-de-centre","status":"publish","type":"page","link":"https:\/\/agora.xtec.cat\/ceipvistaalegre\/projecte-educatiu\/pla-de-lectura-de-centre\/","title":{"rendered":"Pla de Lectura de Centre"},"content":{"rendered":"<p>La lectura, com a base d\u2019altres aprenentatges, esdev\u00e9 un factor fonamental per a l\u2019adquisici\u00f3 i desenvolupament de les compet\u00e8ncies b\u00e0siques. Per aix\u00f2, la lectura \u00e9s una prioritat a la nostra escola centres. Per tal de millorar la coher\u00e8ncia pedag\u00f2gica, disposem d&#8217;un Pla de lectura de centre (PLEC).<\/p>\n<p>Aquest \u00e9s un document de refer\u00e8ncia per a tota la comunitat educativa, que defineix clarament les l\u00ednies d\u2019actuaci\u00f3 \u2013objectius, metodologia, planificaci\u00f3 d\u2019estrat\u00e8gies, recursos\u2013 que ens proposem per tal d\u2019assegurar la compet\u00e8ncia lectora de l&#8217;alumnat.<\/p>\n<p>Els eixos de la compet\u00e8ncia lectora que hem desenvolupat s\u00f3n: saber llegir, llegir per aprendre i gust per llegir.<\/p>\n<p><strong>ACTIVITATS:<\/strong><\/p>\n<ul>\n<li>Padrins lectors entre 1r i 3r cicle. Els m\u00e9s grans llegeixen contes i acompanyen a llegir als m\u00e9s petits.<\/li>\n<li>30 minuts de lectura di\u00e0ria (a partir de 3r).<\/li>\n<li>Lectura guiada per part dels mestres.<\/li>\n<li>Biblioteca viatgera (1r i 2n). Cada setmana un llibre per llegir a casa.<\/li>\n<li>L&#8217;hora del conte (infantil).<\/li>\n<\/ul>\n<p><a href=\"https:\/\/agora.xtec.cat\/ceipvistaalegre\/wp-content\/uploads\/usu1936\/2026\/01\/1768479194177-scaled-e1768479434536.jpg\"><img loading=\"lazy\" decoding=\"async\" class=\"alignnone  wp-image-12044\" src=\"https:\/\/agora.xtec.cat\/ceipvistaalegre\/wp-content\/uploads\/usu1936\/2026\/01\/1768479194177-scaled-e1768479434536-1024x790.jpg\" alt=\"\" width=\"250\" height=\"193\" srcset=\"https:\/\/agora.xtec.cat\/ceipvistaalegre\/wp-content\/uploads\/usu1936\/2026\/01\/1768479194177-scaled-e1768479434536-1024x790.jpg 1024w, https:\/\/agora.xtec.cat\/ceipvistaalegre\/wp-content\/uploads\/usu1936\/2026\/01\/1768479194177-scaled-e1768479434536-300x231.jpg 300w, https:\/\/agora.xtec.cat\/ceipvistaalegre\/wp-content\/uploads\/usu1936\/2026\/01\/1768479194177-scaled-e1768479434536-768x593.jpg 768w, https:\/\/agora.xtec.cat\/ceipvistaalegre\/wp-content\/uploads\/usu1936\/2026\/01\/1768479194177-scaled-e1768479434536.jpg 1493w\" sizes=\"auto, (max-width: 250px) 100vw, 250px\" \/><\/a><a href=\"https:\/\/agora.xtec.cat\/ceipvistaalegre\/wp-content\/uploads\/usu1936\/2026\/01\/1768479194190-scaled.jpg\"><img loading=\"lazy\" decoding=\"async\" class=\"alignnone  wp-image-12045\" src=\"https:\/\/agora.xtec.cat\/ceipvistaalegre\/wp-content\/uploads\/usu1936\/2026\/01\/1768479194190-scaled-e1768479486842-1024x688.jpg\" alt=\"\" width=\"283\" height=\"190\" srcset=\"https:\/\/agora.xtec.cat\/ceipvistaalegre\/wp-content\/uploads\/usu1936\/2026\/01\/1768479194190-scaled-e1768479486842-1024x688.jpg 1024w, https:\/\/agora.xtec.cat\/ceipvistaalegre\/wp-content\/uploads\/usu1936\/2026\/01\/1768479194190-scaled-e1768479486842-300x202.jpg 300w, https:\/\/agora.xtec.cat\/ceipvistaalegre\/wp-content\/uploads\/usu1936\/2026\/01\/1768479194190-scaled-e1768479486842-768x516.jpg 768w, https:\/\/agora.xtec.cat\/ceipvistaalegre\/wp-content\/uploads\/usu1936\/2026\/01\/1768479194190-scaled-e1768479486842-1536x1032.jpg 1536w, https:\/\/agora.xtec.cat\/ceipvistaalegre\/wp-content\/uploads\/usu1936\/2026\/01\/1768479194190-scaled-e1768479486842.jpg 1715w\" sizes=\"auto, (max-width: 283px) 100vw, 283px\" \/><\/a><\/p>\n<p>&nbsp;<\/p>\n<p>&nbsp;<\/p>\n","protected":false},"excerpt":{"rendered":"<p>La lectura, com a base d\u2019altres aprenentatges, esdev\u00e9 un factor fonamental per a l\u2019adquisici\u00f3 i desenvolupament de les compet\u00e8ncies b\u00e0siques. Per aix\u00f2, la lectura \u00e9s una prioritat a la nostra escola centres. Per tal de millorar la coher\u00e8ncia pedag\u00f2gica, disposem d&#8217;un Pla de lectura de&hellip;  <a href=\"https:\/\/agora.xtec.cat\/ceipvistaalegre\/projecte-educatiu\/pla-de-lectura-de-centre\/\" title=\"Read Pla de Lectura de Centre\">Llegeix m\u00e9s\u00bb<\/a><\/p>\n","protected":false},"author":1,"featured_media":0,"parent":64,"menu_order":0,"comment_status":"closed","ping_status":"closed","template":"page-templates\/side-menu.php","meta":{"_bbp_topic_count":0,"_bbp_reply_count":0,"_bbp_total_topic_count":0,"_bbp_total_reply_count":0,"_bbp_voice_count":0,"_bbp_anonymous_reply_count":0,"_bbp_topic_count_hidden":0,"_bbp_reply_count_hidden":0,"_bbp_forum_subforum_count":0,"footnotes":""},"class_list":["post-695","page","type-page","status-publish","hentry"],"post_mailing_queue_ids":[],"_links":{"self":[{"href":"https:\/\/agora.xtec.cat\/ceipvistaalegre\/wp-json\/wp\/v2\/pages\/695","targetHints":{"allow":["GET"]}}],"collection":[{"href":"https:\/\/agora.xtec.cat\/ceipvistaalegre\/wp-json\/wp\/v2\/pages"}],"about":[{"href":"https:\/\/agora.xtec.cat\/ceipvistaalegre\/wp-json\/wp\/v2\/types\/page"}],"author":[{"embeddable":true,"href":"https:\/\/agora.xtec.cat\/ceipvistaalegre\/wp-json\/wp\/v2\/users\/1"}],"replies":[{"embeddable":true,"href":"https:\/\/agora.xtec.cat\/ceipvistaalegre\/wp-json\/wp\/v2\/comments?post=695"}],"version-history":[{"count":5,"href":"https:\/\/agora.xtec.cat\/ceipvistaalegre\/wp-json\/wp\/v2\/pages\/695\/revisions"}],"predecessor-version":[{"id":12055,"href":"https:\/\/agora.xtec.cat\/ceipvistaalegre\/wp-json\/wp\/v2\/pages\/695\/revisions\/12055"}],"up":[{"embeddable":true,"href":"https:\/\/agora.xtec.cat\/ceipvistaalegre\/wp-json\/wp\/v2\/pages\/64"}],"wp:attachment":[{"href":"https:\/\/agora.xtec.cat\/ceipvistaalegre\/wp-json\/wp\/v2\/media?parent=695"}],"curies":[{"name":"wp","href":"https:\/\/api.w.org\/{rel}","templated":true}]}}

<p>La lectura, com a base d’altres aprenentatges, esdevé un factor fonamental per a l’adquisició i desenvolupament de les competències bàsiques. Per això, la lectura és una prioritat a la nostra escola centres. Per tal de millorar la coherència pedagògica, disposem d&#8217;un Pla de lectura de centre (PLEC).</p>
<p>Aquest és un document de referència per a tota la comunitat educativa, que defineix clarament les línies d’actuació –objectius, metodologia, planificació d’estratègies, recursos– que ens proposem per tal d’assegurar la competència lectora de l&#8217;alumnat.</p>
<p>Els eixos de la competència lectora que hem desenvolupat són: saber llegir, llegir per aprendre i gust per llegir.</p>
<p><strong>ACTIVITATS:</strong></p>
<ul>
<li>Padrins lectors entre 1r i 3r cicle. Els més grans llegeixen contes i acompanyen a llegir als més petits.</li>
<li>30 minuts de lectura diària (a partir de 3r).</li>
<li>Lectura guiada per part dels mestres.</li>
<li>Biblioteca viatgera (1r i 2n). Cada setmana un llibre per llegir a casa.</li>
<li>L&#8217;hora del conte (infantil).</li>
</ul>
<p><a href="https://agora.xtec.cat/ceipvistaalegre/wp-content/uploads/usu1936/2026/01/1768479194177-scaled-e1768479434536.jpg"><img loading="lazy" decoding="async" class="alignnone  wp-image-12044" src="https://agora.xtec.cat/ceipvistaalegre/wp-content/uploads/usu1936/2026/01/1768479194177-scaled-e1768479434536-1024x790.jpg" alt="" width="250" height="193" srcset="https://agora.xtec.cat/ceipvistaalegre/wp-content/uploads/usu1936/2026/01/1768479194177-scaled-e1768479434536-1024x790.jpg 1024w, https://agora.xtec.cat/ceipvistaalegre/wp-content/uploads/usu1936/2026/01/1768479194177-scaled-e1768479434536-300x231.jpg 300w, https://agora.xtec.cat/ceipvistaalegre/wp-content/uploads/usu1936/2026/01/1768479194177-scaled-e1768479434536-768x593.jpg 768w, https://agora.xtec.cat/ceipvistaalegre/wp-content/uploads/usu1936/2026/01/1768479194177-scaled-e1768479434536.jpg 1493w" sizes="auto, (max-width: 250px) 100vw, 250px" /></a><a href="https://agora.xtec.cat/ceipvistaalegre/wp-content/uploads/usu1936/2026/01/1768479194190-scaled.jpg"><img loading="lazy" decoding="async" class="alignnone  wp-image-12045" src="https://agora.xtec.cat/ceipvistaalegre/wp-content/uploads/usu1936/2026/01/1768479194190-scaled-e1768479486842-1024x688.jpg" alt="" width="283" height="190" srcset="https://agora.xtec.cat/ceipvistaalegre/wp-content/uploads/usu1936/2026/01/1768479194190-scaled-e1768479486842-1024x688.jpg 1024w, https://agora.xtec.cat/ceipvistaalegre/wp-content/uploads/usu1936/2026/01/1768479194190-scaled-e1768479486842-300x202.jpg 300w, https://agora.xtec.cat/ceipvistaalegre/wp-content/uploads/usu1936/2026/01/1768479194190-scaled-e1768479486842-768x516.jpg 768w, https://agora.xtec.cat/ceipvistaalegre/wp-content/uploads/usu1936/2026/01/1768479194190-scaled-e1768479486842-1536x1032.jpg 1536w, https://agora.xtec.cat/ceipvistaalegre/wp-content/uploads/usu1936/2026/01/1768479194190-scaled-e1768479486842.jpg 1715w" sizes="auto, (max-width: 283px) 100vw, 283px" /></a></p>
<p>&nbsp;</p>
<p>&nbsp;</p>

<p>La lectura, com a base d’altres aprenentatges, esdevé un factor fonamental per a l’adquisició i desenvolupament de les competències bàsiques. Per això, la lectura és una prioritat a la nostra escola centres. Per tal de millorar la coherència pedagògica, disposem d&#8217;un Pla de lectura de&hellip;  <a href="https://agora.xtec.cat/ceipvistaalegre/projecte-educatiu/pla-de-lectura-de-centre/" title="Read Pla de Lectura de Centre">Llegeix més»</a></p>
