{"id":66,"date":"2014-09-18T12:40:47","date_gmt":"2014-09-18T11:40:47","guid":{"rendered":"http:\/\/agora.xtec.cat\/ceipvistaalegre\/?page_id=66"},"modified":"2019-03-06T13:42:30","modified_gmt":"2019-03-06T12:42:30","slug":"serveis","status":"publish","type":"page","link":"https:\/\/agora.xtec.cat\/ceipvistaalegre\/serveis\/","title":{"rendered":"Festes"},"content":{"rendered":"<p><span style=\"font-size: medium;\"><span lang=\"CA\">Les festes tradicionals ens permeten fomentar en els nens i les nenes el coneixement, el respecte i el gaudiment de les mateixes.\u00a0<\/span><\/span>Busquem que aquestes festes compartides entre tota la comunitat educativa, reforcin la vida de l&#8217;escola.<\/p>\n<p><span style=\"font-size: medium;\"><span lang=\"CA\">Tota festa afavoreix un espai de conviv\u00e8ncia, de cohesi\u00f3 social, i aix\u00ed les entenem: com un eix que ens permet treballar valors (la solidaritat, la pau, l\u2019altruisme&#8230;) concretant en diverses activitats que fomenten actituds positives.\u00a0<\/span><\/span><span style=\"font-size: medium;\"><span lang=\"CA\">El nostre objectiu general en cadascuna d\u2019elles \u00e9s, sempre, crear un espai i unes activitats afavoridores de la conviv\u00e8ncia.\u00a0<\/span><\/span><span style=\"font-size: medium;\"><span lang=\"CA\">Aix\u00ed tamb\u00e9, anem creant un marc de refer\u00e8ncia com\u00fa a tot el nostre alumnat, al voltant d\u2019aquest calendari festiu que serveix com element cohesionador.<\/span><\/span><\/p>\n","protected":false},"excerpt":{"rendered":"<p>Les festes tradicionals ens permeten fomentar en els nens i les nenes el coneixement, el respecte i el gaudiment de les mateixes.\u00a0Busquem que aquestes festes compartides entre tota la comunitat educativa, reforcin la vida de l&#8217;escola.<br \/>\nTota festa afavoreix un espai de conviv\u00e8ncia, de cohesi\u00f3 social,&hellip;  <a href=\"https:\/\/agora.xtec.cat\/ceipvistaalegre\/serveis\/\" title=\"Read Festes\">Llegeix m\u00e9s\u00bb<\/a><\/p>\n","protected":false},"author":1,"featured_media":0,"parent":0,"menu_order":0,"comment_status":"closed","ping_status":"closed","template":"","meta":{"_bbp_topic_count":0,"_bbp_reply_count":0,"_bbp_total_topic_count":0,"_bbp_total_reply_count":0,"_bbp_voice_count":0,"_bbp_anonymous_reply_count":0,"_bbp_topic_count_hidden":0,"_bbp_reply_count_hidden":0,"_bbp_forum_subforum_count":0,"footnotes":""},"class_list":["post-66","page","type-page","status-publish","hentry"],"post_mailing_queue_ids":[],"_links":{"self":[{"href":"https:\/\/agora.xtec.cat\/ceipvistaalegre\/wp-json\/wp\/v2\/pages\/66","targetHints":{"allow":["GET"]}}],"collection":[{"href":"https:\/\/agora.xtec.cat\/ceipvistaalegre\/wp-json\/wp\/v2\/pages"}],"about":[{"href":"https:\/\/agora.xtec.cat\/ceipvistaalegre\/wp-json\/wp\/v2\/types\/page"}],"author":[{"embeddable":true,"href":"https:\/\/agora.xtec.cat\/ceipvistaalegre\/wp-json\/wp\/v2\/users\/1"}],"replies":[{"embeddable":true,"href":"https:\/\/agora.xtec.cat\/ceipvistaalegre\/wp-json\/wp\/v2\/comments?post=66"}],"version-history":[{"count":3,"href":"https:\/\/agora.xtec.cat\/ceipvistaalegre\/wp-json\/wp\/v2\/pages\/66\/revisions"}],"predecessor-version":[{"id":721,"href":"https:\/\/agora.xtec.cat\/ceipvistaalegre\/wp-json\/wp\/v2\/pages\/66\/revisions\/721"}],"wp:attachment":[{"href":"https:\/\/agora.xtec.cat\/ceipvistaalegre\/wp-json\/wp\/v2\/media?parent=66"}],"curies":[{"name":"wp","href":"https:\/\/api.w.org\/{rel}","templated":true}]}}

<p><span style="font-size: medium;"><span lang="CA">Les festes tradicionals ens permeten fomentar en els nens i les nenes el coneixement, el respecte i el gaudiment de les mateixes. </span></span>Busquem que aquestes festes compartides entre tota la comunitat educativa, reforcin la vida de l&#8217;escola.</p>
<p><span style="font-size: medium;"><span lang="CA">Tota festa afavoreix un espai de convivència, de cohesió social, i així les entenem: com un eix que ens permet treballar valors (la solidaritat, la pau, l’altruisme&#8230;) concretant en diverses activitats que fomenten actituds positives. </span></span><span style="font-size: medium;"><span lang="CA">El nostre objectiu general en cadascuna d’elles és, sempre, crear un espai i unes activitats afavoridores de la convivència. </span></span><span style="font-size: medium;"><span lang="CA">Així també, anem creant un marc de referència comú a tot el nostre alumnat, al voltant d’aquest calendari festiu que serveix com element cohesionador.</span></span></p>

<p>Les festes tradicionals ens permeten fomentar en els nens i les nenes el coneixement, el respecte i el gaudiment de les mateixes. Busquem que aquestes festes compartides entre tota la comunitat educativa, reforcin la vida de l&#8217;escola.<br />
Tota festa afavoreix un espai de convivència, de cohesió social,&hellip;  <a href="https://agora.xtec.cat/ceipvistaalegre/serveis/" title="Read Festes">Llegeix més»</a></p>
