{"id":642,"date":"2019-02-27T13:30:47","date_gmt":"2019-02-27T12:30:47","guid":{"rendered":"https:\/\/agora.xtec.cat\/ceipvistaalegre\/?page_id=642"},"modified":"2026-01-29T12:52:57","modified_gmt":"2026-01-29T11:52:57","slug":"sant-jordi","status":"publish","type":"page","link":"https:\/\/agora.xtec.cat\/ceipvistaalegre\/serveis\/sant-jordi\/","title":{"rendered":"Sant Jordi a l&#8217;Escola: Lletres, Roses i molta M\u00e0gia."},"content":{"rendered":"<p>Quan arriba el 23 d&#8217;abril, la nostra escola es transforma. Els passadissos s&#8217;omplen de l&#8217;olor de les roses i aquella il\u00b7lusi\u00f3 compartida que fa que aquesta diada sigui una de les m\u00e9s especials de l&#8217;any.<\/p>\n<p>Sant Jordi no \u00e9s nom\u00e9s llibres i flors; \u00e9s una festa de la cultura en maj\u00fascules. Durant la setmana cultural podem gaudim de tallers creatius, jocs florals, recitals literaris&#8230;,<\/p>\n<p>Vols saber com la vivim?<\/p>\n<p><img loading=\"lazy\" decoding=\"async\" class=\"aligncenter\" src=\"https:\/\/upload.wikimedia.org\/wikipedia\/commons\/thumb\/6\/60\/BIG_184232912040411.jpg\/220px-BIG_184232912040411.jpg\" width=\"316\" height=\"474\" \/><\/p>\n","protected":false},"excerpt":{"rendered":"<p>Quan arriba el 23 d&#8217;abril, la nostra escola es transforma. Els passadissos s&#8217;omplen de l&#8217;olor de les roses i aquella il\u00b7lusi\u00f3 compartida que fa que aquesta diada sigui una de les m\u00e9s especials de l&#8217;any.<br \/>\nSant Jordi no \u00e9s nom\u00e9s llibres i flors; \u00e9s una festa&hellip;  <a href=\"https:\/\/agora.xtec.cat\/ceipvistaalegre\/serveis\/sant-jordi\/\" title=\"Read Sant Jordi a l&#8217;Escola: Lletres, Roses i molta M\u00e0gia.\">Llegeix m\u00e9s\u00bb<\/a><\/p>\n","protected":false},"author":1,"featured_media":0,"parent":66,"menu_order":0,"comment_status":"closed","ping_status":"closed","template":"page-templates\/side-menu.php","meta":{"_bbp_topic_count":0,"_bbp_reply_count":0,"_bbp_total_topic_count":0,"_bbp_total_reply_count":0,"_bbp_voice_count":0,"_bbp_anonymous_reply_count":0,"_bbp_topic_count_hidden":0,"_bbp_reply_count_hidden":0,"_bbp_forum_subforum_count":0,"footnotes":""},"class_list":["post-642","page","type-page","status-publish","hentry"],"post_mailing_queue_ids":[],"_links":{"self":[{"href":"https:\/\/agora.xtec.cat\/ceipvistaalegre\/wp-json\/wp\/v2\/pages\/642","targetHints":{"allow":["GET"]}}],"collection":[{"href":"https:\/\/agora.xtec.cat\/ceipvistaalegre\/wp-json\/wp\/v2\/pages"}],"about":[{"href":"https:\/\/agora.xtec.cat\/ceipvistaalegre\/wp-json\/wp\/v2\/types\/page"}],"author":[{"embeddable":true,"href":"https:\/\/agora.xtec.cat\/ceipvistaalegre\/wp-json\/wp\/v2\/users\/1"}],"replies":[{"embeddable":true,"href":"https:\/\/agora.xtec.cat\/ceipvistaalegre\/wp-json\/wp\/v2\/comments?post=642"}],"version-history":[{"count":5,"href":"https:\/\/agora.xtec.cat\/ceipvistaalegre\/wp-json\/wp\/v2\/pages\/642\/revisions"}],"predecessor-version":[{"id":12077,"href":"https:\/\/agora.xtec.cat\/ceipvistaalegre\/wp-json\/wp\/v2\/pages\/642\/revisions\/12077"}],"up":[{"embeddable":true,"href":"https:\/\/agora.xtec.cat\/ceipvistaalegre\/wp-json\/wp\/v2\/pages\/66"}],"wp:attachment":[{"href":"https:\/\/agora.xtec.cat\/ceipvistaalegre\/wp-json\/wp\/v2\/media?parent=642"}],"curies":[{"name":"wp","href":"https:\/\/api.w.org\/{rel}","templated":true}]}}

Sant Jordi a l&#8217;Escola: Lletres, Roses i molta Màgia.

<p>Quan arriba el 23 d&#8217;abril, la nostra escola es transforma. Els passadissos s&#8217;omplen de l&#8217;olor de les roses i aquella il·lusió compartida que fa que aquesta diada sigui una de les més especials de l&#8217;any.</p>
<p>Sant Jordi no és només llibres i flors; és una festa de la cultura en majúscules. Durant la setmana cultural podem gaudim de tallers creatius, jocs florals, recitals literaris&#8230;,</p>
<p>Vols saber com la vivim?</p>
<p><img loading="lazy" decoding="async" class="aligncenter" src="https://upload.wikimedia.org/wikipedia/commons/thumb/6/60/BIG_184232912040411.jpg/220px-BIG_184232912040411.jpg" width="316" height="474" /></p>

<p>Quan arriba el 23 d&#8217;abril, la nostra escola es transforma. Els passadissos s&#8217;omplen de l&#8217;olor de les roses i aquella il·lusió compartida que fa que aquesta diada sigui una de les més especials de l&#8217;any.<br />
Sant Jordi no és només llibres i flors; és una festa&hellip;  <a href="https://agora.xtec.cat/ceipvistaalegre/serveis/sant-jordi/" title="Read Sant Jordi a l&#8217;Escola: Lletres, Roses i molta Màgia.">Llegeix més»</a></p>
