{"id":638,"date":"2019-02-27T13:29:28","date_gmt":"2019-02-27T12:29:28","guid":{"rendered":"https:\/\/agora.xtec.cat\/ceipvistaalegre\/?page_id=638"},"modified":"2026-01-29T13:06:01","modified_gmt":"2026-01-29T12:06:01","slug":"dia-de-la-pau","status":"publish","type":"page","link":"https:\/\/agora.xtec.cat\/ceipvistaalegre\/serveis\/dia-de-la-pau\/","title":{"rendered":"Dia de la Pau"},"content":{"rendered":"<p>El 30 de gener celebrem el DENIP (Dia escolar de la No-Viol\u00e8ncia i la Pau) a la nostra escola. Els nens i nenes aprenen que la pau no \u00e9s nom\u00e9s l&#8217;abs\u00e8ncia de guerra, sin\u00f3 el respecte diari i la bona conviv\u00e8ncia a l&#8217;escola, a casa&#8230;<a href=\"https:\/\/agora.xtec.cat\/ceipvistaalegre\/wp-content\/uploads\/usu1936\/2026\/01\/IMG_20240130_154922-1-scaled.jpg\"><img loading=\"lazy\" decoding=\"async\" class=\"alignnone size-large wp-image-12147\" src=\"https:\/\/agora.xtec.cat\/ceipvistaalegre\/wp-content\/uploads\/usu1936\/2026\/01\/IMG_20240130_154922-1-768x1024.jpg\" alt=\"\" width=\"768\" height=\"1024\" srcset=\"https:\/\/agora.xtec.cat\/ceipvistaalegre\/wp-content\/uploads\/usu1936\/2026\/01\/IMG_20240130_154922-1-768x1024.jpg 768w, https:\/\/agora.xtec.cat\/ceipvistaalegre\/wp-content\/uploads\/usu1936\/2026\/01\/IMG_20240130_154922-1-225x300.jpg 225w, https:\/\/agora.xtec.cat\/ceipvistaalegre\/wp-content\/uploads\/usu1936\/2026\/01\/IMG_20240130_154922-1-1152x1536.jpg 1152w, https:\/\/agora.xtec.cat\/ceipvistaalegre\/wp-content\/uploads\/usu1936\/2026\/01\/IMG_20240130_154922-1-1536x2048.jpg 1536w, https:\/\/agora.xtec.cat\/ceipvistaalegre\/wp-content\/uploads\/usu1936\/2026\/01\/IMG_20240130_154922-1-scaled.jpg 1920w\" sizes=\"auto, (max-width: 768px) 100vw, 768px\" \/><\/a><\/p>\n<p>&nbsp;<\/p>\n<p>&nbsp;<\/p>\n","protected":false},"excerpt":{"rendered":"<p>El 30 de gener celebrem el DENIP (Dia escolar de la No-Viol\u00e8ncia i la Pau) a la nostra escola. Els nens i nenes aprenen que la pau no \u00e9s nom\u00e9s l&#8217;abs\u00e8ncia de guerra, sin\u00f3 el respecte diari i la bona conviv\u00e8ncia a l&#8217;escola, a casa&#8230;<a&hellip;  <a href=\"https:\/\/agora.xtec.cat\/ceipvistaalegre\/serveis\/dia-de-la-pau\/\" title=\"Read Dia de la Pau\">Llegeix m\u00e9s\u00bb<\/a><\/p>\n","protected":false},"author":1,"featured_media":0,"parent":66,"menu_order":0,"comment_status":"closed","ping_status":"closed","template":"page-templates\/side-menu.php","meta":{"_bbp_topic_count":0,"_bbp_reply_count":0,"_bbp_total_topic_count":0,"_bbp_total_reply_count":0,"_bbp_voice_count":0,"_bbp_anonymous_reply_count":0,"_bbp_topic_count_hidden":0,"_bbp_reply_count_hidden":0,"_bbp_forum_subforum_count":0,"footnotes":""},"class_list":["post-638","page","type-page","status-publish","hentry"],"post_mailing_queue_ids":[],"_links":{"self":[{"href":"https:\/\/agora.xtec.cat\/ceipvistaalegre\/wp-json\/wp\/v2\/pages\/638","targetHints":{"allow":["GET"]}}],"collection":[{"href":"https:\/\/agora.xtec.cat\/ceipvistaalegre\/wp-json\/wp\/v2\/pages"}],"about":[{"href":"https:\/\/agora.xtec.cat\/ceipvistaalegre\/wp-json\/wp\/v2\/types\/page"}],"author":[{"embeddable":true,"href":"https:\/\/agora.xtec.cat\/ceipvistaalegre\/wp-json\/wp\/v2\/users\/1"}],"replies":[{"embeddable":true,"href":"https:\/\/agora.xtec.cat\/ceipvistaalegre\/wp-json\/wp\/v2\/comments?post=638"}],"version-history":[{"count":4,"href":"https:\/\/agora.xtec.cat\/ceipvistaalegre\/wp-json\/wp\/v2\/pages\/638\/revisions"}],"predecessor-version":[{"id":12148,"href":"https:\/\/agora.xtec.cat\/ceipvistaalegre\/wp-json\/wp\/v2\/pages\/638\/revisions\/12148"}],"up":[{"embeddable":true,"href":"https:\/\/agora.xtec.cat\/ceipvistaalegre\/wp-json\/wp\/v2\/pages\/66"}],"wp:attachment":[{"href":"https:\/\/agora.xtec.cat\/ceipvistaalegre\/wp-json\/wp\/v2\/media?parent=638"}],"curies":[{"name":"wp","href":"https:\/\/api.w.org\/{rel}","templated":true}]}}

<p>El 30 de gener celebrem el DENIP (Dia escolar de la No-Violència i la Pau) a la nostra escola. Els nens i nenes aprenen que la pau no és només l&#8217;absència de guerra, sinó el respecte diari i la bona convivència a l&#8217;escola, a casa&#8230;<a href="https://agora.xtec.cat/ceipvistaalegre/wp-content/uploads/usu1936/2026/01/IMG_20240130_154922-1-scaled.jpg"><img loading="lazy" decoding="async" class="alignnone size-large wp-image-12147" src="https://agora.xtec.cat/ceipvistaalegre/wp-content/uploads/usu1936/2026/01/IMG_20240130_154922-1-768x1024.jpg" alt="" width="768" height="1024" srcset="https://agora.xtec.cat/ceipvistaalegre/wp-content/uploads/usu1936/2026/01/IMG_20240130_154922-1-768x1024.jpg 768w, https://agora.xtec.cat/ceipvistaalegre/wp-content/uploads/usu1936/2026/01/IMG_20240130_154922-1-225x300.jpg 225w, https://agora.xtec.cat/ceipvistaalegre/wp-content/uploads/usu1936/2026/01/IMG_20240130_154922-1-1152x1536.jpg 1152w, https://agora.xtec.cat/ceipvistaalegre/wp-content/uploads/usu1936/2026/01/IMG_20240130_154922-1-1536x2048.jpg 1536w, https://agora.xtec.cat/ceipvistaalegre/wp-content/uploads/usu1936/2026/01/IMG_20240130_154922-1-scaled.jpg 1920w" sizes="auto, (max-width: 768px) 100vw, 768px" /></a></p>
<p>&nbsp;</p>
<p>&nbsp;</p>

<p>El 30 de gener celebrem el DENIP (Dia escolar de la No-Violència i la Pau) a la nostra escola. Els nens i nenes aprenen que la pau no és només l&#8217;absència de guerra, sinó el respecte diari i la bona convivència a l&#8217;escola, a casa&#8230;<a&hellip;  <a href="https://agora.xtec.cat/ceipvistaalegre/serveis/dia-de-la-pau/" title="Read Dia de la Pau">Llegeix més»</a></p>
