{"id":636,"date":"2019-02-27T13:28:18","date_gmt":"2019-02-27T12:28:18","guid":{"rendered":"https:\/\/agora.xtec.cat\/ceipvistaalegre\/?page_id=636"},"modified":"2026-01-29T13:18:32","modified_gmt":"2026-01-29T12:18:32","slug":"nadal","status":"publish","type":"page","link":"https:\/\/agora.xtec.cat\/ceipvistaalegre\/serveis\/nadal\/","title":{"rendered":"Nadal"},"content":{"rendered":"<p>Una de les \u00e8poques m\u00e9s m\u00e0giques a la nostra escola \u00e9s quan s&#8217;apropa l&#8217;hivern. Els m\u00e9s petits van a buscar el ti\u00f3, els grans fan una gran &#8220;recerca del tresor&#8221;, tota l&#8217;escola prepara un gran concert d&#8217;hivern per acabar omplint les panxes amb neules i torrons.<\/p>\n<p><a href=\"https:\/\/agora.xtec.cat\/ceipvistaalegre\/wp-content\/uploads\/usu1936\/2026\/01\/WhatsApp-Image-2026-01-15-at-13.41.09.jpeg\"><img loading=\"lazy\" decoding=\"async\" class=\"aligncenter wp-image-12068 size-large\" src=\"https:\/\/agora.xtec.cat\/ceipvistaalegre\/wp-content\/uploads\/usu1936\/2026\/01\/WhatsApp-Image-2026-01-15-at-13.41.09-1024x768.jpeg\" alt=\"\" width=\"1024\" height=\"768\" srcset=\"https:\/\/agora.xtec.cat\/ceipvistaalegre\/wp-content\/uploads\/usu1936\/2026\/01\/WhatsApp-Image-2026-01-15-at-13.41.09-1024x768.jpeg 1024w, https:\/\/agora.xtec.cat\/ceipvistaalegre\/wp-content\/uploads\/usu1936\/2026\/01\/WhatsApp-Image-2026-01-15-at-13.41.09-300x225.jpeg 300w, https:\/\/agora.xtec.cat\/ceipvistaalegre\/wp-content\/uploads\/usu1936\/2026\/01\/WhatsApp-Image-2026-01-15-at-13.41.09-768x576.jpeg 768w, https:\/\/agora.xtec.cat\/ceipvistaalegre\/wp-content\/uploads\/usu1936\/2026\/01\/WhatsApp-Image-2026-01-15-at-13.41.09-1536x1152.jpeg 1536w, https:\/\/agora.xtec.cat\/ceipvistaalegre\/wp-content\/uploads\/usu1936\/2026\/01\/WhatsApp-Image-2026-01-15-at-13.41.09-200x150.jpeg 200w, https:\/\/agora.xtec.cat\/ceipvistaalegre\/wp-content\/uploads\/usu1936\/2026\/01\/WhatsApp-Image-2026-01-15-at-13.41.09.jpeg 2016w\" sizes=\"auto, (max-width: 1024px) 100vw, 1024px\" \/><\/a><\/p>\n","protected":false},"excerpt":{"rendered":"<p>Una de les \u00e8poques m\u00e9s m\u00e0giques a la nostra escola \u00e9s quan s&#8217;apropa l&#8217;hivern. Els m\u00e9s petits van a buscar el ti\u00f3, els grans fan una gran &#8220;recerca del tresor&#8221;, tota l&#8217;escola prepara un gran concert d&#8217;hivern per acabar omplint les panxes amb neules i&hellip;  <a href=\"https:\/\/agora.xtec.cat\/ceipvistaalegre\/serveis\/nadal\/\" title=\"Read Nadal\">Llegeix m\u00e9s\u00bb<\/a><\/p>\n","protected":false},"author":1,"featured_media":0,"parent":66,"menu_order":0,"comment_status":"closed","ping_status":"closed","template":"page-templates\/side-menu.php","meta":{"_bbp_topic_count":0,"_bbp_reply_count":0,"_bbp_total_topic_count":0,"_bbp_total_reply_count":0,"_bbp_voice_count":0,"_bbp_anonymous_reply_count":0,"_bbp_topic_count_hidden":0,"_bbp_reply_count_hidden":0,"_bbp_forum_subforum_count":0,"footnotes":""},"class_list":["post-636","page","type-page","status-publish","hentry"],"post_mailing_queue_ids":[],"_links":{"self":[{"href":"https:\/\/agora.xtec.cat\/ceipvistaalegre\/wp-json\/wp\/v2\/pages\/636","targetHints":{"allow":["GET"]}}],"collection":[{"href":"https:\/\/agora.xtec.cat\/ceipvistaalegre\/wp-json\/wp\/v2\/pages"}],"about":[{"href":"https:\/\/agora.xtec.cat\/ceipvistaalegre\/wp-json\/wp\/v2\/types\/page"}],"author":[{"embeddable":true,"href":"https:\/\/agora.xtec.cat\/ceipvistaalegre\/wp-json\/wp\/v2\/users\/1"}],"replies":[{"embeddable":true,"href":"https:\/\/agora.xtec.cat\/ceipvistaalegre\/wp-json\/wp\/v2\/comments?post=636"}],"version-history":[{"count":5,"href":"https:\/\/agora.xtec.cat\/ceipvistaalegre\/wp-json\/wp\/v2\/pages\/636\/revisions"}],"predecessor-version":[{"id":12160,"href":"https:\/\/agora.xtec.cat\/ceipvistaalegre\/wp-json\/wp\/v2\/pages\/636\/revisions\/12160"}],"up":[{"embeddable":true,"href":"https:\/\/agora.xtec.cat\/ceipvistaalegre\/wp-json\/wp\/v2\/pages\/66"}],"wp:attachment":[{"href":"https:\/\/agora.xtec.cat\/ceipvistaalegre\/wp-json\/wp\/v2\/media?parent=636"}],"curies":[{"name":"wp","href":"https:\/\/api.w.org\/{rel}","templated":true}]}}

<p>Una de les èpoques més màgiques a la nostra escola és quan s&#8217;apropa l&#8217;hivern. Els més petits van a buscar el tió, els grans fan una gran &#8220;recerca del tresor&#8221;, tota l&#8217;escola prepara un gran concert d&#8217;hivern per acabar omplint les panxes amb neules i torrons.</p>
<p><a href="https://agora.xtec.cat/ceipvistaalegre/wp-content/uploads/usu1936/2026/01/WhatsApp-Image-2026-01-15-at-13.41.09.jpeg"><img loading="lazy" decoding="async" class="aligncenter wp-image-12068 size-large" src="https://agora.xtec.cat/ceipvistaalegre/wp-content/uploads/usu1936/2026/01/WhatsApp-Image-2026-01-15-at-13.41.09-1024x768.jpeg" alt="" width="1024" height="768" srcset="https://agora.xtec.cat/ceipvistaalegre/wp-content/uploads/usu1936/2026/01/WhatsApp-Image-2026-01-15-at-13.41.09-1024x768.jpeg 1024w, https://agora.xtec.cat/ceipvistaalegre/wp-content/uploads/usu1936/2026/01/WhatsApp-Image-2026-01-15-at-13.41.09-300x225.jpeg 300w, https://agora.xtec.cat/ceipvistaalegre/wp-content/uploads/usu1936/2026/01/WhatsApp-Image-2026-01-15-at-13.41.09-768x576.jpeg 768w, https://agora.xtec.cat/ceipvistaalegre/wp-content/uploads/usu1936/2026/01/WhatsApp-Image-2026-01-15-at-13.41.09-1536x1152.jpeg 1536w, https://agora.xtec.cat/ceipvistaalegre/wp-content/uploads/usu1936/2026/01/WhatsApp-Image-2026-01-15-at-13.41.09-200x150.jpeg 200w, https://agora.xtec.cat/ceipvistaalegre/wp-content/uploads/usu1936/2026/01/WhatsApp-Image-2026-01-15-at-13.41.09.jpeg 2016w" sizes="auto, (max-width: 1024px) 100vw, 1024px" /></a></p>

<p>Una de les èpoques més màgiques a la nostra escola és quan s&#8217;apropa l&#8217;hivern. Els més petits van a buscar el tió, els grans fan una gran &#8220;recerca del tresor&#8221;, tota l&#8217;escola prepara un gran concert d&#8217;hivern per acabar omplint les panxes amb neules i&hellip;  <a href="https://agora.xtec.cat/ceipvistaalegre/serveis/nadal/" title="Read Nadal">Llegeix més»</a></p>
