{"id":634,"date":"2019-02-27T13:27:50","date_gmt":"2019-02-27T12:27:50","guid":{"rendered":"https:\/\/agora.xtec.cat\/ceipvistaalegre\/?page_id=634"},"modified":"2026-01-29T13:17:01","modified_gmt":"2026-01-29T12:17:01","slug":"dia-de-la-musica","status":"publish","type":"page","link":"https:\/\/agora.xtec.cat\/ceipvistaalegre\/serveis\/dia-de-la-musica\/","title":{"rendered":"Dia de la M\u00fasica"},"content":{"rendered":"<p>Cada any el 22 de novembre celebrem el Dia de la M\u00fasica. Durant la setmana els infants creen instruments amb materials reciclats, fan activitats relacionades amb la m\u00fasica i es fa una mostra instrumental des de l&#8217;\u00e0rea de m\u00fasica.<\/p>\n<p>&nbsp;<\/p>\n<p><a href=\"https:\/\/agora.xtec.cat\/ceipvistaalegre\/wp-content\/uploads\/usu1936\/2026\/01\/20251118_151220-1-scaled.jpg\"><img loading=\"lazy\" decoding=\"async\" class=\"aligncenter wp-image-12062 size-large\" src=\"https:\/\/agora.xtec.cat\/ceipvistaalegre\/wp-content\/uploads\/usu1936\/2026\/01\/20251118_151220-1-scaled-e1768480478441-1024x618.jpg\" alt=\"\" width=\"1024\" height=\"618\" srcset=\"https:\/\/agora.xtec.cat\/ceipvistaalegre\/wp-content\/uploads\/usu1936\/2026\/01\/20251118_151220-1-scaled-e1768480478441-1024x618.jpg 1024w, https:\/\/agora.xtec.cat\/ceipvistaalegre\/wp-content\/uploads\/usu1936\/2026\/01\/20251118_151220-1-scaled-e1768480478441-300x181.jpg 300w, https:\/\/agora.xtec.cat\/ceipvistaalegre\/wp-content\/uploads\/usu1936\/2026\/01\/20251118_151220-1-scaled-e1768480478441-768x463.jpg 768w, https:\/\/agora.xtec.cat\/ceipvistaalegre\/wp-content\/uploads\/usu1936\/2026\/01\/20251118_151220-1-scaled-e1768480478441-1536x927.jpg 1536w, https:\/\/agora.xtec.cat\/ceipvistaalegre\/wp-content\/uploads\/usu1936\/2026\/01\/20251118_151220-1-scaled-e1768480478441.jpg 1760w\" sizes=\"auto, (max-width: 1024px) 100vw, 1024px\" \/><\/a><\/p>\n<p>&nbsp;<\/p>\n","protected":false},"excerpt":{"rendered":"<p>Cada any el 22 de novembre celebrem el Dia de la M\u00fasica. Durant la setmana els infants creen instruments amb materials reciclats, fan activitats relacionades amb la m\u00fasica i es fa una mostra instrumental des de l&#8217;\u00e0rea de m\u00fasica.<br \/>\n&nbsp;<br \/>\n<a href=\"https:\/\/agora.xtec.cat\/ceipvistaalegre\/wp-content\/uploads\/usu1936\/2026\/01\/20251118_151220-1-scaled.jpg\"><\/a><br \/>\n&nbsp;<\/p>\n","protected":false},"author":1,"featured_media":0,"parent":66,"menu_order":0,"comment_status":"closed","ping_status":"closed","template":"page-templates\/side-menu.php","meta":{"_bbp_topic_count":0,"_bbp_reply_count":0,"_bbp_total_topic_count":0,"_bbp_total_reply_count":0,"_bbp_voice_count":0,"_bbp_anonymous_reply_count":0,"_bbp_topic_count_hidden":0,"_bbp_reply_count_hidden":0,"_bbp_forum_subforum_count":0,"footnotes":""},"class_list":["post-634","page","type-page","status-publish","hentry"],"post_mailing_queue_ids":[],"_links":{"self":[{"href":"https:\/\/agora.xtec.cat\/ceipvistaalegre\/wp-json\/wp\/v2\/pages\/634","targetHints":{"allow":["GET"]}}],"collection":[{"href":"https:\/\/agora.xtec.cat\/ceipvistaalegre\/wp-json\/wp\/v2\/pages"}],"about":[{"href":"https:\/\/agora.xtec.cat\/ceipvistaalegre\/wp-json\/wp\/v2\/types\/page"}],"author":[{"embeddable":true,"href":"https:\/\/agora.xtec.cat\/ceipvistaalegre\/wp-json\/wp\/v2\/users\/1"}],"replies":[{"embeddable":true,"href":"https:\/\/agora.xtec.cat\/ceipvistaalegre\/wp-json\/wp\/v2\/comments?post=634"}],"version-history":[{"count":6,"href":"https:\/\/agora.xtec.cat\/ceipvistaalegre\/wp-json\/wp\/v2\/pages\/634\/revisions"}],"predecessor-version":[{"id":12158,"href":"https:\/\/agora.xtec.cat\/ceipvistaalegre\/wp-json\/wp\/v2\/pages\/634\/revisions\/12158"}],"up":[{"embeddable":true,"href":"https:\/\/agora.xtec.cat\/ceipvistaalegre\/wp-json\/wp\/v2\/pages\/66"}],"wp:attachment":[{"href":"https:\/\/agora.xtec.cat\/ceipvistaalegre\/wp-json\/wp\/v2\/media?parent=634"}],"curies":[{"name":"wp","href":"https:\/\/api.w.org\/{rel}","templated":true}]}}

Dia de la Música

<p>Cada any el 22 de novembre celebrem el Dia de la Música. Durant la setmana els infants creen instruments amb materials reciclats, fan activitats relacionades amb la música i es fa una mostra instrumental des de l&#8217;àrea de música.</p>
<p>&nbsp;</p>
<p><a href="https://agora.xtec.cat/ceipvistaalegre/wp-content/uploads/usu1936/2026/01/20251118_151220-1-scaled.jpg"><img loading="lazy" decoding="async" class="aligncenter wp-image-12062 size-large" src="https://agora.xtec.cat/ceipvistaalegre/wp-content/uploads/usu1936/2026/01/20251118_151220-1-scaled-e1768480478441-1024x618.jpg" alt="" width="1024" height="618" srcset="https://agora.xtec.cat/ceipvistaalegre/wp-content/uploads/usu1936/2026/01/20251118_151220-1-scaled-e1768480478441-1024x618.jpg 1024w, https://agora.xtec.cat/ceipvistaalegre/wp-content/uploads/usu1936/2026/01/20251118_151220-1-scaled-e1768480478441-300x181.jpg 300w, https://agora.xtec.cat/ceipvistaalegre/wp-content/uploads/usu1936/2026/01/20251118_151220-1-scaled-e1768480478441-768x463.jpg 768w, https://agora.xtec.cat/ceipvistaalegre/wp-content/uploads/usu1936/2026/01/20251118_151220-1-scaled-e1768480478441-1536x927.jpg 1536w, https://agora.xtec.cat/ceipvistaalegre/wp-content/uploads/usu1936/2026/01/20251118_151220-1-scaled-e1768480478441.jpg 1760w" sizes="auto, (max-width: 1024px) 100vw, 1024px" /></a></p>
<p>&nbsp;</p>

<p>Cada any el 22 de novembre celebrem el Dia de la Música. Durant la setmana els infants creen instruments amb materials reciclats, fan activitats relacionades amb la música i es fa una mostra instrumental des de l&#8217;àrea de música.<br />
&nbsp;<br />
<a href="https://agora.xtec.cat/ceipvistaalegre/wp-content/uploads/usu1936/2026/01/20251118_151220-1-scaled.jpg"></a><br />
&nbsp;</p>
