{"id":614,"date":"2019-02-27T11:29:49","date_gmt":"2019-02-27T10:29:49","guid":{"rendered":"https:\/\/agora.xtec.cat\/ceipvistaalegre\/?page_id=614"},"modified":"2026-01-15T13:31:23","modified_gmt":"2026-01-15T12:31:23","slug":"hort","status":"publish","type":"page","link":"https:\/\/agora.xtec.cat\/ceipvistaalegre\/projecte-educatiu\/hort\/","title":{"rendered":"Hort"},"content":{"rendered":"<p><strong>Perqu\u00e8 un hort a l&#8217;escola?<\/strong><br \/>\nEl treball de l&#8217;hort a l&#8217;escola, \u00e9s la manera m\u00e9s adient d&#8217;oferir als nostres alumnes una educaci\u00f3 mediambiental, basada en la cura, respecte i defensa de la natura.<\/p>\n<ul>\n<li>\u00c9s un espai d\u2019<strong>aprenentatge transversal, vivencial i experimental<\/strong>.<\/li>\n<li>\u00c9s un espai de\u00a0<strong>contacte amb la natura<\/strong>\u00a0i aix\u00f2 afavoreix el benestar psicol\u00f2gic i f\u00edsic dels infants.<\/li>\n<li>Potencia la transmissi\u00f3 del coneixement i els valors de la cura,\u00a0<strong>el respecte per l\u2019entorn<\/strong>, de l\u2019ecologia i la sostenibilitat.<\/li>\n<li>\u00c9s un espai de\u00a0<strong>participaci\u00f3 activa<\/strong>, de treball en equip i cooperaci\u00f3 entre els alumnes.<\/li>\n<li><strong>Estimula la intel\u00b7lig\u00e8ncia<\/strong>\u00a0i el desenvolupament sensorial dels infants.<\/li>\n<li>Afavoreix la comprensi\u00f3 de la proced\u00e8ncia dels aliments i\u00a0<strong>millora els h\u00e0bits alimentaris i saludables<\/strong>\u00a0dels infants.<\/li>\n<\/ul>\n<p style=\"text-align: center;\"><a href=\"https:\/\/agora.xtec.cat\/ceipvistaalegre\/projecte-educatiu\/hort\/attachment\/img_0385-1\/\" rel=\"attachment wp-att-12057\"><img loading=\"lazy\" decoding=\"async\" class=\"aligncenter wp-image-12057 size-medium\" src=\"https:\/\/agora.xtec.cat\/ceipvistaalegre\/wp-content\/uploads\/usu1936\/2026\/01\/IMG_0385-1-300x225.jpg\" alt=\"\" width=\"300\" height=\"225\" srcset=\"https:\/\/agora.xtec.cat\/ceipvistaalegre\/wp-content\/uploads\/usu1936\/2026\/01\/IMG_0385-1-300x225.jpg 300w, https:\/\/agora.xtec.cat\/ceipvistaalegre\/wp-content\/uploads\/usu1936\/2026\/01\/IMG_0385-1-1024x768.jpg 1024w, https:\/\/agora.xtec.cat\/ceipvistaalegre\/wp-content\/uploads\/usu1936\/2026\/01\/IMG_0385-1-768x576.jpg 768w, https:\/\/agora.xtec.cat\/ceipvistaalegre\/wp-content\/uploads\/usu1936\/2026\/01\/IMG_0385-1-1536x1152.jpg 1536w, https:\/\/agora.xtec.cat\/ceipvistaalegre\/wp-content\/uploads\/usu1936\/2026\/01\/IMG_0385-1-2048x1536.jpg 2048w, https:\/\/agora.xtec.cat\/ceipvistaalegre\/wp-content\/uploads\/usu1936\/2026\/01\/IMG_0385-1-200x150.jpg 200w\" sizes=\"auto, (max-width: 300px) 100vw, 300px\" \/><\/a><\/p>\n","protected":false},"excerpt":{"rendered":"<p>Perqu\u00e8 un hort a l&#8217;escola?<br \/>\nEl treball de l&#8217;hort a l&#8217;escola, \u00e9s la manera m\u00e9s adient d&#8217;oferir als nostres alumnes una educaci\u00f3 mediambiental, basada en la cura, respecte i defensa de la natura.<\/p>\n<ul>\n<li>\u00c9s un espai d\u2019aprenentatge transversal, vivencial i experimental.<\/li>\n<li>\u00c9s un espai de\u00a0contacte amb la natura\u00a0i&hellip;  <a href=\"https:\/\/agora.xtec.cat\/ceipvistaalegre\/projecte-educatiu\/hort\/\" title=\"Read Hort\">Llegeix m\u00e9s\u00bb<\/a><br \/>\n","protected":false},"author":1,"featured_media":0,"parent":64,"menu_order":0,"comment_status":"closed","ping_status":"closed","template":"page-templates\/side-menu.php","meta":{"_bbp_topic_count":0,"_bbp_reply_count":0,"_bbp_total_topic_count":0,"_bbp_total_reply_count":0,"_bbp_voice_count":0,"_bbp_anonymous_reply_count":0,"_bbp_topic_count_hidden":0,"_bbp_reply_count_hidden":0,"_bbp_forum_subforum_count":0,"footnotes":""},"class_list":["post-614","page","type-page","status-publish","hentry"],"post_mailing_queue_ids":[],"_links":{"self":[{"href":"https:\/\/agora.xtec.cat\/ceipvistaalegre\/wp-json\/wp\/v2\/pages\/614","targetHints":{"allow":["GET"]}}],"collection":[{"href":"https:\/\/agora.xtec.cat\/ceipvistaalegre\/wp-json\/wp\/v2\/pages"}],"about":[{"href":"https:\/\/agora.xtec.cat\/ceipvistaalegre\/wp-json\/wp\/v2\/types\/page"}],"author":[{"embeddable":true,"href":"https:\/\/agora.xtec.cat\/ceipvistaalegre\/wp-json\/wp\/v2\/users\/1"}],"replies":[{"embeddable":true,"href":"https:\/\/agora.xtec.cat\/ceipvistaalegre\/wp-json\/wp\/v2\/comments?post=614"}],"version-history":[{"count":5,"href":"https:\/\/agora.xtec.cat\/ceipvistaalegre\/wp-json\/wp\/v2\/pages\/614\/revisions"}],"predecessor-version":[{"id":12059,"href":"https:\/\/agora.xtec.cat\/ceipvistaalegre\/wp-json\/wp\/v2\/pages\/614\/revisions\/12059"}],"up":[{"embeddable":true,"href":"https:\/\/agora.xtec.cat\/ceipvistaalegre\/wp-json\/wp\/v2\/pages\/64"}],"wp:attachment":[{"href":"https:\/\/agora.xtec.cat\/ceipvistaalegre\/wp-json\/wp\/v2\/media?parent=614"}],"curies":[{"name":"wp","href":"https:\/\/api.w.org\/{rel}","templated":true}]}}

<p><strong>Perquè un hort a l&#8217;escola?</strong><br />
El treball de l&#8217;hort a l&#8217;escola, és la manera més adient d&#8217;oferir als nostres alumnes una educació mediambiental, basada en la cura, respecte i defensa de la natura.</p>
<ul>
<li>És un espai d’<strong>aprenentatge transversal, vivencial i experimental</strong>.</li>
<li>És un espai de <strong>contacte amb la natura</strong> i això afavoreix el benestar psicològic i físic dels infants.</li>
<li>Potencia la transmissió del coneixement i els valors de la cura, <strong>el respecte per l’entorn</strong>, de l’ecologia i la sostenibilitat.</li>
<li>És un espai de <strong>participació activa</strong>, de treball en equip i cooperació entre els alumnes.</li>
<li><strong>Estimula la intel·ligència</strong> i el desenvolupament sensorial dels infants.</li>
<li>Afavoreix la comprensió de la procedència dels aliments i <strong>millora els hàbits alimentaris i saludables</strong> dels infants.</li>
</ul>
<p style="text-align: center;"><a href="https://agora.xtec.cat/ceipvistaalegre/projecte-educatiu/hort/attachment/img_0385-1/" rel="attachment wp-att-12057"><img loading="lazy" decoding="async" class="aligncenter wp-image-12057 size-medium" src="https://agora.xtec.cat/ceipvistaalegre/wp-content/uploads/usu1936/2026/01/IMG_0385-1-300x225.jpg" alt="" width="300" height="225" srcset="https://agora.xtec.cat/ceipvistaalegre/wp-content/uploads/usu1936/2026/01/IMG_0385-1-300x225.jpg 300w, https://agora.xtec.cat/ceipvistaalegre/wp-content/uploads/usu1936/2026/01/IMG_0385-1-1024x768.jpg 1024w, https://agora.xtec.cat/ceipvistaalegre/wp-content/uploads/usu1936/2026/01/IMG_0385-1-768x576.jpg 768w, https://agora.xtec.cat/ceipvistaalegre/wp-content/uploads/usu1936/2026/01/IMG_0385-1-1536x1152.jpg 1536w, https://agora.xtec.cat/ceipvistaalegre/wp-content/uploads/usu1936/2026/01/IMG_0385-1-2048x1536.jpg 2048w, https://agora.xtec.cat/ceipvistaalegre/wp-content/uploads/usu1936/2026/01/IMG_0385-1-200x150.jpg 200w" sizes="auto, (max-width: 300px) 100vw, 300px" /></a></p>

<p>Perquè un hort a l&#8217;escola?<br />
El treball de l&#8217;hort a l&#8217;escola, és la manera més adient d&#8217;oferir als nostres alumnes una educació mediambiental, basada en la cura, respecte i defensa de la natura.</p>
<ul>
<li>És un espai d’aprenentatge transversal, vivencial i experimental.</li>
<li>És un espai de contacte amb la natura i&hellip;  <a href="https://agora.xtec.cat/ceipvistaalegre/projecte-educatiu/hort/" title="Read Hort">Llegeix més»</a><br />
