{"id":612,"date":"2019-02-27T11:29:13","date_gmt":"2019-02-27T10:29:13","guid":{"rendered":"https:\/\/agora.xtec.cat\/ceipvistaalegre\/?page_id=612"},"modified":"2025-01-13T12:23:17","modified_gmt":"2025-01-13T11:23:17","slug":"padrins-lectors","status":"publish","type":"page","link":"https:\/\/agora.xtec.cat\/ceipvistaalegre\/projecte-educatiu\/padrins-lectors\/","title":{"rendered":"Biblioteca escolar"},"content":{"rendered":"<p>La biblioteca sempre ha estat un element fonamental en l\u2019educaci\u00f3 i en la formaci\u00f3 integral dels nens. A partir del curs 23\/24, es va apostar per la seva dinamitzaci\u00f3 poder oferir als alumnes un espai acollidor i enriquidor per fomentar el gust per la lectura.<\/p>\n<p>La comissi\u00f3 de biblioteca, juntament amb les fam\u00edlies i direcci\u00f3, s&#8217;encarreguen de vetllar pel manteniment i fer les tasques corresponents.<\/p>\n<p>A nivell intern d&#8217;escola, les activitats relacionades amb la biblioteca s\u00f3n:<\/p>\n<ul>\n<li>Pr\u00e9stec de llibres per l&#8217;aula.<\/li>\n<li>Pr\u00e9stec de llibres i contes per a casa.<\/li>\n<li>Servei de biblioteca fora de l&#8217;horari escolar (dimarts, de 16:30 a 18:00)<\/li>\n<li>Servei de biblioteca a l&#8217;hora del pati (divendres, de 11:00 a 11:30)<\/li>\n<li>Exposici\u00f3 mensual de llibres i contes de diferents tem\u00e0tiques: drets dels infants, dones, festes i tradicions&#8230;<\/li>\n<li>Conta contes.<\/li>\n<\/ul>\n<p><a href=\"https:\/\/agora.xtec.cat\/ceipvistaalegre\/wp-content\/uploads\/usu1936\/2025\/01\/IMG-20241018-WA0021-scaled.jpg\"><img loading=\"lazy\" decoding=\"async\" class=\" wp-image-10853 aligncenter\" src=\"https:\/\/agora.xtec.cat\/ceipvistaalegre\/wp-content\/uploads\/usu1936\/2025\/01\/IMG-20241018-WA0021-768x1024.jpg\" alt=\"\" width=\"443\" height=\"590\" srcset=\"https:\/\/agora.xtec.cat\/ceipvistaalegre\/wp-content\/uploads\/usu1936\/2025\/01\/IMG-20241018-WA0021-768x1024.jpg 768w, https:\/\/agora.xtec.cat\/ceipvistaalegre\/wp-content\/uploads\/usu1936\/2025\/01\/IMG-20241018-WA0021-225x300.jpg 225w, https:\/\/agora.xtec.cat\/ceipvistaalegre\/wp-content\/uploads\/usu1936\/2025\/01\/IMG-20241018-WA0021-1152x1536.jpg 1152w, https:\/\/agora.xtec.cat\/ceipvistaalegre\/wp-content\/uploads\/usu1936\/2025\/01\/IMG-20241018-WA0021-1536x2048.jpg 1536w, https:\/\/agora.xtec.cat\/ceipvistaalegre\/wp-content\/uploads\/usu1936\/2025\/01\/IMG-20241018-WA0021-scaled.jpg 1920w\" sizes=\"auto, (max-width: 443px) 100vw, 443px\" \/><\/a><\/p>\n","protected":false},"excerpt":{"rendered":"<p>La biblioteca sempre ha estat un element fonamental en l\u2019educaci\u00f3 i en la formaci\u00f3 integral dels nens. A partir del curs 23\/24, es va apostar per la seva dinamitzaci\u00f3 poder oferir als alumnes un espai acollidor i enriquidor per fomentar el gust per la lectura.<br \/>\nLa&hellip;  <a href=\"https:\/\/agora.xtec.cat\/ceipvistaalegre\/projecte-educatiu\/padrins-lectors\/\" title=\"Read Biblioteca escolar\">Llegeix m\u00e9s\u00bb<\/a><\/p>\n","protected":false},"author":1,"featured_media":0,"parent":64,"menu_order":0,"comment_status":"closed","ping_status":"closed","template":"page-templates\/side-menu.php","meta":{"_bbp_topic_count":0,"_bbp_reply_count":0,"_bbp_total_topic_count":0,"_bbp_total_reply_count":0,"_bbp_voice_count":0,"_bbp_anonymous_reply_count":0,"_bbp_topic_count_hidden":0,"_bbp_reply_count_hidden":0,"_bbp_forum_subforum_count":0,"footnotes":""},"class_list":["post-612","page","type-page","status-publish","hentry"],"post_mailing_queue_ids":[],"_links":{"self":[{"href":"https:\/\/agora.xtec.cat\/ceipvistaalegre\/wp-json\/wp\/v2\/pages\/612","targetHints":{"allow":["GET"]}}],"collection":[{"href":"https:\/\/agora.xtec.cat\/ceipvistaalegre\/wp-json\/wp\/v2\/pages"}],"about":[{"href":"https:\/\/agora.xtec.cat\/ceipvistaalegre\/wp-json\/wp\/v2\/types\/page"}],"author":[{"embeddable":true,"href":"https:\/\/agora.xtec.cat\/ceipvistaalegre\/wp-json\/wp\/v2\/users\/1"}],"replies":[{"embeddable":true,"href":"https:\/\/agora.xtec.cat\/ceipvistaalegre\/wp-json\/wp\/v2\/comments?post=612"}],"version-history":[{"count":6,"href":"https:\/\/agora.xtec.cat\/ceipvistaalegre\/wp-json\/wp\/v2\/pages\/612\/revisions"}],"predecessor-version":[{"id":10854,"href":"https:\/\/agora.xtec.cat\/ceipvistaalegre\/wp-json\/wp\/v2\/pages\/612\/revisions\/10854"}],"up":[{"embeddable":true,"href":"https:\/\/agora.xtec.cat\/ceipvistaalegre\/wp-json\/wp\/v2\/pages\/64"}],"wp:attachment":[{"href":"https:\/\/agora.xtec.cat\/ceipvistaalegre\/wp-json\/wp\/v2\/media?parent=612"}],"curies":[{"name":"wp","href":"https:\/\/api.w.org\/{rel}","templated":true}]}}

<p>La biblioteca sempre ha estat un element fonamental en l’educació i en la formació integral dels nens. A partir del curs 23/24, es va apostar per la seva dinamització poder oferir als alumnes un espai acollidor i enriquidor per fomentar el gust per la lectura.</p>
<p>La comissió de biblioteca, juntament amb les famílies i direcció, s&#8217;encarreguen de vetllar pel manteniment i fer les tasques corresponents.</p>
<p>A nivell intern d&#8217;escola, les activitats relacionades amb la biblioteca són:</p>
<ul>
<li>Préstec de llibres per l&#8217;aula.</li>
<li>Préstec de llibres i contes per a casa.</li>
<li>Servei de biblioteca fora de l&#8217;horari escolar (dimarts, de 16:30 a 18:00)</li>
<li>Servei de biblioteca a l&#8217;hora del pati (divendres, de 11:00 a 11:30)</li>
<li>Exposició mensual de llibres i contes de diferents temàtiques: drets dels infants, dones, festes i tradicions&#8230;</li>
<li>Conta contes.</li>
</ul>
<p><a href="https://agora.xtec.cat/ceipvistaalegre/wp-content/uploads/usu1936/2025/01/IMG-20241018-WA0021-scaled.jpg"><img loading="lazy" decoding="async" class=" wp-image-10853 aligncenter" src="https://agora.xtec.cat/ceipvistaalegre/wp-content/uploads/usu1936/2025/01/IMG-20241018-WA0021-768x1024.jpg" alt="" width="443" height="590" srcset="https://agora.xtec.cat/ceipvistaalegre/wp-content/uploads/usu1936/2025/01/IMG-20241018-WA0021-768x1024.jpg 768w, https://agora.xtec.cat/ceipvistaalegre/wp-content/uploads/usu1936/2025/01/IMG-20241018-WA0021-225x300.jpg 225w, https://agora.xtec.cat/ceipvistaalegre/wp-content/uploads/usu1936/2025/01/IMG-20241018-WA0021-1152x1536.jpg 1152w, https://agora.xtec.cat/ceipvistaalegre/wp-content/uploads/usu1936/2025/01/IMG-20241018-WA0021-1536x2048.jpg 1536w, https://agora.xtec.cat/ceipvistaalegre/wp-content/uploads/usu1936/2025/01/IMG-20241018-WA0021-scaled.jpg 1920w" sizes="auto, (max-width: 443px) 100vw, 443px" /></a></p>

<p>La biblioteca sempre ha estat un element fonamental en l’educació i en la formació integral dels nens. A partir del curs 23/24, es va apostar per la seva dinamització poder oferir als alumnes un espai acollidor i enriquidor per fomentar el gust per la lectura.<br />
La&hellip;  <a href="https://agora.xtec.cat/ceipvistaalegre/projecte-educatiu/padrins-lectors/" title="Read Biblioteca escolar">Llegeix més»</a></p>
