{"id":610,"date":"2019-02-27T11:28:29","date_gmt":"2019-02-27T10:28:29","guid":{"rendered":"https:\/\/agora.xtec.cat\/ceipvistaalegre\/?page_id=610"},"modified":"2019-11-19T13:17:06","modified_gmt":"2019-11-19T12:17:06","slug":"llibres-socialitzats","status":"publish","type":"page","link":"https:\/\/agora.xtec.cat\/ceipvistaalegre\/projecte-educatiu\/llibres-socialitzats\/","title":{"rendered":"Socialitzaci\u00f3 de llibres"},"content":{"rendered":"<p align=\"justify\"><strong>Qu\u00e8 \u00e9s?<\/strong><\/p>\n<p align=\"justify\">De 1r a 6\u00e8 curs de prim\u00e0ria, l\u2019escola i l\u2019AMPA de l&#8217;escola promouen la socialitzaci\u00f3 i reutilitzaci\u00f3 dels llibres de text. Socialitzar un llibre significa compartir aquest material entre els alumnes, de manera que se n\u2019allarga la utilitat i se\u2019n fa un \u00fas comunitari en lloc de particular. L\u2019alumne utilitza els llibres i en t\u00e9 cura durant el curs, i en acabar els retorna a l\u2019escola perqu\u00e8 siguin reutilitzats el curs vinent per un altre infant.<\/p>\n<p><strong>Objectius<\/strong><\/p>\n<ul>\n<li>Reduir la despesa familiar.<\/li>\n<li>Fomentar la responsabilitat i la cura del material did\u00e0ctic.<\/li>\n<li>Fomentar els valors de la solidaritat i la capacitat de compartir.<\/li>\n<li>Promoure la cultura del reciclatge i la reutilitzaci\u00f3 de recursos.<\/li>\n<li>Educar per al consum racional i sostenible que suposa un estalvi ecol\u00f2gic.<\/li>\n<li>Promoure projectes educatius, compartits per la comunitat educativa del centre.<\/li>\n<\/ul>\n<p><strong>Qu\u00e8 cal fer per formar part del projecte?<\/strong><\/p>\n<ul>\n<li>Omplir el document d\u2019adhesi\u00f3 al projecte (un per a cada nen), i acceptar-hi aix\u00ed un comprom\u00eds.<\/li>\n<li>Pagar una quota de llibres, que es far\u00e0 en un rebut el mes de maig.<\/li>\n<\/ul>\n<p><strong>Quin comprom\u00eds adquireix una fam\u00edlia adherida al projecte<\/strong><strong>?<\/strong><\/p>\n<p>Cada fam\u00edlia es compromet a:<\/p>\n<ul>\n<li>Assegurar-se que el seu fill faci un bon \u00fas dels llibres de text.<\/li>\n<li>Retornar els llibres al centre en finalitzar el curs escolar.<\/li>\n<li>Reposar el llibre o llibres que el seu fill hagi perdut o dels quals n\u2019hagi fet un \u00fas indegut.<\/li>\n<li>Si un alumne marxa de l\u2019escola abans de finalitzar els curs ha de deixar els llibres socialitzats.<\/li>\n<\/ul>\n<p><strong>Quina quota s\u2019ha de pagar?<\/strong><\/p>\n<p align=\"justify\">La quota dep\u00e8n del curs que realitzi l\u2019infant.<\/p>\n<p><strong>Com es fa la socialitzaci\u00f3?<\/strong><\/p>\n<p align=\"justify\">A final de curs els llibres es queden a l\u2019escola, es fa una revisi\u00f3 general per comprovar en quin estat es troben i, juntament amb la compra de llibres nous, es fan els lots que els alumnes es trobaran a l\u2019escola el primer dia de classe.<\/p>\n","protected":false},"excerpt":{"rendered":"<p>Qu\u00e8 \u00e9s?<br \/>\nDe 1r a 6\u00e8 curs de prim\u00e0ria, l\u2019escola i l\u2019AMPA de l&#8217;escola promouen la socialitzaci\u00f3 i reutilitzaci\u00f3 dels llibres de text. Socialitzar un llibre significa compartir aquest material entre els alumnes, de manera que se n\u2019allarga la utilitat i se\u2019n fa un \u00fas comunitari&hellip;  <a href=\"https:\/\/agora.xtec.cat\/ceipvistaalegre\/projecte-educatiu\/llibres-socialitzats\/\" title=\"Read Socialitzaci\u00f3 de llibres\">Llegeix m\u00e9s\u00bb<\/a><\/p>\n","protected":false},"author":1,"featured_media":0,"parent":64,"menu_order":0,"comment_status":"closed","ping_status":"closed","template":"page-templates\/side-menu.php","meta":{"_bbp_topic_count":0,"_bbp_reply_count":0,"_bbp_total_topic_count":0,"_bbp_total_reply_count":0,"_bbp_voice_count":0,"_bbp_anonymous_reply_count":0,"_bbp_topic_count_hidden":0,"_bbp_reply_count_hidden":0,"_bbp_forum_subforum_count":0,"footnotes":""},"class_list":["post-610","page","type-page","status-publish","hentry"],"post_mailing_queue_ids":[],"_links":{"self":[{"href":"https:\/\/agora.xtec.cat\/ceipvistaalegre\/wp-json\/wp\/v2\/pages\/610","targetHints":{"allow":["GET"]}}],"collection":[{"href":"https:\/\/agora.xtec.cat\/ceipvistaalegre\/wp-json\/wp\/v2\/pages"}],"about":[{"href":"https:\/\/agora.xtec.cat\/ceipvistaalegre\/wp-json\/wp\/v2\/types\/page"}],"author":[{"embeddable":true,"href":"https:\/\/agora.xtec.cat\/ceipvistaalegre\/wp-json\/wp\/v2\/users\/1"}],"replies":[{"embeddable":true,"href":"https:\/\/agora.xtec.cat\/ceipvistaalegre\/wp-json\/wp\/v2\/comments?post=610"}],"version-history":[{"count":4,"href":"https:\/\/agora.xtec.cat\/ceipvistaalegre\/wp-json\/wp\/v2\/pages\/610\/revisions"}],"predecessor-version":[{"id":1213,"href":"https:\/\/agora.xtec.cat\/ceipvistaalegre\/wp-json\/wp\/v2\/pages\/610\/revisions\/1213"}],"up":[{"embeddable":true,"href":"https:\/\/agora.xtec.cat\/ceipvistaalegre\/wp-json\/wp\/v2\/pages\/64"}],"wp:attachment":[{"href":"https:\/\/agora.xtec.cat\/ceipvistaalegre\/wp-json\/wp\/v2\/media?parent=610"}],"curies":[{"name":"wp","href":"https:\/\/api.w.org\/{rel}","templated":true}]}}

Socialització de llibres

<p align="justify"><strong>Què és?</strong></p>
<p align="justify">De 1r a 6è curs de primària, l’escola i l’AMPA de l&#8217;escola promouen la socialització i reutilització dels llibres de text. Socialitzar un llibre significa compartir aquest material entre els alumnes, de manera que se n’allarga la utilitat i se’n fa un ús comunitari en lloc de particular. L’alumne utilitza els llibres i en té cura durant el curs, i en acabar els retorna a l’escola perquè siguin reutilitzats el curs vinent per un altre infant.</p>
<p><strong>Objectius</strong></p>
<ul>
<li>Reduir la despesa familiar.</li>
<li>Fomentar la responsabilitat i la cura del material didàctic.</li>
<li>Fomentar els valors de la solidaritat i la capacitat de compartir.</li>
<li>Promoure la cultura del reciclatge i la reutilització de recursos.</li>
<li>Educar per al consum racional i sostenible que suposa un estalvi ecològic.</li>
<li>Promoure projectes educatius, compartits per la comunitat educativa del centre.</li>
</ul>
<p><strong>Què cal fer per formar part del projecte?</strong></p>
<ul>
<li>Omplir el document d’adhesió al projecte (un per a cada nen), i acceptar-hi així un compromís.</li>
<li>Pagar una quota de llibres, que es farà en un rebut el mes de maig.</li>
</ul>
<p><strong>Quin compromís adquireix una família adherida al projecte</strong><strong>?</strong></p>
<p>Cada família es compromet a:</p>
<ul>
<li>Assegurar-se que el seu fill faci un bon ús dels llibres de text.</li>
<li>Retornar els llibres al centre en finalitzar el curs escolar.</li>
<li>Reposar el llibre o llibres que el seu fill hagi perdut o dels quals n’hagi fet un ús indegut.</li>
<li>Si un alumne marxa de l’escola abans de finalitzar els curs ha de deixar els llibres socialitzats.</li>
</ul>
<p><strong>Quina quota s’ha de pagar?</strong></p>
<p align="justify">La quota depèn del curs que realitzi l’infant.</p>
<p><strong>Com es fa la socialització?</strong></p>
<p align="justify">A final de curs els llibres es queden a l’escola, es fa una revisió general per comprovar en quin estat es troben i, juntament amb la compra de llibres nous, es fan els lots que els alumnes es trobaran a l’escola el primer dia de classe.</p>

<p>Què és?<br />
De 1r a 6è curs de primària, l’escola i l’AMPA de l&#8217;escola promouen la socialització i reutilització dels llibres de text. Socialitzar un llibre significa compartir aquest material entre els alumnes, de manera que se n’allarga la utilitat i se’n fa un ús comunitari&hellip;  <a href="https://agora.xtec.cat/ceipvistaalegre/projecte-educatiu/llibres-socialitzats/" title="Read Socialització de llibres">Llegeix més»</a></p>
