{"id":599,"date":"2019-02-26T18:25:42","date_gmt":"2019-02-26T17:25:42","guid":{"rendered":"https:\/\/agora.xtec.cat\/ceipvistaalegre\/?page_id=599"},"modified":"2019-09-16T10:06:37","modified_gmt":"2019-09-16T08:06:37","slug":"pla-educatiu-dentorn","status":"publish","type":"page","link":"https:\/\/agora.xtec.cat\/ceipvistaalegre\/projecte-de-ciutat\/pla-educatiu-dentorn\/","title":{"rendered":"Pla Educatiu d&#8217;Entorn"},"content":{"rendered":"<p>El Pla Educatiu d&#8217;entorn \u00e9s un pla impulsat des del Departament d&#8217;Educaci\u00f3 en col\u00b7laboraci\u00f3 amb l&#8217;institut municipal d&#8217;educaci\u00f3 per potenciar totes aquelles iniciatives i facilitar nous projectes que donin una resposta integrada i comunit\u00e0ria a les necessitats educatives dels membres m\u00e9s joves de la nostra societat.<\/p>\n<div class=\"elementSuperiorPagina textNormal defecte\">\n<div class=\"element\">\n<p>Les accions que es desenvolupen dins del Pla Educatiu d&#8217;Entorn (PEE) es troben emmarcades en 5 objectius:<\/p>\n<ol>\n<li>Contribuir a la millora les condicions d&#8217;escolaritzaci\u00f3.<\/li>\n<li>Potenciar l&#8217;equitat i la participaci\u00f3 en el marc d&#8217;una educaci\u00f3 inclusiva per reduir les desigualtats.<\/li>\n<li>Millorar la pres\u00e8ncia i l&#8217;\u00fas social de la llengua catalana com a llengua comuna i valoraci\u00f3 de la diversitat ling\u00fc\u00edstica.<\/li>\n<li>Potenciar els espais de conviv\u00e8ncia i el comprom\u00eds c\u00edvic.<\/li>\n<li>Enfortir els vincles entre fam\u00edlies i el centre educatiu.<\/li>\n<\/ol>\n<\/div>\n<\/div>\n<div class=\"elementSuperiorPagina textNormal defecte\"><\/div>\n<div class=\"elementSuperiorPagina textNormal defecte\">\n<div class=\"element\">\n<h3 class=\"textContentTitle\">Tipus d&#8217;activitats del PEE a la nostra escola<\/h3>\n<ul>\n<li>Refor\u00e7 escolar a educaci\u00f3 prim\u00e0ria.<\/li>\n<li>Guia d&#8217;activitats i serveis per a centres educatius, docents, AMPA i fam\u00edlies.<\/li>\n<li>Pla catal\u00e0 de l&#8217;esport.<\/li>\n<li>Aual\u00e9<\/li>\n<li>Xarxa d&#8217;AMPA<\/li>\n<li>Grup del Pla Catal\u00e0 de l&#8217;esport<\/li>\n<li>Grup de coordinaci\u00f3 0-6<\/li>\n<li>Grup de refor\u00e7 educatiu<\/li>\n<li>Fem dansa<\/li>\n<\/ul>\n<\/div>\n<\/div>\n<p><a href=\"https:\/\/agora.xtec.cat\/ceipvistaalegre\/wp-content\/uploads\/usu1936\/2019\/02\/Captura-de-pantalla-2019-02-26-a-las-18.24.15.png\">\u00a0<\/a><\/p>\n","protected":false},"excerpt":{"rendered":"<p>El Pla Educatiu d&#8217;entorn \u00e9s un pla impulsat des del Departament d&#8217;Educaci\u00f3 en col\u00b7laboraci\u00f3 amb l&#8217;institut municipal d&#8217;educaci\u00f3 per potenciar totes aquelles iniciatives i facilitar nous projectes que donin una resposta integrada i comunit\u00e0ria a les necessitats educatives dels membres m\u00e9s joves de la nostra&hellip;  <a href=\"https:\/\/agora.xtec.cat\/ceipvistaalegre\/projecte-de-ciutat\/pla-educatiu-dentorn\/\" title=\"Read Pla Educatiu d&#8217;Entorn\">Llegeix m\u00e9s\u00bb<\/a><\/p>\n","protected":false},"author":1,"featured_media":0,"parent":504,"menu_order":70,"comment_status":"closed","ping_status":"closed","template":"page-templates\/side-menu.php","meta":{"_bbp_topic_count":0,"_bbp_reply_count":0,"_bbp_total_topic_count":0,"_bbp_total_reply_count":0,"_bbp_voice_count":0,"_bbp_anonymous_reply_count":0,"_bbp_topic_count_hidden":0,"_bbp_reply_count_hidden":0,"_bbp_forum_subforum_count":0,"footnotes":""},"class_list":["post-599","page","type-page","status-publish","hentry"],"post_mailing_queue_ids":[],"_links":{"self":[{"href":"https:\/\/agora.xtec.cat\/ceipvistaalegre\/wp-json\/wp\/v2\/pages\/599","targetHints":{"allow":["GET"]}}],"collection":[{"href":"https:\/\/agora.xtec.cat\/ceipvistaalegre\/wp-json\/wp\/v2\/pages"}],"about":[{"href":"https:\/\/agora.xtec.cat\/ceipvistaalegre\/wp-json\/wp\/v2\/types\/page"}],"author":[{"embeddable":true,"href":"https:\/\/agora.xtec.cat\/ceipvistaalegre\/wp-json\/wp\/v2\/users\/1"}],"replies":[{"embeddable":true,"href":"https:\/\/agora.xtec.cat\/ceipvistaalegre\/wp-json\/wp\/v2\/comments?post=599"}],"version-history":[{"count":3,"href":"https:\/\/agora.xtec.cat\/ceipvistaalegre\/wp-json\/wp\/v2\/pages\/599\/revisions"}],"predecessor-version":[{"id":1110,"href":"https:\/\/agora.xtec.cat\/ceipvistaalegre\/wp-json\/wp\/v2\/pages\/599\/revisions\/1110"}],"up":[{"embeddable":true,"href":"https:\/\/agora.xtec.cat\/ceipvistaalegre\/wp-json\/wp\/v2\/pages\/504"}],"wp:attachment":[{"href":"https:\/\/agora.xtec.cat\/ceipvistaalegre\/wp-json\/wp\/v2\/media?parent=599"}],"curies":[{"name":"wp","href":"https:\/\/api.w.org\/{rel}","templated":true}]}}

<p>El Pla Educatiu d&#8217;entorn és un pla impulsat des del Departament d&#8217;Educació en col·laboració amb l&#8217;institut municipal d&#8217;educació per potenciar totes aquelles iniciatives i facilitar nous projectes que donin una resposta integrada i comunitària a les necessitats educatives dels membres més joves de la nostra societat.</p>
<div class="elementSuperiorPagina textNormal defecte">
<div class="element">
<p>Les accions que es desenvolupen dins del Pla Educatiu d&#8217;Entorn (PEE) es troben emmarcades en 5 objectius:</p>
<ol>
<li>Contribuir a la millora les condicions d&#8217;escolarització.</li>
<li>Potenciar l&#8217;equitat i la participació en el marc d&#8217;una educació inclusiva per reduir les desigualtats.</li>
<li>Millorar la presència i l&#8217;ús social de la llengua catalana com a llengua comuna i valoració de la diversitat lingüística.</li>
<li>Potenciar els espais de convivència i el compromís cívic.</li>
<li>Enfortir els vincles entre famílies i el centre educatiu.</li>
</ol>
</div>
</div>
<div class="elementSuperiorPagina textNormal defecte"></div>
<div class="elementSuperiorPagina textNormal defecte">
<div class="element">
<h3 class="textContentTitle">Tipus d&#8217;activitats del PEE a la nostra escola</h3>
<ul>
<li>Reforç escolar a educació primària.</li>
<li>Guia d&#8217;activitats i serveis per a centres educatius, docents, AMPA i famílies.</li>
<li>Pla català de l&#8217;esport.</li>
<li>Aualé</li>
<li>Xarxa d&#8217;AMPA</li>
<li>Grup del Pla Català de l&#8217;esport</li>
<li>Grup de coordinació 0-6</li>
<li>Grup de reforç educatiu</li>
<li>Fem dansa</li>
</ul>
</div>
</div>
<p><a href="https://agora.xtec.cat/ceipvistaalegre/wp-content/uploads/usu1936/2019/02/Captura-de-pantalla-2019-02-26-a-las-18.24.15.png"> </a></p>

<p>El Pla Educatiu d&#8217;entorn és un pla impulsat des del Departament d&#8217;Educació en col·laboració amb l&#8217;institut municipal d&#8217;educació per potenciar totes aquelles iniciatives i facilitar nous projectes que donin una resposta integrada i comunitària a les necessitats educatives dels membres més joves de la nostra&hellip;  <a href="https://agora.xtec.cat/ceipvistaalegre/projecte-de-ciutat/pla-educatiu-dentorn/" title="Read Pla Educatiu d&#8217;Entorn">Llegeix més»</a></p>
