{"id":587,"date":"2019-02-26T18:12:33","date_gmt":"2019-02-26T17:12:33","guid":{"rendered":"https:\/\/agora.xtec.cat\/ceipvistaalegre\/?page_id=587"},"modified":"2019-03-06T13:19:07","modified_gmt":"2019-03-06T12:19:07","slug":"pla-catala-de-lesport","status":"publish","type":"page","link":"https:\/\/agora.xtec.cat\/ceipvistaalegre\/projecte-de-ciutat\/pla-catala-de-lesport\/","title":{"rendered":"Pla Catal\u00e0 de l&#8217;Esport"},"content":{"rendered":"<p>Aquest Pla pret\u00e9n posar a l&#8217;abast de tots els alumnes la pr\u00e0ctica d&#8217;activitats f\u00edsiques i esportives, i aprofitar el gran potencial d&#8217;aquestes activitats per contribuir a la formaci\u00f3 personal i c\u00edvica.<br \/>\nM\u00e9s concretament, podem destacar els objectius seg\u00fcents:<\/p>\n<ul>\n<li>Incrementar la participaci\u00f3 en activitats f\u00edsiques i esportives en horari no lectiu de l&#8217;alumnat dels centres escolars.<\/li>\n<li>Aprofitar el gran potencial educatiu i formatiu de les activitats f\u00edsiques i esportives, cercant la participaci\u00f3 per damunt de la competitivitat.<\/li>\n<li>Potenciar la funci\u00f3 integradora i de cohesi\u00f3 social de l&#8217;esport escolar, facilitant l&#8217;acc\u00e9s de tots els nens i nenes a la pr\u00e0ctica esportiva escolar.<\/li>\n<li>Contribuir mitjan\u00e7ant la pr\u00e0ctica esportiva a la formaci\u00f3 en valors com la toler\u00e0ncia, el respecte als altres i a les regles, la confian\u00e7a en un mateix, l&#8217;esfor\u00e7 de superaci\u00f3, l&#8217;autonomia, la capacitat de decisi\u00f3, la cooperaci\u00f3 i el treball en equip, entre d&#8217;altres.<\/li>\n<li>Fomentar la pr\u00e0ctica regular d&#8217;activitats f\u00edsiques i esportives i l&#8217;adquisici\u00f3 d&#8217;h\u00e0bits saludables que contribueixin a un millor benestar.<\/li>\n<li>Formar joves en els valors ciutadans mitjan\u00e7ant la seva participaci\u00f3 activa en la gesti\u00f3 de les associacions esportives escolars de nova creaci\u00f3.<\/li>\n<\/ul>\n<p><img loading=\"lazy\" decoding=\"async\" class=\"irc_mi aligncenter\" src=\"http:\/\/ulldecona.cat\/wp-content\/uploads\/2013\/11\/pla-catala-esport-escola.jpg\" alt=\"Resultat d'imatges de Pl\u00e0 Catal\u00e0 de l'Esport\" width=\"273\" height=\"186\" data-iml=\"1551201124555\" \/><\/p>\n","protected":false},"excerpt":{"rendered":"<p>Aquest Pla pret\u00e9n posar a l&#8217;abast de tots els alumnes la pr\u00e0ctica d&#8217;activitats f\u00edsiques i esportives, i aprofitar el gran potencial d&#8217;aquestes activitats per contribuir a la formaci\u00f3 personal i c\u00edvica.<br \/>\nM\u00e9s concretament, podem destacar els objectius seg\u00fcents:<\/p>\n<ul>\n<li>Incrementar la participaci\u00f3 en activitats f\u00edsiques i esportives en&hellip;  <a href=\"https:\/\/agora.xtec.cat\/ceipvistaalegre\/projecte-de-ciutat\/pla-catala-de-lesport\/\" title=\"Read Pla Catal\u00e0 de l&#8217;Esport\">Llegeix m\u00e9s\u00bb<\/a><br \/>\n","protected":false},"author":1,"featured_media":0,"parent":504,"menu_order":40,"comment_status":"closed","ping_status":"closed","template":"page-templates\/side-menu.php","meta":{"_bbp_topic_count":0,"_bbp_reply_count":0,"_bbp_total_topic_count":0,"_bbp_total_reply_count":0,"_bbp_voice_count":0,"_bbp_anonymous_reply_count":0,"_bbp_topic_count_hidden":0,"_bbp_reply_count_hidden":0,"_bbp_forum_subforum_count":0,"footnotes":""},"class_list":["post-587","page","type-page","status-publish","hentry"],"post_mailing_queue_ids":[],"_links":{"self":[{"href":"https:\/\/agora.xtec.cat\/ceipvistaalegre\/wp-json\/wp\/v2\/pages\/587","targetHints":{"allow":["GET"]}}],"collection":[{"href":"https:\/\/agora.xtec.cat\/ceipvistaalegre\/wp-json\/wp\/v2\/pages"}],"about":[{"href":"https:\/\/agora.xtec.cat\/ceipvistaalegre\/wp-json\/wp\/v2\/types\/page"}],"author":[{"embeddable":true,"href":"https:\/\/agora.xtec.cat\/ceipvistaalegre\/wp-json\/wp\/v2\/users\/1"}],"replies":[{"embeddable":true,"href":"https:\/\/agora.xtec.cat\/ceipvistaalegre\/wp-json\/wp\/v2\/comments?post=587"}],"version-history":[{"count":3,"href":"https:\/\/agora.xtec.cat\/ceipvistaalegre\/wp-json\/wp\/v2\/pages\/587\/revisions"}],"predecessor-version":[{"id":709,"href":"https:\/\/agora.xtec.cat\/ceipvistaalegre\/wp-json\/wp\/v2\/pages\/587\/revisions\/709"}],"up":[{"embeddable":true,"href":"https:\/\/agora.xtec.cat\/ceipvistaalegre\/wp-json\/wp\/v2\/pages\/504"}],"wp:attachment":[{"href":"https:\/\/agora.xtec.cat\/ceipvistaalegre\/wp-json\/wp\/v2\/media?parent=587"}],"curies":[{"name":"wp","href":"https:\/\/api.w.org\/{rel}","templated":true}]}}

Pla Català de l&#8217;Esport

<p>Aquest Pla pretén posar a l&#8217;abast de tots els alumnes la pràctica d&#8217;activitats físiques i esportives, i aprofitar el gran potencial d&#8217;aquestes activitats per contribuir a la formació personal i cívica.<br />
Més concretament, podem destacar els objectius següents:</p>
<ul>
<li>Incrementar la participació en activitats físiques i esportives en horari no lectiu de l&#8217;alumnat dels centres escolars.</li>
<li>Aprofitar el gran potencial educatiu i formatiu de les activitats físiques i esportives, cercant la participació per damunt de la competitivitat.</li>
<li>Potenciar la funció integradora i de cohesió social de l&#8217;esport escolar, facilitant l&#8217;accés de tots els nens i nenes a la pràctica esportiva escolar.</li>
<li>Contribuir mitjançant la pràctica esportiva a la formació en valors com la tolerància, el respecte als altres i a les regles, la confiança en un mateix, l&#8217;esforç de superació, l&#8217;autonomia, la capacitat de decisió, la cooperació i el treball en equip, entre d&#8217;altres.</li>
<li>Fomentar la pràctica regular d&#8217;activitats físiques i esportives i l&#8217;adquisició d&#8217;hàbits saludables que contribueixin a un millor benestar.</li>
<li>Formar joves en els valors ciutadans mitjançant la seva participació activa en la gestió de les associacions esportives escolars de nova creació.</li>
</ul>
<p><img loading="lazy" decoding="async" class="irc_mi aligncenter" src="http://ulldecona.cat/wp-content/uploads/2013/11/pla-catala-esport-escola.jpg" alt="Resultat d'imatges de Plà Català de l'Esport" width="273" height="186" data-iml="1551201124555" /></p>

<p>Aquest Pla pretén posar a l&#8217;abast de tots els alumnes la pràctica d&#8217;activitats físiques i esportives, i aprofitar el gran potencial d&#8217;aquestes activitats per contribuir a la formació personal i cívica.<br />
Més concretament, podem destacar els objectius següents:</p>
<ul>
<li>Incrementar la participació en activitats físiques i esportives en&hellip;  <a href="https://agora.xtec.cat/ceipvistaalegre/projecte-de-ciutat/pla-catala-de-lesport/" title="Read Pla Català de l&#8217;Esport">Llegeix més»</a><br />
