{"id":581,"date":"2019-02-26T17:52:50","date_gmt":"2019-02-26T16:52:50","guid":{"rendered":"https:\/\/agora.xtec.cat\/ceipvistaalegre\/?page_id=581"},"modified":"2025-01-16T14:14:41","modified_gmt":"2025-01-16T13:14:41","slug":"fem-dansa","status":"publish","type":"page","link":"https:\/\/agora.xtec.cat\/ceipvistaalegre\/projecte-de-ciutat\/fem-dansa\/","title":{"rendered":"Fem Dansa"},"content":{"rendered":"<p>Aquest projecte forma part del Pla Educatiu d\u2019Entorn de l\u2019Ajuntament de Matar\u00f3 i el Servei Educatiu de Matar\u00f3 del Departament d\u2019Educaci\u00f3.<\/p>\n<p>Consisteix en apropar la dansa al m\u00f3n d&#8217;educaci\u00f3 prim\u00e0ria, treballar el llenguatge del cos, de la dansa i la dansa tradicional. Els mestres reben una formaci\u00f3 per tal de formar-los en el desenvolupament d&#8217;activitats de dansa dins l&#8217;horari.<\/p>\n<p>Despr\u00e9s dels dies d&#8217;assaig, es fa una mostra conjunta al Nou Parc Central amb tots els centres educatius participants.<label><\/label><label><\/label><\/p>\n<p>&nbsp;<\/p>\n<p><iframe loading=\"lazy\" src=\"\/\/www.youtube.com\/embed\/7BDKun2Xhf4\" width=\"560\" height=\"314\" allowfullscreen=\"allowfullscreen\"><\/iframe><\/p>\n","protected":false},"excerpt":{"rendered":"<p>Aquest projecte forma part del Pla Educatiu d\u2019Entorn de l\u2019Ajuntament de Matar\u00f3 i el Servei Educatiu de Matar\u00f3 del Departament d\u2019Educaci\u00f3.<br \/>\nConsisteix en apropar la dansa al m\u00f3n d&#8217;educaci\u00f3 prim\u00e0ria, treballar el llenguatge del cos, de la dansa i la dansa tradicional. Els mestres reben una&hellip;  <a href=\"https:\/\/agora.xtec.cat\/ceipvistaalegre\/projecte-de-ciutat\/fem-dansa\/\" title=\"Read Fem Dansa\">Llegeix m\u00e9s\u00bb<\/a><\/p>\n","protected":false},"author":1,"featured_media":0,"parent":504,"menu_order":10,"comment_status":"closed","ping_status":"closed","template":"page-templates\/side-menu.php","meta":{"_bbp_topic_count":0,"_bbp_reply_count":0,"_bbp_total_topic_count":0,"_bbp_total_reply_count":0,"_bbp_voice_count":0,"_bbp_anonymous_reply_count":0,"_bbp_topic_count_hidden":0,"_bbp_reply_count_hidden":0,"_bbp_forum_subforum_count":0,"footnotes":""},"class_list":["post-581","page","type-page","status-publish","hentry"],"post_mailing_queue_ids":[],"_links":{"self":[{"href":"https:\/\/agora.xtec.cat\/ceipvistaalegre\/wp-json\/wp\/v2\/pages\/581","targetHints":{"allow":["GET"]}}],"collection":[{"href":"https:\/\/agora.xtec.cat\/ceipvistaalegre\/wp-json\/wp\/v2\/pages"}],"about":[{"href":"https:\/\/agora.xtec.cat\/ceipvistaalegre\/wp-json\/wp\/v2\/types\/page"}],"author":[{"embeddable":true,"href":"https:\/\/agora.xtec.cat\/ceipvistaalegre\/wp-json\/wp\/v2\/users\/1"}],"replies":[{"embeddable":true,"href":"https:\/\/agora.xtec.cat\/ceipvistaalegre\/wp-json\/wp\/v2\/comments?post=581"}],"version-history":[{"count":5,"href":"https:\/\/agora.xtec.cat\/ceipvistaalegre\/wp-json\/wp\/v2\/pages\/581\/revisions"}],"predecessor-version":[{"id":10933,"href":"https:\/\/agora.xtec.cat\/ceipvistaalegre\/wp-json\/wp\/v2\/pages\/581\/revisions\/10933"}],"up":[{"embeddable":true,"href":"https:\/\/agora.xtec.cat\/ceipvistaalegre\/wp-json\/wp\/v2\/pages\/504"}],"wp:attachment":[{"href":"https:\/\/agora.xtec.cat\/ceipvistaalegre\/wp-json\/wp\/v2\/media?parent=581"}],"curies":[{"name":"wp","href":"https:\/\/api.w.org\/{rel}","templated":true}]}}

<p>Aquest projecte forma part del Pla Educatiu d’Entorn de l’Ajuntament de Mataró i el Servei Educatiu de Mataró del Departament d’Educació.</p>
<p>Consisteix en apropar la dansa al món d&#8217;educació primària, treballar el llenguatge del cos, de la dansa i la dansa tradicional. Els mestres reben una formació per tal de formar-los en el desenvolupament d&#8217;activitats de dansa dins l&#8217;horari.</p>
<p>Després dels dies d&#8217;assaig, es fa una mostra conjunta al Nou Parc Central amb tots els centres educatius participants.<label></label><label></label></p>
<p>&nbsp;</p>
<p><iframe loading="lazy" src="//www.youtube.com/embed/7BDKun2Xhf4" width="560" height="314" allowfullscreen="allowfullscreen"></iframe></p>

<p>Aquest projecte forma part del Pla Educatiu d’Entorn de l’Ajuntament de Mataró i el Servei Educatiu de Mataró del Departament d’Educació.<br />
Consisteix en apropar la dansa al món d&#8217;educació primària, treballar el llenguatge del cos, de la dansa i la dansa tradicional. Els mestres reben una&hellip;  <a href="https://agora.xtec.cat/ceipvistaalegre/projecte-de-ciutat/fem-dansa/" title="Read Fem Dansa">Llegeix més»</a></p>
