{"id":579,"date":"2019-02-26T17:49:51","date_gmt":"2019-02-26T16:49:51","guid":{"rendered":"https:\/\/agora.xtec.cat\/ceipvistaalegre\/?page_id=579"},"modified":"2026-01-26T13:40:46","modified_gmt":"2026-01-26T12:40:46","slug":"cantania","status":"publish","type":"page","link":"https:\/\/agora.xtec.cat\/ceipvistaalegre\/prevencio-i-civisme\/cantania\/","title":{"rendered":"Cant\u00e0nia"},"content":{"rendered":"<p>El projecte Cant\u00e0nia consisteix en la preparaci\u00f3 i interpretaci\u00f3 d\u2019una cantata. Engloba tant a l\u2019alumnat com al professorat, ja que consta de diferents fases d\u2019actuaci\u00f3: sessions de formaci\u00f3 amb el professorat, treball del professorat amb el seu alumnat i concerts finals interpretats pels nens i nenes.<\/p>\n<p>A la nostra escola s\u00f3n els alumnes de 5\u00e8 i participem des del curs 2015\/2016.<\/p>\n<p>Cada curs, l\u2019Auditori de Barcelona, el principal promotor, estrena una nova cantata, per a 9 instrumentistes i cor, signada per prestigiosos m\u00fasics i lletristes catalans.<\/p>\n<p>Durant tot el curs escolar a l\u2019aula es treballa aquest projecte amb l\u2019objectiu d\u2019organitzar un acte per als i les alumnes que, per les caracter\u00edstiques globals pensades exclusivament per a ells, per la qualitat i per la implicaci\u00f3 personal i col\u00b7lectiva, es converteixi en una viv\u00e8ncia musical important i inoblidable per a tots.<\/p>\n<p>El projecte acaba amb un concert al Teatre Monumental de Matar\u00f3, on participen de forma conjunta totes les escoles inscrites, acompanyades en directe de m\u00fasics i actors professionals.<\/p>\n<p>&nbsp;<\/p>\n<p><a href=\"https:\/\/agora.xtec.cat\/ceipvistaalegre\/wp-content\/uploads\/usu1936\/2025\/05\/PXL_20250516_170633023.MP_-scaled.jpg\"><img loading=\"lazy\" decoding=\"async\" class=\"alignnone wp-image-11505 \" src=\"https:\/\/agora.xtec.cat\/ceipvistaalegre\/wp-content\/uploads\/usu1936\/2025\/05\/PXL_20250516_170633023.MP_-scaled-e1768479798804-1024x743.jpg\" alt=\"\" width=\"398\" height=\"289\" srcset=\"https:\/\/agora.xtec.cat\/ceipvistaalegre\/wp-content\/uploads\/usu1936\/2025\/05\/PXL_20250516_170633023.MP_-scaled-e1768479798804-1024x743.jpg 1024w, https:\/\/agora.xtec.cat\/ceipvistaalegre\/wp-content\/uploads\/usu1936\/2025\/05\/PXL_20250516_170633023.MP_-scaled-e1768479798804-300x218.jpg 300w, https:\/\/agora.xtec.cat\/ceipvistaalegre\/wp-content\/uploads\/usu1936\/2025\/05\/PXL_20250516_170633023.MP_-scaled-e1768479798804-768x557.jpg 768w, https:\/\/agora.xtec.cat\/ceipvistaalegre\/wp-content\/uploads\/usu1936\/2025\/05\/PXL_20250516_170633023.MP_-scaled-e1768479798804-1536x1115.jpg 1536w, https:\/\/agora.xtec.cat\/ceipvistaalegre\/wp-content\/uploads\/usu1936\/2025\/05\/PXL_20250516_170633023.MP_-scaled-e1768479798804.jpg 1805w\" sizes=\"auto, (max-width: 398px) 100vw, 398px\" \/><\/a><\/p>\n<p><strong>\u00daltimes edicions Cant\u00e0nia<\/strong><\/p>\n<p>Curs 25\/26: L&#8217;\u00faltim rellotge<\/p>\n<p>Curs 24\/25: Real<\/p>\n<p>Curs 23\/24: El Naufragi<\/p>\n<p>Curs 22\/23: Les portes del m\u00f3n<\/p>\n<p>Curs 21\/22:<em> L&#8217;escola no va participar a causa del COVID19<\/em><\/p>\n<p>&nbsp;<\/p>\n","protected":false},"excerpt":{"rendered":"<p>El projecte Cant\u00e0nia consisteix en la preparaci\u00f3 i interpretaci\u00f3 d\u2019una cantata. Engloba tant a l\u2019alumnat com al professorat, ja que consta de diferents fases d\u2019actuaci\u00f3: sessions de formaci\u00f3 amb el professorat, treball del professorat amb el seu alumnat i concerts finals interpretats pels nens i&hellip;  <a href=\"https:\/\/agora.xtec.cat\/ceipvistaalegre\/prevencio-i-civisme\/cantania\/\" title=\"Read Cant\u00e0nia\">Llegeix m\u00e9s\u00bb<\/a><\/p>\n","protected":false},"author":1,"featured_media":0,"parent":7648,"menu_order":0,"comment_status":"closed","ping_status":"closed","template":"page-templates\/side-menu.php","meta":{"_bbp_topic_count":0,"_bbp_reply_count":0,"_bbp_total_topic_count":0,"_bbp_total_reply_count":0,"_bbp_voice_count":0,"_bbp_anonymous_reply_count":0,"_bbp_topic_count_hidden":0,"_bbp_reply_count_hidden":0,"_bbp_forum_subforum_count":0,"footnotes":""},"class_list":["post-579","page","type-page","status-publish","hentry"],"post_mailing_queue_ids":[],"_links":{"self":[{"href":"https:\/\/agora.xtec.cat\/ceipvistaalegre\/wp-json\/wp\/v2\/pages\/579","targetHints":{"allow":["GET"]}}],"collection":[{"href":"https:\/\/agora.xtec.cat\/ceipvistaalegre\/wp-json\/wp\/v2\/pages"}],"about":[{"href":"https:\/\/agora.xtec.cat\/ceipvistaalegre\/wp-json\/wp\/v2\/types\/page"}],"author":[{"embeddable":true,"href":"https:\/\/agora.xtec.cat\/ceipvistaalegre\/wp-json\/wp\/v2\/users\/1"}],"replies":[{"embeddable":true,"href":"https:\/\/agora.xtec.cat\/ceipvistaalegre\/wp-json\/wp\/v2\/comments?post=579"}],"version-history":[{"count":6,"href":"https:\/\/agora.xtec.cat\/ceipvistaalegre\/wp-json\/wp\/v2\/pages\/579\/revisions"}],"predecessor-version":[{"id":12126,"href":"https:\/\/agora.xtec.cat\/ceipvistaalegre\/wp-json\/wp\/v2\/pages\/579\/revisions\/12126"}],"up":[{"embeddable":true,"href":"https:\/\/agora.xtec.cat\/ceipvistaalegre\/wp-json\/wp\/v2\/pages\/7648"}],"wp:attachment":[{"href":"https:\/\/agora.xtec.cat\/ceipvistaalegre\/wp-json\/wp\/v2\/media?parent=579"}],"curies":[{"name":"wp","href":"https:\/\/api.w.org\/{rel}","templated":true}]}}

Cantània

<p>El projecte Cantània consisteix en la preparació i interpretació d’una cantata. Engloba tant a l’alumnat com al professorat, ja que consta de diferents fases d’actuació: sessions de formació amb el professorat, treball del professorat amb el seu alumnat i concerts finals interpretats pels nens i nenes.</p>
<p>A la nostra escola són els alumnes de 5è i participem des del curs 2015/2016.</p>
<p>Cada curs, l’Auditori de Barcelona, el principal promotor, estrena una nova cantata, per a 9 instrumentistes i cor, signada per prestigiosos músics i lletristes catalans.</p>
<p>Durant tot el curs escolar a l’aula es treballa aquest projecte amb l’objectiu d’organitzar un acte per als i les alumnes que, per les característiques globals pensades exclusivament per a ells, per la qualitat i per la implicació personal i col·lectiva, es converteixi en una vivència musical important i inoblidable per a tots.</p>
<p>El projecte acaba amb un concert al Teatre Monumental de Mataró, on participen de forma conjunta totes les escoles inscrites, acompanyades en directe de músics i actors professionals.</p>
<p>&nbsp;</p>
<p><a href="https://agora.xtec.cat/ceipvistaalegre/wp-content/uploads/usu1936/2025/05/PXL_20250516_170633023.MP_-scaled.jpg"><img loading="lazy" decoding="async" class="alignnone wp-image-11505 " src="https://agora.xtec.cat/ceipvistaalegre/wp-content/uploads/usu1936/2025/05/PXL_20250516_170633023.MP_-scaled-e1768479798804-1024x743.jpg" alt="" width="398" height="289" srcset="https://agora.xtec.cat/ceipvistaalegre/wp-content/uploads/usu1936/2025/05/PXL_20250516_170633023.MP_-scaled-e1768479798804-1024x743.jpg 1024w, https://agora.xtec.cat/ceipvistaalegre/wp-content/uploads/usu1936/2025/05/PXL_20250516_170633023.MP_-scaled-e1768479798804-300x218.jpg 300w, https://agora.xtec.cat/ceipvistaalegre/wp-content/uploads/usu1936/2025/05/PXL_20250516_170633023.MP_-scaled-e1768479798804-768x557.jpg 768w, https://agora.xtec.cat/ceipvistaalegre/wp-content/uploads/usu1936/2025/05/PXL_20250516_170633023.MP_-scaled-e1768479798804-1536x1115.jpg 1536w, https://agora.xtec.cat/ceipvistaalegre/wp-content/uploads/usu1936/2025/05/PXL_20250516_170633023.MP_-scaled-e1768479798804.jpg 1805w" sizes="auto, (max-width: 398px) 100vw, 398px" /></a></p>
<p><strong>Últimes edicions Cantània</strong></p>
<p>Curs 25/26: L&#8217;últim rellotge</p>
<p>Curs 24/25: Real</p>
<p>Curs 23/24: El Naufragi</p>
<p>Curs 22/23: Les portes del món</p>
<p>Curs 21/22:<em> L&#8217;escola no va participar a causa del COVID19</em></p>
<p>&nbsp;</p>

<p>El projecte Cantània consisteix en la preparació i interpretació d’una cantata. Engloba tant a l’alumnat com al professorat, ja que consta de diferents fases d’actuació: sessions de formació amb el professorat, treball del professorat amb el seu alumnat i concerts finals interpretats pels nens i&hellip;  <a href="https://agora.xtec.cat/ceipvistaalegre/prevencio-i-civisme/cantania/" title="Read Cantània">Llegeix més»</a></p>
