{"id":38,"date":"2014-09-18T12:34:08","date_gmt":"2014-09-18T10:34:08","guid":{"rendered":"http:\/\/agora.xtec.cat\/ceipvistaalegre\/?page_id=38"},"modified":"2021-11-12T11:52:35","modified_gmt":"2021-11-12T10:52:35","slug":"salut","status":"publish","type":"page","link":"https:\/\/agora.xtec.cat\/ceipvistaalegre\/lescola\/salut\/","title":{"rendered":"Trets d&#8217;identitat"},"content":{"rendered":"<p>Els trets d&#8217;identitat que defineixen la nostra escola s\u00f3n:<\/p>\n<h3>P\u00fablica<\/h3>\n<p>Som escola p\u00fablica, oberta i participativa, una escola de tots i per a tots. Estem compromesos en oferir un servei de qualitat i gratu\u00eft per als infanti, fomentant la participaci\u00f3 i la col\u00b7laboraci\u00f3 entre tots els membres de la comunitat educativa.<\/p>\n<h3>Catalana<\/h3>\n<p>El catal\u00e0 \u00e9s la llengua d&#8217;us i comunicaci\u00f3 de la vida quotidiana del centre, i la llengua vehicular en el proc\u00e9s d&#8217;ensenyament aprenentatge, a la vegada que l&#8217;escola \u00e9s transmissora dels trets d&#8217;identitat propis de Catalunya.<\/p>\n<p>Alhora potenciem l&#8217;\u00fas i l&#8217;aprenentatge la la llengua castellana i la llengua anglesa. El desenvolupament de l&#8217;aprenentatge de les tres lleng\u00fces (catal\u00e0, castell\u00e0 i angl\u00e8s) es concreta dins del Projecte Ling\u00fc\u00edstic de Centre.<\/p>\n<h3>Laica<\/h3>\n<p>Laica i respectuosa amb la manera de pensar i de fer de cada fam\u00edlia pel que fa a la religi\u00f3. A l&#8217;escola hi conviuen persones amb religions i creences diverses. Tothom hi t\u00e9 cabuda sense cap tipus de discriminaci\u00f3.<\/p>\n<h3>Inclusiva<\/h3>\n<p>Ser escola inclusiva, integradora i diversa suposa fer un plantejament educatiu i pedag\u00f2gic, aplicant m\u00e8todes com l&#8217;aprenentatge cooperatiu, els grups flexibles, els grups multi nivells&#8230; que tenen en compte el ritme de cadasc\u00fa, les dificultats, les capacitats i el ritme propi d&#8217;assoliment de les compet\u00e8ncies.<\/p>\n<h3>Integral<\/h3>\n<p>L&#8217;escola educa persones en el seu vesant f\u00edsic, intel\u00b7lectual i afectiu. Treballem les actituds, els coneixements, els h\u00e0bits, l&#8217;esperit cr\u00edtic, la responsabilitat i tots els aspectes que porten al desenvolupament integral de la persona.<\/p>\n<h3>Oberta i participativa<\/h3>\n<p>El di\u00e0leg i la participaci\u00f3 s\u00f3n fonamentals en el funcionament de l&#8217;escola. La tasca educativa es fonamenta en la interrelaci\u00f3 entre les persones, en el respecte mutu, l&#8217;intercanvi de parers, la reflexi\u00f3, la col\u00b7laboraci\u00f3 i la solidaritat.<\/p>\n<h3>Coeducativa<\/h3>\n<p>Una manera de fer que d\u00f3na l&#8217;oportunitat de desenvolupar al m\u00e0xim les pr\u00f2pies capacitats, fugint dels estereotips de g\u00e8nere.<\/p>\n<h3>Socialitzadora<\/h3>\n<p>Eduquem en cercar estrat\u00e8gies per resoldre dificultats i per conscienciar dels drets i deures que comporta la vida en societat. Fugim de la competitivitat, buscant f\u00f3rmules d&#8217;actuaci\u00f3 i vetllem perqu\u00e8 es donin les adequades condicions de respecte i toler\u00e0ncia entre iguals.<\/p>\n<h3>Plural<\/h3>\n<p>L&#8217;escola fomenta el respecte i el coneixement dels drets humans i d\u00f3na una especial rellev\u00e0ncia a la pau i a la conviv\u00e8ncia en tots els nivells i en tots els sectors de la comunitat educativa.<\/p>\n<h3>Sensible i respectuosa amb el medi ambient<\/h3>\n<p>Procurem que els infants tinguin cura i respecte pels \u00e9ssers vius i siguin conscients de la biodiversitat.<\/p>\n<p>&nbsp;<\/p>\n<p>&nbsp;<\/p>\n<p>&nbsp;<\/p>\n<p>&nbsp;<\/p>\n<p>&nbsp;<\/p>\n","protected":false},"excerpt":{"rendered":"<p>Els trets d&#8217;identitat que defineixen la nostra escola s\u00f3n:<br \/>\nP\u00fablica<br \/>\nSom escola p\u00fablica, oberta i participativa, una escola de tots i per a tots. Estem compromesos en oferir un servei de qualitat i gratu\u00eft per als infanti, fomentant la participaci\u00f3 i la col\u00b7laboraci\u00f3 entre tots els membres&hellip;  <a href=\"https:\/\/agora.xtec.cat\/ceipvistaalegre\/lescola\/salut\/\" title=\"Read Trets d&#8217;identitat\">Llegeix m\u00e9s\u00bb<\/a><\/p>\n","protected":false},"author":1,"featured_media":0,"parent":22,"menu_order":80,"comment_status":"closed","ping_status":"closed","template":"page-templates\/side-menu.php","meta":{"_bbp_topic_count":0,"_bbp_reply_count":0,"_bbp_total_topic_count":0,"_bbp_total_reply_count":0,"_bbp_voice_count":0,"_bbp_anonymous_reply_count":0,"_bbp_topic_count_hidden":0,"_bbp_reply_count_hidden":0,"_bbp_forum_subforum_count":0,"footnotes":""},"class_list":["post-38","page","type-page","status-publish","hentry"],"post_mailing_queue_ids":[],"_links":{"self":[{"href":"https:\/\/agora.xtec.cat\/ceipvistaalegre\/wp-json\/wp\/v2\/pages\/38","targetHints":{"allow":["GET"]}}],"collection":[{"href":"https:\/\/agora.xtec.cat\/ceipvistaalegre\/wp-json\/wp\/v2\/pages"}],"about":[{"href":"https:\/\/agora.xtec.cat\/ceipvistaalegre\/wp-json\/wp\/v2\/types\/page"}],"author":[{"embeddable":true,"href":"https:\/\/agora.xtec.cat\/ceipvistaalegre\/wp-json\/wp\/v2\/users\/1"}],"replies":[{"embeddable":true,"href":"https:\/\/agora.xtec.cat\/ceipvistaalegre\/wp-json\/wp\/v2\/comments?post=38"}],"version-history":[{"count":3,"href":"https:\/\/agora.xtec.cat\/ceipvistaalegre\/wp-json\/wp\/v2\/pages\/38\/revisions"}],"predecessor-version":[{"id":572,"href":"https:\/\/agora.xtec.cat\/ceipvistaalegre\/wp-json\/wp\/v2\/pages\/38\/revisions\/572"}],"up":[{"embeddable":true,"href":"https:\/\/agora.xtec.cat\/ceipvistaalegre\/wp-json\/wp\/v2\/pages\/22"}],"wp:attachment":[{"href":"https:\/\/agora.xtec.cat\/ceipvistaalegre\/wp-json\/wp\/v2\/media?parent=38"}],"curies":[{"name":"wp","href":"https:\/\/api.w.org\/{rel}","templated":true}]}}

<p>Els trets d&#8217;identitat que defineixen la nostra escola són:</p>
<h3>Pública</h3>
<p>Som escola pública, oberta i participativa, una escola de tots i per a tots. Estem compromesos en oferir un servei de qualitat i gratuït per als infanti, fomentant la participació i la col·laboració entre tots els membres de la comunitat educativa.</p>
<h3>Catalana</h3>
<p>El català és la llengua d&#8217;us i comunicació de la vida quotidiana del centre, i la llengua vehicular en el procés d&#8217;ensenyament aprenentatge, a la vegada que l&#8217;escola és transmissora dels trets d&#8217;identitat propis de Catalunya.</p>
<p>Alhora potenciem l&#8217;ús i l&#8217;aprenentatge la la llengua castellana i la llengua anglesa. El desenvolupament de l&#8217;aprenentatge de les tres llengües (català, castellà i anglès) es concreta dins del Projecte Lingüístic de Centre.</p>
<h3>Laica</h3>
<p>Laica i respectuosa amb la manera de pensar i de fer de cada família pel que fa a la religió. A l&#8217;escola hi conviuen persones amb religions i creences diverses. Tothom hi té cabuda sense cap tipus de discriminació.</p>
<h3>Inclusiva</h3>
<p>Ser escola inclusiva, integradora i diversa suposa fer un plantejament educatiu i pedagògic, aplicant mètodes com l&#8217;aprenentatge cooperatiu, els grups flexibles, els grups multi nivells&#8230; que tenen en compte el ritme de cadascú, les dificultats, les capacitats i el ritme propi d&#8217;assoliment de les competències.</p>
<h3>Integral</h3>
<p>L&#8217;escola educa persones en el seu vesant físic, intel·lectual i afectiu. Treballem les actituds, els coneixements, els hàbits, l&#8217;esperit crític, la responsabilitat i tots els aspectes que porten al desenvolupament integral de la persona.</p>
<h3>Oberta i participativa</h3>
<p>El diàleg i la participació són fonamentals en el funcionament de l&#8217;escola. La tasca educativa es fonamenta en la interrelació entre les persones, en el respecte mutu, l&#8217;intercanvi de parers, la reflexió, la col·laboració i la solidaritat.</p>
<h3>Coeducativa</h3>
<p>Una manera de fer que dóna l&#8217;oportunitat de desenvolupar al màxim les pròpies capacitats, fugint dels estereotips de gènere.</p>
<h3>Socialitzadora</h3>
<p>Eduquem en cercar estratègies per resoldre dificultats i per conscienciar dels drets i deures que comporta la vida en societat. Fugim de la competitivitat, buscant fórmules d&#8217;actuació i vetllem perquè es donin les adequades condicions de respecte i tolerància entre iguals.</p>
<h3>Plural</h3>
<p>L&#8217;escola fomenta el respecte i el coneixement dels drets humans i dóna una especial rellevància a la pau i a la convivència en tots els nivells i en tots els sectors de la comunitat educativa.</p>
<h3>Sensible i respectuosa amb el medi ambient</h3>
<p>Procurem que els infants tinguin cura i respecte pels éssers vius i siguin conscients de la biodiversitat.</p>
<p>&nbsp;</p>
<p>&nbsp;</p>
<p>&nbsp;</p>
<p>&nbsp;</p>
<p>&nbsp;</p>

<p>Els trets d&#8217;identitat que defineixen la nostra escola són:<br />
Pública<br />
Som escola pública, oberta i participativa, una escola de tots i per a tots. Estem compromesos en oferir un servei de qualitat i gratuït per als infanti, fomentant la participació i la col·laboració entre tots els membres&hellip;  <a href="https://agora.xtec.cat/ceipvistaalegre/lescola/salut/" title="Read Trets d&#8217;identitat">Llegeix més»</a></p>
