{"id":36,"date":"2014-09-18T12:33:11","date_gmt":"2014-09-18T11:33:11","guid":{"rendered":"http:\/\/agora.xtec.cat\/ceipvistaalegre\/?page_id=36"},"modified":"2025-09-05T12:57:48","modified_gmt":"2025-09-05T10:57:48","slug":"material-escolar","status":"publish","type":"page","link":"https:\/\/agora.xtec.cat\/ceipvistaalegre\/lescola\/material-escolar\/","title":{"rendered":"Qui som?"},"content":{"rendered":"<h3>Equip directiu<\/h3>\n<ul>\n<li>Noelia Figueredo Gonz\u00e1lez (directora)<\/li>\n<li>Cristina Garc\u00eda Aznar (cap d&#8217;estudis)<\/li>\n<li>Maria Figueras Paret (secret\u00e0ria)<\/li>\n<\/ul>\n<p><a href=\"https:\/\/drive.google.com\/drive\/folders\/1Ih4FIj08HKlYlCby9pJHJ_hWA8SCP59r\">TRAJECT\u00d2RIA I PERFIL PROFESSIONAL<\/a><\/p>\n<h3>Educaci\u00f3 Infantil<\/h3>\n<ul>\n<li>Lourdes Gonz\u00e1lez<\/li>\n<li>Lali L\u00f3pez<\/li>\n<li>Elisa Romero<\/li>\n<li>Imma Navarro<\/li>\n<li>Sonia Ortega<\/li>\n<\/ul>\n<h3>Educaci\u00f3 Prim\u00e0ria<\/h3>\n<ul>\n<li>Montserrat Ros<\/li>\n<li>Noelia Figueredo<\/li>\n<li>Cristina Garcia<\/li>\n<li>Maria Figueras<\/li>\n<li>M\u00f2nica Rosell<\/li>\n<li>Sara Mart\u00ednez<\/li>\n<li>M\u00f2nica M\u00e1rquez<\/li>\n<\/ul>\n<h3>Especialitats<\/h3>\n<ul>\n<li>Beatriz Escanciano (especialista d&#8217;educaci\u00f3 especial)<\/li>\n<li>Carme Jim\u00e9nez (especialista en llengua anglesa)<\/li>\n<li>\u00d2scar Reigosa (especialista en educaci\u00f3 f\u00edsica)<\/li>\n<li>Arnau Prats (especialista de m\u00fasica)<\/li>\n<\/ul>\n<h3>Personal de suport<\/h3>\n<ul>\n<li>Anna Juanola (T\u00e8cnica d&#8217;educaci\u00f3 infantil).<\/li>\n<li>Uma Yarba (monitoratge vetlladora)<\/li>\n<\/ul>\n<h3>Personal d&#8217;administraci\u00f3 i serveis<\/h3>\n<ul>\n<li>Alberto Garcia (conserge)<\/li>\n<li>Ver\u00f3nica Sarlet (administrativa)<\/li>\n<\/ul>\n<h3>Serveis<\/h3>\n<ul>\n<li>Al\u00edcia Terradas (coordinadora d&#8217;extraescolars)<\/li>\n<li>Laura Valls (coordinadora de menjador)<\/li>\n<\/ul>\n","protected":false},"excerpt":{"rendered":"<p>Equip directiu<\/p>\n<ul>\n<li>Noelia Figueredo Gonz\u00e1lez (directora)<\/li>\n<li>Cristina Garc\u00eda Aznar (cap d&#8217;estudis)<\/li>\n<li>Maria Figueras Paret (secret\u00e0ria)<\/li>\n<\/ul>\n<p><a href=\"https:\/\/drive.google.com\/drive\/folders\/1Ih4FIj08HKlYlCby9pJHJ_hWA8SCP59r\">TRAJECT\u00d2RIA I PERFIL PROFESSIONAL<\/a><br \/>\nEducaci\u00f3 Infantil<\/p>\n<ul>\n<li>Lourdes Gonz\u00e1lez<\/li>\n<li>Lali L\u00f3pez<\/li>\n<li>Elisa Romero<\/li>\n<li>Imma Navarro<\/li>\n<li>Sonia Ortega<\/li>\n<\/ul>\n<p>Educaci\u00f3 Prim\u00e0ria<\/p>\n<ul>\n<li>Montserrat Ros<\/li>\n<li>Noelia Figueredo<\/li>\n<li>Cristina Garcia<\/li>\n<li>Maria Figueras<\/li>\n<li>M\u00f2nica Rosell<\/li>\n<li>Sara Mart\u00ednez<\/li>\n<li>M\u00f2nica M\u00e1rquez<\/li>\n<\/ul>\n<p>Especialitats<\/p>\n<ul>\n<li>Beatriz Escanciano (especialista d&#8217;educaci\u00f3 especial)<\/li>\n<li>Carme Jim\u00e9nez (especialista en llengua anglesa)<\/li>\n<li>\u00d2scar Reigosa (especialista en educaci\u00f3 f\u00edsica)<\/li>\n<li>Arnau Prats&hellip;  <a href=\"https:\/\/agora.xtec.cat\/ceipvistaalegre\/lescola\/material-escolar\/\" title=\"Read Qui som?\">Llegeix m\u00e9s\u00bb<\/a><br \/>\n","protected":false},"author":1,"featured_media":0,"parent":22,"menu_order":70,"comment_status":"closed","ping_status":"closed","template":"page-templates\/side-menu.php","meta":{"_bbp_topic_count":0,"_bbp_reply_count":0,"_bbp_total_topic_count":0,"_bbp_total_reply_count":0,"_bbp_voice_count":0,"_bbp_anonymous_reply_count":0,"_bbp_topic_count_hidden":0,"_bbp_reply_count_hidden":0,"_bbp_forum_subforum_count":0,"footnotes":""},"class_list":["post-36","page","type-page","status-publish","hentry"],"post_mailing_queue_ids":[],"_links":{"self":[{"href":"https:\/\/agora.xtec.cat\/ceipvistaalegre\/wp-json\/wp\/v2\/pages\/36","targetHints":{"allow":["GET"]}}],"collection":[{"href":"https:\/\/agora.xtec.cat\/ceipvistaalegre\/wp-json\/wp\/v2\/pages"}],"about":[{"href":"https:\/\/agora.xtec.cat\/ceipvistaalegre\/wp-json\/wp\/v2\/types\/page"}],"author":[{"embeddable":true,"href":"https:\/\/agora.xtec.cat\/ceipvistaalegre\/wp-json\/wp\/v2\/users\/1"}],"replies":[{"embeddable":true,"href":"https:\/\/agora.xtec.cat\/ceipvistaalegre\/wp-json\/wp\/v2\/comments?post=36"}],"version-history":[{"count":7,"href":"https:\/\/agora.xtec.cat\/ceipvistaalegre\/wp-json\/wp\/v2\/pages\/36\/revisions"}],"predecessor-version":[{"id":11647,"href":"https:\/\/agora.xtec.cat\/ceipvistaalegre\/wp-json\/wp\/v2\/pages\/36\/revisions\/11647"}],"up":[{"embeddable":true,"href":"https:\/\/agora.xtec.cat\/ceipvistaalegre\/wp-json\/wp\/v2\/pages\/22"}],"wp:attachment":[{"href":"https:\/\/agora.xtec.cat\/ceipvistaalegre\/wp-json\/wp\/v2\/media?parent=36"}],"curies":[{"name":"wp","href":"https:\/\/api.w.org\/{rel}","templated":true}]}}

<h3>Equip directiu</h3>
<ul>
<li>Noelia Figueredo González (directora)</li>
<li>Cristina García Aznar (cap d&#8217;estudis)</li>
<li>Maria Figueras Paret (secretària)</li>
</ul>
<p><a href="https://drive.google.com/drive/folders/1Ih4FIj08HKlYlCby9pJHJ_hWA8SCP59r">TRAJECTÒRIA I PERFIL PROFESSIONAL</a></p>
<h3>Educació Infantil</h3>
<ul>
<li>Lourdes González</li>
<li>Lali López</li>
<li>Elisa Romero</li>
<li>Imma Navarro</li>
<li>Sonia Ortega</li>
</ul>
<h3>Educació Primària</h3>
<ul>
<li>Montserrat Ros</li>
<li>Noelia Figueredo</li>
<li>Cristina Garcia</li>
<li>Maria Figueras</li>
<li>Mònica Rosell</li>
<li>Sara Martínez</li>
<li>Mònica Márquez</li>
</ul>
<h3>Especialitats</h3>
<ul>
<li>Beatriz Escanciano (especialista d&#8217;educació especial)</li>
<li>Carme Jiménez (especialista en llengua anglesa)</li>
<li>Òscar Reigosa (especialista en educació física)</li>
<li>Arnau Prats (especialista de música)</li>
</ul>
<h3>Personal de suport</h3>
<ul>
<li>Anna Juanola (Tècnica d&#8217;educació infantil).</li>
<li>Uma Yarba (monitoratge vetlladora)</li>
</ul>
<h3>Personal d&#8217;administració i serveis</h3>
<ul>
<li>Alberto Garcia (conserge)</li>
<li>Verónica Sarlet (administrativa)</li>
</ul>
<h3>Serveis</h3>
<ul>
<li>Alícia Terradas (coordinadora d&#8217;extraescolars)</li>
<li>Laura Valls (coordinadora de menjador)</li>
</ul>

<p>Equip directiu</p>
<ul>
<li>Noelia Figueredo González (directora)</li>
<li>Cristina García Aznar (cap d&#8217;estudis)</li>
<li>Maria Figueras Paret (secretària)</li>
</ul>
<p><a href="https://drive.google.com/drive/folders/1Ih4FIj08HKlYlCby9pJHJ_hWA8SCP59r">TRAJECTÒRIA I PERFIL PROFESSIONAL</a><br />
Educació Infantil</p>
<ul>
<li>Lourdes González</li>
<li>Lali López</li>
<li>Elisa Romero</li>
<li>Imma Navarro</li>
<li>Sonia Ortega</li>
</ul>
<p>Educació Primària</p>
<ul>
<li>Montserrat Ros</li>
<li>Noelia Figueredo</li>
<li>Cristina Garcia</li>
<li>Maria Figueras</li>
<li>Mònica Rosell</li>
<li>Sara Martínez</li>
<li>Mònica Márquez</li>
</ul>
<p>Especialitats</p>
<ul>
<li>Beatriz Escanciano (especialista d&#8217;educació especial)</li>
<li>Carme Jiménez (especialista en llengua anglesa)</li>
<li>Òscar Reigosa (especialista en educació física)</li>
<li>Arnau Prats&hellip;  <a href="https://agora.xtec.cat/ceipvistaalegre/lescola/material-escolar/" title="Read Qui som?">Llegeix més»</a><br />
