{"id":3445,"date":"2020-12-03T09:26:09","date_gmt":"2020-12-03T08:26:09","guid":{"rendered":"https:\/\/agora.xtec.cat\/ceipvistaalegre\/?page_id=3445"},"modified":"2025-01-09T13:35:12","modified_gmt":"2025-01-09T12:35:12","slug":"a","status":"publish","type":"page","link":"https:\/\/agora.xtec.cat\/ceipvistaalegre\/projecte-educatiu\/a\/","title":{"rendered":"Sortides i col\u00f2nies"},"content":{"rendered":"<p>A l&#8217;Escola Vista Alegre defensem una educaci\u00f3 que traspassi les fronteres del centre escolar, basada en un aprenentatge vivencial, experimental i manipulatiu. All\u00f2 que es veu, que es toca, que se sent, queda per sempre. Per aix\u00f2, complementem les activitats d\u2019aula amb sortides que ens permetin apropar-nos i con\u00e8ixer en primera persona el nostre entorn: museus, espectacles, concerts, natura&#8230; Tamb\u00e9 aprofitem els espais i zones que tenim a prop de l&#8217;escola i ofereix la nostra ciutat: parcs, places, platja&#8230;<\/p>\n<p>Entre el segon i el tercer trimestre els infants d&#8217;I5-2n-4t i 6\u00e8 van de col\u00f2nies. \u00a0Es tracta, no nom\u00e9s de gaudir de dos dies (un, en el cas dels m\u00e9s petits) d\u2019esbarjo, activitat f\u00edsica i diversi\u00f3, sin\u00f3 tamb\u00e9 de fomentar la cohesi\u00f3 de grup i la cooperaci\u00f3 entre companys, i d\u2019establir un vincle m\u00e9s poper amb els mestres, en un altre espai als que estan acostumats. \u00a0Aix\u00ed mateix, els infants tenen una bona oportunitat per desenvolupar l\u2019autonomia personal i per con\u00e8ixer i implicar-se en l\u2019entorn natural. \u00a0Suposa, en definitiva, d\u2019una experi\u00e8ncia \u00fanica, emocionant i extraordin\u00e0riament significativa en el desenvolupament dels nens i nenes.<\/p>\n<p><a href=\"https:\/\/agora.xtec.cat\/ceipvistaalegre\/wp-content\/uploads\/usu1936\/2020\/12\/IMG_1326.jpg\"><img loading=\"lazy\" decoding=\"async\" class=\"wp-image-3452 aligncenter\" src=\"https:\/\/agora.xtec.cat\/ceipvistaalegre\/wp-content\/uploads\/usu1936\/2020\/12\/IMG_1326.jpg\" alt=\"\" width=\"500\" height=\"375\" \/>\u00a0\u00a0\u00a0\u00a0\u00a0\u00a0\u00a0\u00a0\u00a0\u00a0\u00a0\u00a0\u00a0\u00a0\u00a0\u00a0\u00a0\u00a0\u00a0\u00a0\u00a0\u00a0\u00a0\u00a0\u00a0\u00a0\u00a0\u00a0\u00a0\u00a0\u00a0\u00a0\u00a0\u00a0\u00a0\u00a0\u00a0\u00a0\u00a0\u00a0\u00a0\u00a0\u00a0\u00a0\u00a0\u00a0\u00a0\u00a0\u00a0\u00a0\u00a0\u00a0\u00a0\u00a0\u00a0\u00a0<\/a><\/p>\n<p>&nbsp;<\/p>\n","protected":false},"excerpt":{"rendered":"<p>A l&#8217;Escola Vista Alegre defensem una educaci\u00f3 que traspassi les fronteres del centre escolar, basada en un aprenentatge vivencial, experimental i manipulatiu. All\u00f2 que es veu, que es toca, que se sent, queda per sempre. Per aix\u00f2, complementem les activitats d\u2019aula amb sortides que ens&hellip;  <a href=\"https:\/\/agora.xtec.cat\/ceipvistaalegre\/projecte-educatiu\/a\/\" title=\"Read Sortides i col\u00f2nies\">Llegeix m\u00e9s\u00bb<\/a><\/p>\n","protected":false},"author":1,"featured_media":0,"parent":64,"menu_order":16,"comment_status":"closed","ping_status":"closed","template":"page-templates\/side-menu.php","meta":{"_bbp_topic_count":0,"_bbp_reply_count":0,"_bbp_total_topic_count":0,"_bbp_total_reply_count":0,"_bbp_voice_count":0,"_bbp_anonymous_reply_count":0,"_bbp_topic_count_hidden":0,"_bbp_reply_count_hidden":0,"_bbp_forum_subforum_count":0,"footnotes":""},"class_list":["post-3445","page","type-page","status-publish","hentry"],"post_mailing_queue_ids":[],"_links":{"self":[{"href":"https:\/\/agora.xtec.cat\/ceipvistaalegre\/wp-json\/wp\/v2\/pages\/3445","targetHints":{"allow":["GET"]}}],"collection":[{"href":"https:\/\/agora.xtec.cat\/ceipvistaalegre\/wp-json\/wp\/v2\/pages"}],"about":[{"href":"https:\/\/agora.xtec.cat\/ceipvistaalegre\/wp-json\/wp\/v2\/types\/page"}],"author":[{"embeddable":true,"href":"https:\/\/agora.xtec.cat\/ceipvistaalegre\/wp-json\/wp\/v2\/users\/1"}],"replies":[{"embeddable":true,"href":"https:\/\/agora.xtec.cat\/ceipvistaalegre\/wp-json\/wp\/v2\/comments?post=3445"}],"version-history":[{"count":4,"href":"https:\/\/agora.xtec.cat\/ceipvistaalegre\/wp-json\/wp\/v2\/pages\/3445\/revisions"}],"predecessor-version":[{"id":10833,"href":"https:\/\/agora.xtec.cat\/ceipvistaalegre\/wp-json\/wp\/v2\/pages\/3445\/revisions\/10833"}],"up":[{"embeddable":true,"href":"https:\/\/agora.xtec.cat\/ceipvistaalegre\/wp-json\/wp\/v2\/pages\/64"}],"wp:attachment":[{"href":"https:\/\/agora.xtec.cat\/ceipvistaalegre\/wp-json\/wp\/v2\/media?parent=3445"}],"curies":[{"name":"wp","href":"https:\/\/api.w.org\/{rel}","templated":true}]}}

Sortides i colònies

<p>A l&#8217;Escola Vista Alegre defensem una educació que traspassi les fronteres del centre escolar, basada en un aprenentatge vivencial, experimental i manipulatiu. Allò que es veu, que es toca, que se sent, queda per sempre. Per això, complementem les activitats d’aula amb sortides que ens permetin apropar-nos i conèixer en primera persona el nostre entorn: museus, espectacles, concerts, natura&#8230; També aprofitem els espais i zones que tenim a prop de l&#8217;escola i ofereix la nostra ciutat: parcs, places, platja&#8230;</p>
<p>Entre el segon i el tercer trimestre els infants d&#8217;I5-2n-4t i 6è van de colònies.  Es tracta, no només de gaudir de dos dies (un, en el cas dels més petits) d’esbarjo, activitat física i diversió, sinó també de fomentar la cohesió de grup i la cooperació entre companys, i d’establir un vincle més poper amb els mestres, en un altre espai als que estan acostumats.  Així mateix, els infants tenen una bona oportunitat per desenvolupar l’autonomia personal i per conèixer i implicar-se en l’entorn natural.  Suposa, en definitiva, d’una experiència única, emocionant i extraordinàriament significativa en el desenvolupament dels nens i nenes.</p>
<p><a href="https://agora.xtec.cat/ceipvistaalegre/wp-content/uploads/usu1936/2020/12/IMG_1326.jpg"><img loading="lazy" decoding="async" class="wp-image-3452 aligncenter" src="https://agora.xtec.cat/ceipvistaalegre/wp-content/uploads/usu1936/2020/12/IMG_1326.jpg" alt="" width="500" height="375" />                                                        </a></p>
<p>&nbsp;</p>

<p>A l&#8217;Escola Vista Alegre defensem una educació que traspassi les fronteres del centre escolar, basada en un aprenentatge vivencial, experimental i manipulatiu. Allò que es veu, que es toca, que se sent, queda per sempre. Per això, complementem les activitats d’aula amb sortides que ens&hellip;  <a href="https://agora.xtec.cat/ceipvistaalegre/projecte-educatiu/a/" title="Read Sortides i colònies">Llegeix més»</a></p>
