{"id":34,"date":"2014-09-18T12:32:18","date_gmt":"2014-09-18T11:32:18","guid":{"rendered":"http:\/\/agora.xtec.cat\/ceipvistaalegre\/?page_id=34"},"modified":"2019-07-19T10:26:25","modified_gmt":"2019-07-19T08:26:25","slug":"oferta-educativa","status":"publish","type":"page","link":"https:\/\/agora.xtec.cat\/ceipvistaalegre\/lescola\/oferta-educativa\/","title":{"rendered":"Oferta educativa"},"content":{"rendered":"<p>Estudis: (de 3 a 12 anys). Segon cicle d\u2019Educaci\u00f3 Infantil i Educaci\u00f3 Prim\u00e0ria.<\/p>\n<ul>\n<li>Horari Escolar:\n<ul>\n<li>Educaci\u00f3 Infantil: de 9:00 h a 12:30 h i de 15:00 a 16:30 h<\/li>\n<li>Educaci\u00f3 Prim\u00e0ria: de 9:00 h a 12:30 h i de 15:00 a 16:30 h<\/li>\n<\/ul>\n<\/li>\n<li>Extraescolar:\n<ul>\n<li>Servei d&#8217;acollida matinal de 7:40 h a 9:00<\/li>\n<li>Activitats d&#8217;extraescolars: de 16:30 a 18:00<\/li>\n<\/ul>\n<\/li>\n<\/ul>\n<p><strong>Alumnat<\/strong><\/p>\n<p>La capacitat del Centre \u00e9s de 225 alumnes, i la relaci\u00f3 professors\/alumnes\/classe \u00e9s, majorit\u00e0riament, 1\/25. Les unitats s\u00f3n:<\/p>\n<table style=\"border-collapse: collapse; width: 30.1866%; height: 73px;\" border=\"1\">\n<tbody>\n<tr>\n<td style=\"width: 50%; text-align: center;\">Ed. Infantil<\/td>\n<td style=\"width: 50%; text-align: center;\">Ed. Prim\u00e0ria<\/td>\n<\/tr>\n<tr>\n<td style=\"width: 50%; text-align: center;\">3 grups (P3, P4 i P5)<\/td>\n<td style=\"width: 50%; text-align: center;\">6 grups (1r, 2n, 3r, 4t, 5\u00e8 i 6\u00e8)<\/td>\n<\/tr>\n<\/tbody>\n<\/table>\n","protected":false},"excerpt":{"rendered":"<p>Estudis: (de 3 a 12 anys). Segon cicle d\u2019Educaci\u00f3 Infantil i Educaci\u00f3 Prim\u00e0ria.<\/p>\n<ul>\n<li>Horari Escolar:\n<ul>\n<li>Educaci\u00f3 Infantil: de 9:00 h a 12:30 h i de 15:00 a 16:30 h<\/li>\n<li>Educaci\u00f3 Prim\u00e0ria: de 9:00 h a 12:30 h i de 15:00 a 16:30 h<\/li>\n<\/ul>\n<\/li>\n<li>Extraescolar:\n<ul>\n<li>Servei d&#8217;acollida matinal de 7:40 h&hellip;  <a href=\"https:\/\/agora.xtec.cat\/ceipvistaalegre\/lescola\/oferta-educativa\/\" title=\"Read Oferta educativa\">Llegeix m\u00e9s\u00bb<\/a><br \/>\n","protected":false},"author":1,"featured_media":0,"parent":22,"menu_order":60,"comment_status":"closed","ping_status":"closed","template":"page-templates\/side-menu.php","meta":{"_bbp_topic_count":0,"_bbp_reply_count":0,"_bbp_total_topic_count":0,"_bbp_total_reply_count":0,"_bbp_voice_count":0,"_bbp_anonymous_reply_count":0,"_bbp_topic_count_hidden":0,"_bbp_reply_count_hidden":0,"_bbp_forum_subforum_count":0,"footnotes":""},"class_list":["post-34","page","type-page","status-publish","hentry"],"post_mailing_queue_ids":[],"_links":{"self":[{"href":"https:\/\/agora.xtec.cat\/ceipvistaalegre\/wp-json\/wp\/v2\/pages\/34","targetHints":{"allow":["GET"]}}],"collection":[{"href":"https:\/\/agora.xtec.cat\/ceipvistaalegre\/wp-json\/wp\/v2\/pages"}],"about":[{"href":"https:\/\/agora.xtec.cat\/ceipvistaalegre\/wp-json\/wp\/v2\/types\/page"}],"author":[{"embeddable":true,"href":"https:\/\/agora.xtec.cat\/ceipvistaalegre\/wp-json\/wp\/v2\/users\/1"}],"replies":[{"embeddable":true,"href":"https:\/\/agora.xtec.cat\/ceipvistaalegre\/wp-json\/wp\/v2\/comments?post=34"}],"version-history":[{"count":2,"href":"https:\/\/agora.xtec.cat\/ceipvistaalegre\/wp-json\/wp\/v2\/pages\/34\/revisions"}],"predecessor-version":[{"id":1106,"href":"https:\/\/agora.xtec.cat\/ceipvistaalegre\/wp-json\/wp\/v2\/pages\/34\/revisions\/1106"}],"up":[{"embeddable":true,"href":"https:\/\/agora.xtec.cat\/ceipvistaalegre\/wp-json\/wp\/v2\/pages\/22"}],"wp:attachment":[{"href":"https:\/\/agora.xtec.cat\/ceipvistaalegre\/wp-json\/wp\/v2\/media?parent=34"}],"curies":[{"name":"wp","href":"https:\/\/api.w.org\/{rel}","templated":true}]}}

<p>Estudis: (de 3 a 12 anys). Segon cicle d’Educació Infantil i Educació Primària.</p>
<ul>
<li>Horari Escolar:
<ul>
<li>Educació Infantil: de 9:00 h a 12:30 h i de 15:00 a 16:30 h</li>
<li>Educació Primària: de 9:00 h a 12:30 h i de 15:00 a 16:30 h</li>
</ul>
</li>
<li>Extraescolar:
<ul>
<li>Servei d&#8217;acollida matinal de 7:40 h a 9:00</li>
<li>Activitats d&#8217;extraescolars: de 16:30 a 18:00</li>
</ul>
</li>
</ul>
<p><strong>Alumnat</strong></p>
<p>La capacitat del Centre és de 225 alumnes, i la relació professors/alumnes/classe és, majoritàriament, 1/25. Les unitats són:</p>
<table style="border-collapse: collapse; width: 30.1866%; height: 73px;" border="1">
<tbody>
<tr>
<td style="width: 50%; text-align: center;">Ed. Infantil</td>
<td style="width: 50%; text-align: center;">Ed. Primària</td>
</tr>
<tr>
<td style="width: 50%; text-align: center;">3 grups (P3, P4 i P5)</td>
<td style="width: 50%; text-align: center;">6 grups (1r, 2n, 3r, 4t, 5è i 6è)</td>
</tr>
</tbody>
</table>

<p>Estudis: (de 3 a 12 anys). Segon cicle d’Educació Infantil i Educació Primària.</p>
<ul>
<li>Horari Escolar:
<ul>
<li>Educació Infantil: de 9:00 h a 12:30 h i de 15:00 a 16:30 h</li>
<li>Educació Primària: de 9:00 h a 12:30 h i de 15:00 a 16:30 h</li>
</ul>
</li>
<li>Extraescolar:
<ul>
<li>Servei d&#8217;acollida matinal de 7:40 h&hellip;  <a href="https://agora.xtec.cat/ceipvistaalegre/lescola/oferta-educativa/" title="Read Oferta educativa">Llegeix més»</a><br />
