{"id":32,"date":"2014-09-18T12:31:33","date_gmt":"2014-09-18T11:31:33","guid":{"rendered":"http:\/\/agora.xtec.cat\/ceipvistaalegre\/?page_id=32"},"modified":"2025-01-09T13:48:07","modified_gmt":"2025-01-09T12:48:07","slug":"calendari-del-curs","status":"publish","type":"page","link":"https:\/\/agora.xtec.cat\/ceipvistaalegre\/lescola\/calendari-del-curs\/","title":{"rendered":"Calendari del curs"},"content":{"rendered":"<p style=\"font-weight: 400;\">Segons l&#8217;ordre <a href=\"https:\/\/dogc.gencat.cat\/ca\/document-del-dogc\/?documentId=902561\">ORDRE EDU\/119\/2021<\/a>, de 28 de maig, s\u2019estableix el calendari escolar del curs 2024\/25.<\/p>\n<h4><strong>Inici de curs:<\/strong><\/h4>\n<p>Del 9 de setembre al 20 de juny (ambd\u00f3s inclosos)<\/p>\n<h4><strong>Vacances:<\/strong><\/h4>\n<p><strong>VACANCES D\u2019HIVERN<\/strong>: Del 20 de desembre de 2024 al 8 de gener de 2025\u00a0 (ambd\u00f3s inclosos)<\/p>\n<p><strong>VACANCES DE SETMANA SANTA<\/strong> : Del 14 al 21 d&#8217;abril (ambd\u00f3s inclosos)<\/p>\n<p><strong>VACANCES D\u2019ESTIU<\/strong>: A partir del 20 de juny de 2025<\/p>\n<h4><strong>Dies festius de lliure disposici\u00f3:<\/strong><\/h4>\n<ul>\n<li>11 d&#8217;octubre de 2024<\/li>\n<li>4 de novembre de 2024<\/li>\n<li>7 de febrer de 2025<\/li>\n<li>3 de mar\u00e7 de 2025<\/li>\n<li>2 de maig de 2025<\/li>\n<\/ul>\n<h4><strong>Jornada compactada:<\/strong><\/h4>\n<p>20 de desembre de 2024 i del 10 al 20 de juny de 2025 (ambd\u00f3s inclosos)<\/p>\n<p>L\u2019horari ordinari del centre \u00e9s de 9,00 h a 12,30 h i de 15,00 a 16,30 h per a tots els alumnes del centre.<\/p>\n<p>El servei d&#8217;acollida \u00e9s de 7:45 a 9:00 h.<\/p>\n<p>L&#8217;horari de menjador \u00e9s de 12:30 a 15:00 h.<\/p>\n<p>Les activitats extraescolars s\u00f3n de 16:30 a 18:00 h<\/p>\n<p>Per als alumnes que inicien l\u2019escolaritzaci\u00f3 a I3 s\u2019organitza un breu per\u00edode d\u2019adaptaci\u00f3 que suposa una certa modificaci\u00f3 dels horaris dels primers dies de curs, i que es fa saber a les fam\u00edlies en les reunions pr\u00e8vies corresponents.<\/p>\n","protected":false},"excerpt":{"rendered":"<p>Segons l&#8217;ordre <a href=\"https:\/\/dogc.gencat.cat\/ca\/document-del-dogc\/?documentId=902561\">ORDRE EDU\/119\/2021<\/a>, de 28 de maig, s\u2019estableix el calendari escolar del curs 2024\/25.<br \/>\nInici de curs:<br \/>\nDel 9 de setembre al 20 de juny (ambd\u00f3s inclosos)<br \/>\nVacances:<br \/>\nVACANCES D\u2019HIVERN: Del 20 de desembre de 2024 al 8 de gener de 2025\u00a0 (ambd\u00f3s inclosos)<br \/>\nVACANCES DE SETMANA SANTA&hellip;  <a href=\"https:\/\/agora.xtec.cat\/ceipvistaalegre\/lescola\/calendari-del-curs\/\" title=\"Read Calendari del curs\">Llegeix m\u00e9s\u00bb<\/a><\/p>\n","protected":false},"author":1,"featured_media":0,"parent":22,"menu_order":50,"comment_status":"closed","ping_status":"closed","template":"page-templates\/side-menu.php","meta":{"_bbp_topic_count":0,"_bbp_reply_count":0,"_bbp_total_topic_count":0,"_bbp_total_reply_count":0,"_bbp_voice_count":0,"_bbp_anonymous_reply_count":0,"_bbp_topic_count_hidden":0,"_bbp_reply_count_hidden":0,"_bbp_forum_subforum_count":0,"footnotes":""},"class_list":["post-32","page","type-page","status-publish","hentry"],"post_mailing_queue_ids":[],"_links":{"self":[{"href":"https:\/\/agora.xtec.cat\/ceipvistaalegre\/wp-json\/wp\/v2\/pages\/32","targetHints":{"allow":["GET"]}}],"collection":[{"href":"https:\/\/agora.xtec.cat\/ceipvistaalegre\/wp-json\/wp\/v2\/pages"}],"about":[{"href":"https:\/\/agora.xtec.cat\/ceipvistaalegre\/wp-json\/wp\/v2\/types\/page"}],"author":[{"embeddable":true,"href":"https:\/\/agora.xtec.cat\/ceipvistaalegre\/wp-json\/wp\/v2\/users\/1"}],"replies":[{"embeddable":true,"href":"https:\/\/agora.xtec.cat\/ceipvistaalegre\/wp-json\/wp\/v2\/comments?post=32"}],"version-history":[{"count":4,"href":"https:\/\/agora.xtec.cat\/ceipvistaalegre\/wp-json\/wp\/v2\/pages\/32\/revisions"}],"predecessor-version":[{"id":10839,"href":"https:\/\/agora.xtec.cat\/ceipvistaalegre\/wp-json\/wp\/v2\/pages\/32\/revisions\/10839"}],"up":[{"embeddable":true,"href":"https:\/\/agora.xtec.cat\/ceipvistaalegre\/wp-json\/wp\/v2\/pages\/22"}],"wp:attachment":[{"href":"https:\/\/agora.xtec.cat\/ceipvistaalegre\/wp-json\/wp\/v2\/media?parent=32"}],"curies":[{"name":"wp","href":"https:\/\/api.w.org\/{rel}","templated":true}]}}

<p style="font-weight: 400;">Segons l&#8217;ordre <a href="https://dogc.gencat.cat/ca/document-del-dogc/?documentId=902561">ORDRE EDU/119/2021</a>, de 28 de maig, s’estableix el calendari escolar del curs 2024/25.</p>
<h4><strong>Inici de curs:</strong></h4>
<p>Del 9 de setembre al 20 de juny (ambdós inclosos)</p>
<h4><strong>Vacances:</strong></h4>
<p><strong>VACANCES D’HIVERN</strong>: Del 20 de desembre de 2024 al 8 de gener de 2025  (ambdós inclosos)</p>
<p><strong>VACANCES DE SETMANA SANTA</strong> : Del 14 al 21 d&#8217;abril (ambdós inclosos)</p>
<p><strong>VACANCES D’ESTIU</strong>: A partir del 20 de juny de 2025</p>
<h4><strong>Dies festius de lliure disposició:</strong></h4>
<ul>
<li>11 d&#8217;octubre de 2024</li>
<li>4 de novembre de 2024</li>
<li>7 de febrer de 2025</li>
<li>3 de març de 2025</li>
<li>2 de maig de 2025</li>
</ul>
<h4><strong>Jornada compactada:</strong></h4>
<p>20 de desembre de 2024 i del 10 al 20 de juny de 2025 (ambdós inclosos)</p>
<p>L’horari ordinari del centre és de 9,00 h a 12,30 h i de 15,00 a 16,30 h per a tots els alumnes del centre.</p>
<p>El servei d&#8217;acollida és de 7:45 a 9:00 h.</p>
<p>L&#8217;horari de menjador és de 12:30 a 15:00 h.</p>
<p>Les activitats extraescolars són de 16:30 a 18:00 h</p>
<p>Per als alumnes que inicien l’escolarització a I3 s’organitza un breu període d’adaptació que suposa una certa modificació dels horaris dels primers dies de curs, i que es fa saber a les famílies en les reunions prèvies corresponents.</p>

<p>Segons l&#8217;ordre <a href="https://dogc.gencat.cat/ca/document-del-dogc/?documentId=902561">ORDRE EDU/119/2021</a>, de 28 de maig, s’estableix el calendari escolar del curs 2024/25.<br />
Inici de curs:<br />
Del 9 de setembre al 20 de juny (ambdós inclosos)<br />
Vacances:<br />
VACANCES D’HIVERN: Del 20 de desembre de 2024 al 8 de gener de 2025  (ambdós inclosos)<br />
VACANCES DE SETMANA SANTA&hellip;  <a href="https://agora.xtec.cat/ceipvistaalegre/lescola/calendari-del-curs/" title="Read Calendari del curs">Llegeix més»</a></p>
