{"id":28,"date":"2014-09-18T12:29:35","date_gmt":"2014-09-18T11:29:35","guid":{"rendered":"http:\/\/agora.xtec.cat\/ceipvistaalegre\/?page_id=28"},"modified":"2025-03-18T10:21:12","modified_gmt":"2025-03-18T09:21:12","slug":"consell-escolar","status":"publish","type":"page","link":"https:\/\/agora.xtec.cat\/ceipvistaalegre\/lescola\/consell-escolar\/","title":{"rendered":"Consell escolar"},"content":{"rendered":"<p>El consell escolar \u00e9s l&#8217;\u00f2rgan de participaci\u00f3 dels diferents sectors de la comunitat educativa en el govern dels centres.<\/p>\n<p>El formen els representants de tota la comunitat educativa, \u00e9s a dir, direcci\u00f3, professors, fam\u00edlies, personal d&#8217;administraci\u00f3 i serveis, representants de l&#8217;administraci\u00f3 local i altres persones que el mateix consell consideri necess\u00e0ries.<\/p>\n<div class=\"FW_sPregunta FW_sImpacte\">\n<div class=\"FW_sArticleFoto\">\n<div class=\"FW_sEditPro\">\n<p>La funci\u00f3 principal del consell escolar \u00e9s participar en la presa de decisions en relaci\u00f3 amb aquells temes importants per al funcionament i l&#8217;organitzaci\u00f3 del centre: el projecte educatiu, la programaci\u00f3 general, la gesti\u00f3 econ\u00f2mica, la resoluci\u00f3 dels conflictes, les activitats extraescolars, l&#8217;horari lectiu&#8230; La funci\u00f3 principal del consell escolar \u00e9s debatre, analitzar, avaluar i prendre decisions sobre els temes proposats pel titular del centre.<\/p>\n<\/div>\n<\/div>\n<div class=\"FW_clear FW_hrBlanc\" style=\"text-align: justify;\"><span style=\"font-family: inherit; font-size: 1em;\">Els representants del consell escolar s\u00f3n escollits per un per\u00edode de quatre anys, per\u00f2 cada dos anys es convoquen eleccions per renovar la meitat dels seus membres.<\/span><\/div>\n<div><\/div>\n<\/div>\n<div class=\"FW_sPregunta FW_sImpacte\">\n<div class=\"FW_sArticleFoto\">\n<div class=\"FW_sEditPro\">\n<p style=\"text-align: justify;\">Les eleccions per a la renovaci\u00f3 del consell escolar les convoca el director del centre p\u00fablic o la persona titular del centre privat concertat.<\/p>\n<h4><strong>ACORDS DE LES SESSIONS DEL CONSELL ESCOLAR<\/strong><\/h4>\n<p><em>Al llarg del curs anirem fent p\u00fablics els acords presos a les sessions del Consell Escolar. No es publicar\u00e0 cap acta oficial.<\/em><\/p>\n<p><a href=\"https:\/\/agora.xtec.cat\/ceipvistaalegre\/wp-content\/uploads\/usu1936\/2025\/03\/ActaCE_04_12_24.pdf\">ActaCE_04_12_24<\/a><\/p>\n<p><a href=\"https:\/\/agora.xtec.cat\/ceipvistaalegre\/wp-content\/uploads\/usu1936\/2025\/03\/ActaCE_05_02_25.pdf\">Acta 05\/02\/2025<\/a><\/p>\n<p><a href=\"https:\/\/agora.xtec.cat\/ceipvistaalegre\/wp-content\/uploads\/usu1936\/2025\/03\/ActaCE_11_03_25.pdf\">ActaCE_11_03_25<\/a><\/p>\n<\/div>\n<\/div>\n<\/div>\n","protected":false},"excerpt":{"rendered":"<p>El consell escolar \u00e9s l&#8217;\u00f2rgan de participaci\u00f3 dels diferents sectors de la comunitat educativa en el govern dels centres.<br \/>\nEl formen els representants de tota la comunitat educativa, \u00e9s a dir, direcci\u00f3, professors, fam\u00edlies, personal d&#8217;administraci\u00f3 i serveis, representants de l&#8217;administraci\u00f3 local i altres persones que&hellip;  <a href=\"https:\/\/agora.xtec.cat\/ceipvistaalegre\/lescola\/consell-escolar\/\" title=\"Read Consell escolar\">Llegeix m\u00e9s\u00bb<\/a><\/p>\n","protected":false},"author":1,"featured_media":0,"parent":22,"menu_order":30,"comment_status":"closed","ping_status":"closed","template":"page-templates\/side-menu.php","meta":{"_bbp_topic_count":0,"_bbp_reply_count":0,"_bbp_total_topic_count":0,"_bbp_total_reply_count":0,"_bbp_voice_count":0,"_bbp_anonymous_reply_count":0,"_bbp_topic_count_hidden":0,"_bbp_reply_count_hidden":0,"_bbp_forum_subforum_count":0,"footnotes":""},"class_list":["post-28","page","type-page","status-publish","hentry"],"post_mailing_queue_ids":[],"_links":{"self":[{"href":"https:\/\/agora.xtec.cat\/ceipvistaalegre\/wp-json\/wp\/v2\/pages\/28","targetHints":{"allow":["GET"]}}],"collection":[{"href":"https:\/\/agora.xtec.cat\/ceipvistaalegre\/wp-json\/wp\/v2\/pages"}],"about":[{"href":"https:\/\/agora.xtec.cat\/ceipvistaalegre\/wp-json\/wp\/v2\/types\/page"}],"author":[{"embeddable":true,"href":"https:\/\/agora.xtec.cat\/ceipvistaalegre\/wp-json\/wp\/v2\/users\/1"}],"replies":[{"embeddable":true,"href":"https:\/\/agora.xtec.cat\/ceipvistaalegre\/wp-json\/wp\/v2\/comments?post=28"}],"version-history":[{"count":6,"href":"https:\/\/agora.xtec.cat\/ceipvistaalegre\/wp-json\/wp\/v2\/pages\/28\/revisions"}],"predecessor-version":[{"id":11299,"href":"https:\/\/agora.xtec.cat\/ceipvistaalegre\/wp-json\/wp\/v2\/pages\/28\/revisions\/11299"}],"up":[{"embeddable":true,"href":"https:\/\/agora.xtec.cat\/ceipvistaalegre\/wp-json\/wp\/v2\/pages\/22"}],"wp:attachment":[{"href":"https:\/\/agora.xtec.cat\/ceipvistaalegre\/wp-json\/wp\/v2\/media?parent=28"}],"curies":[{"name":"wp","href":"https:\/\/api.w.org\/{rel}","templated":true}]}}

<p>El consell escolar és l&#8217;òrgan de participació dels diferents sectors de la comunitat educativa en el govern dels centres.</p>
<p>El formen els representants de tota la comunitat educativa, és a dir, direcció, professors, famílies, personal d&#8217;administració i serveis, representants de l&#8217;administració local i altres persones que el mateix consell consideri necessàries.</p>
<div class="FW_sPregunta FW_sImpacte">
<div class="FW_sArticleFoto">
<div class="FW_sEditPro">
<p>La funció principal del consell escolar és participar en la presa de decisions en relació amb aquells temes importants per al funcionament i l&#8217;organització del centre: el projecte educatiu, la programació general, la gestió econòmica, la resolució dels conflictes, les activitats extraescolars, l&#8217;horari lectiu&#8230; La funció principal del consell escolar és debatre, analitzar, avaluar i prendre decisions sobre els temes proposats pel titular del centre.</p>
</div>
</div>
<div class="FW_clear FW_hrBlanc" style="text-align: justify;"><span style="font-family: inherit; font-size: 1em;">Els representants del consell escolar són escollits per un període de quatre anys, però cada dos anys es convoquen eleccions per renovar la meitat dels seus membres.</span></div>
<div></div>
</div>
<div class="FW_sPregunta FW_sImpacte">
<div class="FW_sArticleFoto">
<div class="FW_sEditPro">
<p style="text-align: justify;">Les eleccions per a la renovació del consell escolar les convoca el director del centre públic o la persona titular del centre privat concertat.</p>
<h4><strong>ACORDS DE LES SESSIONS DEL CONSELL ESCOLAR</strong></h4>
<p><em>Al llarg del curs anirem fent públics els acords presos a les sessions del Consell Escolar. No es publicarà cap acta oficial.</em></p>
<p><a href="https://agora.xtec.cat/ceipvistaalegre/wp-content/uploads/usu1936/2025/03/ActaCE_04_12_24.pdf">ActaCE_04_12_24</a></p>
<p><a href="https://agora.xtec.cat/ceipvistaalegre/wp-content/uploads/usu1936/2025/03/ActaCE_05_02_25.pdf">Acta 05/02/2025</a></p>
<p><a href="https://agora.xtec.cat/ceipvistaalegre/wp-content/uploads/usu1936/2025/03/ActaCE_11_03_25.pdf">ActaCE_11_03_25</a></p>
</div>
</div>
</div>

<p>El consell escolar és l&#8217;òrgan de participació dels diferents sectors de la comunitat educativa en el govern dels centres.<br />
El formen els representants de tota la comunitat educativa, és a dir, direcció, professors, famílies, personal d&#8217;administració i serveis, representants de l&#8217;administració local i altres persones que&hellip;  <a href="https://agora.xtec.cat/ceipvistaalegre/lescola/consell-escolar/" title="Read Consell escolar">Llegeix més»</a></p>
