{"id":26,"date":"2014-09-18T12:24:32","date_gmt":"2014-09-18T11:24:32","guid":{"rendered":"http:\/\/agora.xtec.cat\/ceipvistaalegre\/?page_id=26"},"modified":"2022-10-17T09:50:52","modified_gmt":"2022-10-17T07:50:52","slug":"historia","status":"publish","type":"page","link":"https:\/\/agora.xtec.cat\/ceipvistaalegre\/lescola\/historia\/","title":{"rendered":"Hist\u00f2ria"},"content":{"rendered":"<p>La nostra escola es situa dins els barris de Vista Alegre i Molins, sent l\u2019escola de Matar\u00f3 que encap\u00e7ala el nord de la nostra ciutat amb unes vistes sobre la mar mediterr\u00e0nia.<img loading=\"lazy\" decoding=\"async\" class=\" wp-image-4915 alignright\" src=\"https:\/\/escolavistaalegre.files.wordpress.com\/2010\/01\/img_20170208_1336541.jpg?w=399&amp;h=224\" alt=\"img_20170208_133654\" width=\"399\" height=\"224\" data-attachment-id=\"4915\" data-permalink=\"https:\/\/escolavistaalegre.wordpress.com\/acerca-de\/img_20170208_133654-2\/\" data-orig-file=\"https:\/\/escolavistaalegre.files.wordpress.com\/2010\/01\/img_20170208_1336541-e1488972980239.jpg\" data-orig-size=\"41,23\" data-comments-opened=\"1\" data-image-meta=\"{&quot;aperture&quot;:&quot;2&quot;,&quot;credit&quot;:&quot;&quot;,&quot;camera&quot;:&quot;ALE-L21&quot;,&quot;caption&quot;:&quot;&quot;,&quot;created_timestamp&quot;:&quot;1486561015&quot;,&quot;copyright&quot;:&quot;&quot;,&quot;focal_length&quot;:&quot;3.79&quot;,&quot;iso&quot;:&quot;100&quot;,&quot;shutter_speed&quot;:&quot;0.00067069081153588&quot;,&quot;title&quot;:&quot;&quot;,&quot;orientation&quot;:&quot;1&quot;}\" data-image-title=\"img_20170208_133654\" data-image-description=\"\" data-medium-file=\"https:\/\/escolavistaalegre.files.wordpress.com\/2010\/01\/img_20170208_1336541-e1488972980239.jpg?w=41\" data-large-file=\"https:\/\/escolavistaalegre.files.wordpress.com\/2010\/01\/img_20170208_1336541-e1488972980239.jpg?w=41\" \/><\/p>\n<p>L\u2019escola Vista Alegre \u00e9s d\u2019una l\u00ednia: tres aules d\u2019 Educaci\u00f3 Infantil i sis de Prim\u00e0ria i una aula de suport a la inclusi\u00f3; amb quinze mestres per atendre les diferents especialitats i tutories.<\/p>\n<p>En \u00e9sser una escola petita, t\u00e9 un caire familiar on tothom es coneix: pares, mares, mestres, nens i nenes. Alhora, fa que els\/les mestres treballem conjuntament com un sol equip en tots els projectes que es van programant.<\/p>\n<p>A l\u2019escola ens agrada motivar i fer participar a tots els membres de la comunitat educativa en totes les activitats, festes i celebracions relacionades amb el centre, fent de les petites coses de la vida quotidiana grans esdeveniments.<\/p>\n","protected":false},"excerpt":{"rendered":"<p>La nostra escola es situa dins els barris de Vista Alegre i Molins, sent l\u2019escola de Matar\u00f3 que encap\u00e7ala el nord de la nostra ciutat amb unes vistes sobre la mar mediterr\u00e0nia.<br \/>\nL\u2019escola Vista Alegre \u00e9s d\u2019una l\u00ednia: tres aules d\u2019 Educaci\u00f3 Infantil i sis de&hellip;  <a href=\"https:\/\/agora.xtec.cat\/ceipvistaalegre\/lescola\/historia\/\" title=\"Read Hist\u00f2ria\">Llegeix m\u00e9s\u00bb<\/a><\/p>\n","protected":false},"author":1,"featured_media":0,"parent":22,"menu_order":20,"comment_status":"closed","ping_status":"closed","template":"page-templates\/side-menu.php","meta":{"_bbp_topic_count":0,"_bbp_reply_count":0,"_bbp_total_topic_count":0,"_bbp_total_reply_count":0,"_bbp_voice_count":0,"_bbp_anonymous_reply_count":0,"_bbp_topic_count_hidden":0,"_bbp_reply_count_hidden":0,"_bbp_forum_subforum_count":0,"footnotes":""},"class_list":["post-26","page","type-page","status-publish","hentry"],"post_mailing_queue_ids":[],"_links":{"self":[{"href":"https:\/\/agora.xtec.cat\/ceipvistaalegre\/wp-json\/wp\/v2\/pages\/26","targetHints":{"allow":["GET"]}}],"collection":[{"href":"https:\/\/agora.xtec.cat\/ceipvistaalegre\/wp-json\/wp\/v2\/pages"}],"about":[{"href":"https:\/\/agora.xtec.cat\/ceipvistaalegre\/wp-json\/wp\/v2\/types\/page"}],"author":[{"embeddable":true,"href":"https:\/\/agora.xtec.cat\/ceipvistaalegre\/wp-json\/wp\/v2\/users\/1"}],"replies":[{"embeddable":true,"href":"https:\/\/agora.xtec.cat\/ceipvistaalegre\/wp-json\/wp\/v2\/comments?post=26"}],"version-history":[{"count":2,"href":"https:\/\/agora.xtec.cat\/ceipvistaalegre\/wp-json\/wp\/v2\/pages\/26\/revisions"}],"predecessor-version":[{"id":7620,"href":"https:\/\/agora.xtec.cat\/ceipvistaalegre\/wp-json\/wp\/v2\/pages\/26\/revisions\/7620"}],"up":[{"embeddable":true,"href":"https:\/\/agora.xtec.cat\/ceipvistaalegre\/wp-json\/wp\/v2\/pages\/22"}],"wp:attachment":[{"href":"https:\/\/agora.xtec.cat\/ceipvistaalegre\/wp-json\/wp\/v2\/media?parent=26"}],"curies":[{"name":"wp","href":"https:\/\/api.w.org\/{rel}","templated":true}]}}

Història

<p>La nostra escola es situa dins els barris de Vista Alegre i Molins, sent l’escola de Mataró que encapçala el nord de la nostra ciutat amb unes vistes sobre la mar mediterrània.<img loading="lazy" decoding="async" class=" wp-image-4915 alignright" src="https://escolavistaalegre.files.wordpress.com/2010/01/img_20170208_1336541.jpg?w=399&amp;h=224" alt="img_20170208_133654" width="399" height="224" data-attachment-id="4915" data-permalink="https://escolavistaalegre.wordpress.com/acerca-de/img_20170208_133654-2/" data-orig-file="https://escolavistaalegre.files.wordpress.com/2010/01/img_20170208_1336541-e1488972980239.jpg" data-orig-size="41,23" data-comments-opened="1" data-image-meta="{&quot;aperture&quot;:&quot;2&quot;,&quot;credit&quot;:&quot;&quot;,&quot;camera&quot;:&quot;ALE-L21&quot;,&quot;caption&quot;:&quot;&quot;,&quot;created_timestamp&quot;:&quot;1486561015&quot;,&quot;copyright&quot;:&quot;&quot;,&quot;focal_length&quot;:&quot;3.79&quot;,&quot;iso&quot;:&quot;100&quot;,&quot;shutter_speed&quot;:&quot;0.00067069081153588&quot;,&quot;title&quot;:&quot;&quot;,&quot;orientation&quot;:&quot;1&quot;}" data-image-title="img_20170208_133654" data-image-description="" data-medium-file="https://escolavistaalegre.files.wordpress.com/2010/01/img_20170208_1336541-e1488972980239.jpg?w=41" data-large-file="https://escolavistaalegre.files.wordpress.com/2010/01/img_20170208_1336541-e1488972980239.jpg?w=41" /></p>
<p>L’escola Vista Alegre és d’una línia: tres aules d’ Educació Infantil i sis de Primària i una aula de suport a la inclusió; amb quinze mestres per atendre les diferents especialitats i tutories.</p>
<p>En ésser una escola petita, té un caire familiar on tothom es coneix: pares, mares, mestres, nens i nenes. Alhora, fa que els/les mestres treballem conjuntament com un sol equip en tots els projectes que es van programant.</p>
<p>A l’escola ens agrada motivar i fer participar a tots els membres de la comunitat educativa en totes les activitats, festes i celebracions relacionades amb el centre, fent de les petites coses de la vida quotidiana grans esdeveniments.</p>

<p>La nostra escola es situa dins els barris de Vista Alegre i Molins, sent l’escola de Mataró que encapçala el nord de la nostra ciutat amb unes vistes sobre la mar mediterrània.<br />
L’escola Vista Alegre és d’una línia: tres aules d’ Educació Infantil i sis de&hellip;  <a href="https://agora.xtec.cat/ceipvistaalegre/lescola/historia/" title="Read Història">Llegeix més»</a></p>
