{"id":10867,"date":"2025-01-16T12:59:18","date_gmt":"2025-01-16T11:59:18","guid":{"rendered":"https:\/\/agora.xtec.cat\/ceipvistaalegre\/?page_id=10867"},"modified":"2026-01-15T13:37:47","modified_gmt":"2026-01-15T12:37:47","slug":"espai-familiar","status":"publish","type":"page","link":"https:\/\/agora.xtec.cat\/ceipvistaalegre\/projecte-educatiu\/espai-familiar\/","title":{"rendered":"Espai familiar &#8211; EL FIL VERD"},"content":{"rendered":"<p>El treball conjunt fam\u00edlia i escola sempre \u00e9s necessari en l\u2019educaci\u00f3 dels infants i joves. Hem de tenir en compte que a l\u2019escola els alumnes hi passen una gran part de la seva vida i la resposta educativa que donen els mestres ha d\u2019anar de la m\u00e0 de la que rebran a casa per part de les fam\u00edlies. \u00c9s molt important crear una l\u00ednia de comunicaci\u00f3 s\u00f2lida establint ponts de di\u00e0leg i enfortint les relacions i la confian\u00e7a m\u00fatua.<\/p>\n<p>L&#8217;espai familiar &#8220;El fil verd&#8221; \u00e9s un espai de trobada entre fam\u00edlia i escola que t\u00e9 lloc tots els divendres a la tarda. \u00c9s un espai on han anat creant espais de comunicaci\u00f3, de formaci\u00f3, de relaci\u00f3 i de trobada intercultural per a les fam\u00edlies participants. Est\u00e0 dinamitzat per personal educatiu del centre\u00a0 amb la col\u00b7laboraci\u00f3 de fam\u00edlies col\u00b7laboradores i tenen un caire de trobada informal, amb una c\u00e0rrega emocional positiva i un esperit d\u2019acollida i cohesi\u00f3.<\/p>\n<p style=\"text-align: center;\">\n<p><a href=\"https:\/\/agora.xtec.cat\/ceipvistaalegre\/projecte-educatiu\/espai-familiar\/attachment\/pxl_20251212_143541418-mp-1\/\" rel=\"attachment wp-att-12064\"><img loading=\"lazy\" decoding=\"async\" class=\"aligncenter wp-image-12064 size-medium\" src=\"https:\/\/agora.xtec.cat\/ceipvistaalegre\/wp-content\/uploads\/usu1936\/2026\/01\/PXL_20251212_143541418.MP-1-226x300.jpg\" alt=\"\" width=\"226\" height=\"300\" srcset=\"https:\/\/agora.xtec.cat\/ceipvistaalegre\/wp-content\/uploads\/usu1936\/2026\/01\/PXL_20251212_143541418.MP-1-226x300.jpg 226w, https:\/\/agora.xtec.cat\/ceipvistaalegre\/wp-content\/uploads\/usu1936\/2026\/01\/PXL_20251212_143541418.MP-1-771x1024.jpg 771w, https:\/\/agora.xtec.cat\/ceipvistaalegre\/wp-content\/uploads\/usu1936\/2026\/01\/PXL_20251212_143541418.MP-1-768x1020.jpg 768w, https:\/\/agora.xtec.cat\/ceipvistaalegre\/wp-content\/uploads\/usu1936\/2026\/01\/PXL_20251212_143541418.MP-1-1157x1536.jpg 1157w, https:\/\/agora.xtec.cat\/ceipvistaalegre\/wp-content\/uploads\/usu1936\/2026\/01\/PXL_20251212_143541418.MP-1-1542x2048.jpg 1542w, https:\/\/agora.xtec.cat\/ceipvistaalegre\/wp-content\/uploads\/usu1936\/2026\/01\/PXL_20251212_143541418.MP-1-scaled.jpg 1928w\" sizes=\"auto, (max-width: 226px) 100vw, 226px\" \/><\/a><\/p>\n","protected":false},"excerpt":{"rendered":"<p>El treball conjunt fam\u00edlia i escola sempre \u00e9s necessari en l\u2019educaci\u00f3 dels infants i joves. Hem de tenir en compte que a l\u2019escola els alumnes hi passen una gran part de la seva vida i la resposta educativa que donen els mestres ha d\u2019anar de&hellip;  <a href=\"https:\/\/agora.xtec.cat\/ceipvistaalegre\/projecte-educatiu\/espai-familiar\/\" title=\"Read Espai familiar &#8211; EL FIL VERD\">Llegeix m\u00e9s\u00bb<\/a><\/p>\n","protected":false},"author":1,"featured_media":0,"parent":64,"menu_order":18,"comment_status":"closed","ping_status":"closed","template":"page-templates\/side-menu.php","meta":{"_bbp_topic_count":0,"_bbp_reply_count":0,"_bbp_total_topic_count":0,"_bbp_total_reply_count":0,"_bbp_voice_count":0,"_bbp_anonymous_reply_count":0,"_bbp_topic_count_hidden":0,"_bbp_reply_count_hidden":0,"_bbp_forum_subforum_count":0,"footnotes":""},"class_list":["post-10867","page","type-page","status-publish","hentry"],"post_mailing_queue_ids":[],"_links":{"self":[{"href":"https:\/\/agora.xtec.cat\/ceipvistaalegre\/wp-json\/wp\/v2\/pages\/10867","targetHints":{"allow":["GET"]}}],"collection":[{"href":"https:\/\/agora.xtec.cat\/ceipvistaalegre\/wp-json\/wp\/v2\/pages"}],"about":[{"href":"https:\/\/agora.xtec.cat\/ceipvistaalegre\/wp-json\/wp\/v2\/types\/page"}],"author":[{"embeddable":true,"href":"https:\/\/agora.xtec.cat\/ceipvistaalegre\/wp-json\/wp\/v2\/users\/1"}],"replies":[{"embeddable":true,"href":"https:\/\/agora.xtec.cat\/ceipvistaalegre\/wp-json\/wp\/v2\/comments?post=10867"}],"version-history":[{"count":6,"href":"https:\/\/agora.xtec.cat\/ceipvistaalegre\/wp-json\/wp\/v2\/pages\/10867\/revisions"}],"predecessor-version":[{"id":12066,"href":"https:\/\/agora.xtec.cat\/ceipvistaalegre\/wp-json\/wp\/v2\/pages\/10867\/revisions\/12066"}],"up":[{"embeddable":true,"href":"https:\/\/agora.xtec.cat\/ceipvistaalegre\/wp-json\/wp\/v2\/pages\/64"}],"wp:attachment":[{"href":"https:\/\/agora.xtec.cat\/ceipvistaalegre\/wp-json\/wp\/v2\/media?parent=10867"}],"curies":[{"name":"wp","href":"https:\/\/api.w.org\/{rel}","templated":true}]}}

<p>El treball conjunt família i escola sempre és necessari en l’educació dels infants i joves. Hem de tenir en compte que a l’escola els alumnes hi passen una gran part de la seva vida i la resposta educativa que donen els mestres ha d’anar de la mà de la que rebran a casa per part de les famílies. És molt important crear una línia de comunicació sòlida establint ponts de diàleg i enfortint les relacions i la confiança mútua.</p>
<p>L&#8217;espai familiar &#8220;El fil verd&#8221; és un espai de trobada entre família i escola que té lloc tots els divendres a la tarda. És un espai on han anat creant espais de comunicació, de formació, de relació i de trobada intercultural per a les famílies participants. Està dinamitzat per personal educatiu del centre  amb la col·laboració de famílies col·laboradores i tenen un caire de trobada informal, amb una càrrega emocional positiva i un esperit d’acollida i cohesió.</p>
<p style="text-align: center;">
<p><a href="https://agora.xtec.cat/ceipvistaalegre/projecte-educatiu/espai-familiar/attachment/pxl_20251212_143541418-mp-1/" rel="attachment wp-att-12064"><img loading="lazy" decoding="async" class="aligncenter wp-image-12064 size-medium" src="https://agora.xtec.cat/ceipvistaalegre/wp-content/uploads/usu1936/2026/01/PXL_20251212_143541418.MP-1-226x300.jpg" alt="" width="226" height="300" srcset="https://agora.xtec.cat/ceipvistaalegre/wp-content/uploads/usu1936/2026/01/PXL_20251212_143541418.MP-1-226x300.jpg 226w, https://agora.xtec.cat/ceipvistaalegre/wp-content/uploads/usu1936/2026/01/PXL_20251212_143541418.MP-1-771x1024.jpg 771w, https://agora.xtec.cat/ceipvistaalegre/wp-content/uploads/usu1936/2026/01/PXL_20251212_143541418.MP-1-768x1020.jpg 768w, https://agora.xtec.cat/ceipvistaalegre/wp-content/uploads/usu1936/2026/01/PXL_20251212_143541418.MP-1-1157x1536.jpg 1157w, https://agora.xtec.cat/ceipvistaalegre/wp-content/uploads/usu1936/2026/01/PXL_20251212_143541418.MP-1-1542x2048.jpg 1542w, https://agora.xtec.cat/ceipvistaalegre/wp-content/uploads/usu1936/2026/01/PXL_20251212_143541418.MP-1-scaled.jpg 1928w" sizes="auto, (max-width: 226px) 100vw, 226px" /></a></p>

<p>El treball conjunt família i escola sempre és necessari en l’educació dels infants i joves. Hem de tenir en compte que a l’escola els alumnes hi passen una gran part de la seva vida i la resposta educativa que donen els mestres ha d’anar de&hellip;  <a href="https://agora.xtec.cat/ceipvistaalegre/projecte-educatiu/espai-familiar/" title="Read Espai familiar &#8211; EL FIL VERD">Llegeix més»</a></p>
