{"id":4043,"date":"2023-01-20T12:33:18","date_gmt":"2023-01-20T11:33:18","guid":{"rendered":"https:\/\/agora.xtec.cat\/ceipvinyadelsastret\/?page_id=4043"},"modified":"2023-02-09T17:51:21","modified_gmt":"2023-02-09T16:51:21","slug":"innovamat","status":"publish","type":"page","link":"https:\/\/agora.xtec.cat\/ceipvinyadelsastret\/innovamat\/","title":{"rendered":"Innovamat"},"content":{"rendered":"<p><strong>Qu\u00e8 \u00e9s Innovamat? <\/strong>A continuaci\u00f3 us ho expliquem<\/p>\n<div class=\"ast-oembed-container \" style=\"height: 100%;\"><iframe loading=\"lazy\" title=\"Innovamat: qu\u00e8 \u00e9s fer matem\u00e0tiques?\" width=\"500\" height=\"281\" src=\"https:\/\/www.youtube.com\/embed\/pERXXiZjS14?start=1&#038;feature=oembed\" frameborder=\"0\" allow=\"accelerometer; autoplay; clipboard-write; encrypted-media; gyroscope; picture-in-picture; web-share\" referrerpolicy=\"strict-origin-when-cross-origin\" allowfullscreen><\/iframe><\/div>\n<p><span style=\"font-weight: 400;\">Projecte iniciat el curs 2021-2022.\u00a0<\/span><\/p>\n<p><span style=\"font-weight: 400;\">\u00c9s un projecte innovador per treballar les matem\u00e0tiques. <\/span><\/p>\n<p><span style=\"font-weight: 400;\">L\u2019objectiu \u00e9s crear espais de treball que convidin a aprendre i a desenvolupar el potencial de cada infant, respectant els ritmes d\u2019aprenentatge dels alumnes.\u00a0<\/span><\/p>\n<p><span style=\"font-weight: 400;\">Fomenta la descoberta, desenvolupa la compet\u00e8ncia matem\u00e0tica i individualitza els aprenentatges atenent la diversitat.<\/span><\/p>\n<p><span style=\"font-weight: 400;\">Els nens i les nenes aprenen a partir de la construcci\u00f3 i el descobriment mitjan\u00e7ant sessions de matem\u00e0tiques que potencien la reflexi\u00f3, la creativitat i l&#8217;inter\u00e8s per les matem\u00e0tiques i la necessitat d&#8217;interpretar el m\u00f3n que ens envolta.<\/span><\/p>\n<div class=\"item\">\n<div class=\"wrapper-text\">\n<h3 class=\"green \">Resoldre problemes<\/h3>\n<p style=\"text-align: left;\">Ser capa\u00e7 d\u2019enfrontar-se a situacions desconegudes, de dissenyar estrat\u00e8gies per resoldre-les, d\u2019analitzar les seves possibles solucions i de plantejar-se noves preguntes.<\/p>\n<h3 class=\"blue \" style=\"text-align: left;\">Raonar i provar<\/h3>\n<p style=\"text-align: left;\">Ser capa\u00e7 d\u2019analitzar les situacions, fer conjectures i comprovar-les, deduir i argumentar les afirmacions que realitzem.<\/p>\n<h3 class=\"yellow \" style=\"text-align: left;\">Connectar<\/h3>\n<p style=\"text-align: left;\">Ser capa\u00e7 de descobrir les relacions existents entre les diferents idees i conceptes del m\u00f3n matem\u00e0tic o d\u2019aquests amb el m\u00f3n que ens envolta.<\/p>\n<h3 class=\"purple \">Comunicar i representar<\/h3>\n<p>Ser capa\u00e7 de transmetre i interpretar la informaci\u00f3 matem\u00e0tica a trav\u00e9s de qualsevol canal: de manera gr\u00e0fica o escrita, oral, amb l\u2019ajuda de material o mitjan\u00e7ant la tecnologia existent.<\/p>\n<\/div>\n<\/div>\n<div class=\"item\"><\/div>\n<p><a href=\"https:\/\/agora.xtec.cat\/ceipvinyadelsastret\/wp-content\/uploads\/usu1006\/2023\/02\/IMG_8088.jpg\"><img loading=\"lazy\" decoding=\"async\" class=\"aligncenter size-large wp-image-4121\" src=\"https:\/\/agora.xtec.cat\/ceipvinyadelsastret\/wp-content\/uploads\/usu1006\/2023\/02\/IMG_8088-1024x768.jpg\" alt=\"\" width=\"1024\" height=\"768\" srcset=\"https:\/\/agora.xtec.cat\/ceipvinyadelsastret\/wp-content\/uploads\/usu1006\/2023\/02\/IMG_8088-1024x768.jpg 1024w, https:\/\/agora.xtec.cat\/ceipvinyadelsastret\/wp-content\/uploads\/usu1006\/2023\/02\/IMG_8088-300x225.jpg 300w, https:\/\/agora.xtec.cat\/ceipvinyadelsastret\/wp-content\/uploads\/usu1006\/2023\/02\/IMG_8088-768x576.jpg 768w, https:\/\/agora.xtec.cat\/ceipvinyadelsastret\/wp-content\/uploads\/usu1006\/2023\/02\/IMG_8088-1536x1152.jpg 1536w, https:\/\/agora.xtec.cat\/ceipvinyadelsastret\/wp-content\/uploads\/usu1006\/2023\/02\/IMG_8088-2048x1536.jpg 2048w, https:\/\/agora.xtec.cat\/ceipvinyadelsastret\/wp-content\/uploads\/usu1006\/2023\/02\/IMG_8088-200x150.jpg 200w\" sizes=\"auto, (max-width: 1024px) 100vw, 1024px\" \/><\/a> <a href=\"https:\/\/agora.xtec.cat\/ceipvinyadelsastret\/wp-content\/uploads\/usu1006\/2023\/02\/IMG_20230112_154558.jpg\"><img loading=\"lazy\" decoding=\"async\" class=\"aligncenter size-large wp-image-4122\" src=\"https:\/\/agora.xtec.cat\/ceipvinyadelsastret\/wp-content\/uploads\/usu1006\/2023\/02\/IMG_20230112_154558-1024x768.jpg\" alt=\"\" width=\"1024\" height=\"768\" srcset=\"https:\/\/agora.xtec.cat\/ceipvinyadelsastret\/wp-content\/uploads\/usu1006\/2023\/02\/IMG_20230112_154558-1024x768.jpg 1024w, https:\/\/agora.xtec.cat\/ceipvinyadelsastret\/wp-content\/uploads\/usu1006\/2023\/02\/IMG_20230112_154558-300x225.jpg 300w, https:\/\/agora.xtec.cat\/ceipvinyadelsastret\/wp-content\/uploads\/usu1006\/2023\/02\/IMG_20230112_154558-768x576.jpg 768w, https:\/\/agora.xtec.cat\/ceipvinyadelsastret\/wp-content\/uploads\/usu1006\/2023\/02\/IMG_20230112_154558-1536x1152.jpg 1536w, https:\/\/agora.xtec.cat\/ceipvinyadelsastret\/wp-content\/uploads\/usu1006\/2023\/02\/IMG_20230112_154558-200x150.jpg 200w, https:\/\/agora.xtec.cat\/ceipvinyadelsastret\/wp-content\/uploads\/usu1006\/2023\/02\/IMG_20230112_154558.jpg 2000w\" sizes=\"auto, (max-width: 1024px) 100vw, 1024px\" \/><\/a> <a href=\"https:\/\/agora.xtec.cat\/ceipvinyadelsastret\/wp-content\/uploads\/usu1006\/2023\/02\/IMG_20221124_120850.jpg\"><img loading=\"lazy\" decoding=\"async\" class=\"aligncenter size-large wp-image-4124\" src=\"https:\/\/agora.xtec.cat\/ceipvinyadelsastret\/wp-content\/uploads\/usu1006\/2023\/02\/IMG_20221124_120850-1024x768.jpg\" alt=\"\" width=\"1024\" height=\"768\" srcset=\"https:\/\/agora.xtec.cat\/ceipvinyadelsastret\/wp-content\/uploads\/usu1006\/2023\/02\/IMG_20221124_120850-1024x768.jpg 1024w, https:\/\/agora.xtec.cat\/ceipvinyadelsastret\/wp-content\/uploads\/usu1006\/2023\/02\/IMG_20221124_120850-300x225.jpg 300w, https:\/\/agora.xtec.cat\/ceipvinyadelsastret\/wp-content\/uploads\/usu1006\/2023\/02\/IMG_20221124_120850-768x576.jpg 768w, https:\/\/agora.xtec.cat\/ceipvinyadelsastret\/wp-content\/uploads\/usu1006\/2023\/02\/IMG_20221124_120850-1536x1152.jpg 1536w, https:\/\/agora.xtec.cat\/ceipvinyadelsastret\/wp-content\/uploads\/usu1006\/2023\/02\/IMG_20221124_120850-200x150.jpg 200w, https:\/\/agora.xtec.cat\/ceipvinyadelsastret\/wp-content\/uploads\/usu1006\/2023\/02\/IMG_20221124_120850.jpg 2000w\" sizes=\"auto, (max-width: 1024px) 100vw, 1024px\" \/><\/a> <a href=\"https:\/\/agora.xtec.cat\/ceipvinyadelsastret\/wp-content\/uploads\/usu1006\/2023\/02\/IMG_20230119_152534.jpg\"><img loading=\"lazy\" decoding=\"async\" class=\"aligncenter size-large wp-image-4125\" src=\"https:\/\/agora.xtec.cat\/ceipvinyadelsastret\/wp-content\/uploads\/usu1006\/2023\/02\/IMG_20230119_152534-1024x768.jpg\" alt=\"\" width=\"1024\" height=\"768\" srcset=\"https:\/\/agora.xtec.cat\/ceipvinyadelsastret\/wp-content\/uploads\/usu1006\/2023\/02\/IMG_20230119_152534-1024x768.jpg 1024w, https:\/\/agora.xtec.cat\/ceipvinyadelsastret\/wp-content\/uploads\/usu1006\/2023\/02\/IMG_20230119_152534-300x225.jpg 300w, https:\/\/agora.xtec.cat\/ceipvinyadelsastret\/wp-content\/uploads\/usu1006\/2023\/02\/IMG_20230119_152534-768x576.jpg 768w, https:\/\/agora.xtec.cat\/ceipvinyadelsastret\/wp-content\/uploads\/usu1006\/2023\/02\/IMG_20230119_152534-1536x1152.jpg 1536w, https:\/\/agora.xtec.cat\/ceipvinyadelsastret\/wp-content\/uploads\/usu1006\/2023\/02\/IMG_20230119_152534-200x150.jpg 200w, https:\/\/agora.xtec.cat\/ceipvinyadelsastret\/wp-content\/uploads\/usu1006\/2023\/02\/IMG_20230119_152534.jpg 2000w\" sizes=\"auto, (max-width: 1024px) 100vw, 1024px\" \/><\/a><\/p>\n","protected":false},"excerpt":{"rendered":"<p>Qu\u00e8 \u00e9s Innovamat? A continuaci\u00f3 us ho expliquem Projecte iniciat el curs 2021-2022.\u00a0 \u00c9s un projecte innovador per treballar les matem\u00e0tiques. L\u2019objectiu \u00e9s crear espais de treball que convidin a aprendre i a desenvolupar el potencial de cada infant, respectant els ritmes d\u2019aprenentatge dels alumnes.\u00a0 Fomenta la descoberta, desenvolupa la compet\u00e8ncia matem\u00e0tica i individualitza els [&hellip;]<\/p>\n","protected":false},"author":1,"featured_media":0,"parent":0,"menu_order":0,"comment_status":"closed","ping_status":"closed","template":"","meta":{"_bbp_topic_count":0,"_bbp_reply_count":0,"_bbp_total_topic_count":0,"_bbp_total_reply_count":0,"_bbp_voice_count":0,"_bbp_anonymous_reply_count":0,"_bbp_topic_count_hidden":0,"_bbp_reply_count_hidden":0,"_bbp_forum_subforum_count":0,"site-sidebar-layout":"default","site-content-layout":"","ast-site-content-layout":"","site-content-style":"default","site-sidebar-style":"default","ast-global-header-display":"","ast-banner-title-visibility":"","ast-main-header-display":"","ast-hfb-above-header-display":"","ast-hfb-below-header-display":"","ast-hfb-mobile-header-display":"","site-post-title":"","ast-breadcrumbs-content":"","ast-featured-img":"","footer-sml-layout":"","theme-transparent-header-meta":"","adv-header-id-meta":"","stick-header-meta":"","header-above-stick-meta":"","header-main-stick-meta":"","header-below-stick-meta":"","astra-migrate-meta-layouts":"default","ast-page-background-enabled":"default","ast-page-background-meta":{"desktop":{"background-color":"var(--ast-global-color-4)","background-image":"","background-repeat":"repeat","background-position":"center center","background-size":"auto","background-attachment":"scroll","background-type":"","background-media":"","overlay-type":"","overlay-color":"","overlay-opacity":"","overlay-gradient":""},"tablet":{"background-color":"","background-image":"","background-repeat":"repeat","background-position":"center center","background-size":"auto","background-attachment":"scroll","background-type":"","background-media":"","overlay-type":"","overlay-color":"","overlay-opacity":"","overlay-gradient":""},"mobile":{"background-color":"","background-image":"","background-repeat":"repeat","background-position":"center center","background-size":"auto","background-attachment":"scroll","background-type":"","background-media":"","overlay-type":"","overlay-color":"","overlay-opacity":"","overlay-gradient":""}},"ast-content-background-meta":{"desktop":{"background-color":"var(--ast-global-color-5)","background-image":"","background-repeat":"repeat","background-position":"center center","background-size":"auto","background-attachment":"scroll","background-type":"","background-media":"","overlay-type":"","overlay-color":"","overlay-opacity":"","overlay-gradient":""},"tablet":{"background-color":"var(--ast-global-color-5)","background-image":"","background-repeat":"repeat","background-position":"center center","background-size":"auto","background-attachment":"scroll","background-type":"","background-media":"","overlay-type":"","overlay-color":"","overlay-opacity":"","overlay-gradient":""},"mobile":{"background-color":"var(--ast-global-color-5)","background-image":"","background-repeat":"repeat","background-position":"center center","background-size":"auto","background-attachment":"scroll","background-type":"","background-media":"","overlay-type":"","overlay-color":"","overlay-opacity":"","overlay-gradient":""}},"footnotes":""},"class_list":["post-4043","page","type-page","status-publish","hentry"],"post_mailing_queue_ids":[],"_links":{"self":[{"href":"https:\/\/agora.xtec.cat\/ceipvinyadelsastret\/wp-json\/wp\/v2\/pages\/4043","targetHints":{"allow":["GET"]}}],"collection":[{"href":"https:\/\/agora.xtec.cat\/ceipvinyadelsastret\/wp-json\/wp\/v2\/pages"}],"about":[{"href":"https:\/\/agora.xtec.cat\/ceipvinyadelsastret\/wp-json\/wp\/v2\/types\/page"}],"author":[{"embeddable":true,"href":"https:\/\/agora.xtec.cat\/ceipvinyadelsastret\/wp-json\/wp\/v2\/users\/1"}],"replies":[{"embeddable":true,"href":"https:\/\/agora.xtec.cat\/ceipvinyadelsastret\/wp-json\/wp\/v2\/comments?post=4043"}],"version-history":[{"count":4,"href":"https:\/\/agora.xtec.cat\/ceipvinyadelsastret\/wp-json\/wp\/v2\/pages\/4043\/revisions"}],"predecessor-version":[{"id":4149,"href":"https:\/\/agora.xtec.cat\/ceipvinyadelsastret\/wp-json\/wp\/v2\/pages\/4043\/revisions\/4149"}],"wp:attachment":[{"href":"https:\/\/agora.xtec.cat\/ceipvinyadelsastret\/wp-json\/wp\/v2\/media?parent=4043"}],"curies":[{"name":"wp","href":"https:\/\/api.w.org\/{rel}","templated":true}]}}