{"id":36,"date":"2014-09-18T12:33:11","date_gmt":"2014-09-18T11:33:11","guid":{"rendered":"http:\/\/agora.xtec.cat\/ceipvinyadelsastret\/?page_id=36"},"modified":"2023-01-16T15:56:42","modified_gmt":"2023-01-16T14:56:42","slug":"projectes","status":"publish","type":"page","link":"https:\/\/agora.xtec.cat\/ceipvinyadelsastret\/lescola\/projectes\/","title":{"rendered":"Projectes d&#8217;escola"},"content":{"rendered":"<p>&nbsp;<\/p>\n<p><a href=\"https:\/\/agora.xtec.cat\/ceipvinyadelsastret\/wp-content\/uploads\/usu1006\/2023\/01\/projectes-escola.png\"><img loading=\"lazy\" decoding=\"async\" class=\"aligncenter size-full wp-image-3917\" src=\"https:\/\/agora.xtec.cat\/ceipvinyadelsastret\/wp-content\/uploads\/usu1006\/2023\/01\/projectes-escola.png\" alt=\"\" width=\"964\" height=\"133\" srcset=\"https:\/\/agora.xtec.cat\/ceipvinyadelsastret\/wp-content\/uploads\/usu1006\/2023\/01\/projectes-escola.png 964w, https:\/\/agora.xtec.cat\/ceipvinyadelsastret\/wp-content\/uploads\/usu1006\/2023\/01\/projectes-escola-300x41.png 300w, https:\/\/agora.xtec.cat\/ceipvinyadelsastret\/wp-content\/uploads\/usu1006\/2023\/01\/projectes-escola-768x106.png 768w\" sizes=\"auto, (max-width: 964px) 100vw, 964px\" \/><\/a><\/p>\n<p>&nbsp;<\/p>\n<p><strong>EL PROJECTE \u201cSHARING TO LEARN<\/strong><strong>\u201d<a href=\"https:\/\/agora.xtec.cat\/ceipvinyadelsastret\/wp-content\/uploads\/usu1006\/2022\/02\/CanvaDesignChallenge-Magazine-37.png\"><img loading=\"lazy\" decoding=\"async\" class=\"wp-image-3679 alignleft\" src=\"https:\/\/agora.xtec.cat\/ceipvinyadelsastret\/wp-content\/uploads\/usu1006\/2022\/02\/CanvaDesignChallenge-Magazine-37.png\" alt=\"\" width=\"117\" height=\"155\" srcset=\"https:\/\/agora.xtec.cat\/ceipvinyadelsastret\/wp-content\/uploads\/usu1006\/2022\/02\/CanvaDesignChallenge-Magazine-37.png 414w, https:\/\/agora.xtec.cat\/ceipvinyadelsastret\/wp-content\/uploads\/usu1006\/2022\/02\/CanvaDesignChallenge-Magazine-37-227x300.png 227w\" sizes=\"auto, (max-width: 117px) 100vw, 117px\" \/><\/a><\/strong><\/p>\n<p>Aquest projecte \u00e9s una iniciativa promoguda des dels Serveis Territorials del Baix\u00a0 Llobregat.<\/p>\n<p>A l\u2019escola es va iniciar el curs 2012-2013 amb l\u2019objectiu principal de millorar la compet\u00e8ncia ling\u00fc\u00edstica i comunicativa en llengua anglesa de l\u2019alumnat, i d\u2019afavorir l&#8217;\u00fas oral de la llengua anglesa entre alumnat de l\u2019Institut Montserrat Colomer\u00a0 i el de la nostra escola. Els Language Assistant (alumnes de 4t d&#8217;ESO i 1r de BATXILLIERAT) donen suport a l\u2019expressi\u00f3 oral en llengua anglesa a l&#8217;alumnat de prim\u00e0ria.<\/p>\n<p>&nbsp;<\/p>\n<p><img loading=\"lazy\" decoding=\"async\" class=\"size-medium wp-image-1363 alignleft\" style=\"border: none; color: #2795b6;\" src=\"http:\/\/agora.xtec.cat\/ceipvinyadelsastret\/wp-content\/uploads\/usu1006\/2014\/09\/esc_vinya_sastret-300x169.jpg\" alt=\"\" width=\"300\" height=\"169\" srcset=\"https:\/\/agora.xtec.cat\/ceipvinyadelsastret\/wp-content\/uploads\/usu1006\/2014\/09\/esc_vinya_sastret-300x169.jpg 300w, https:\/\/agora.xtec.cat\/ceipvinyadelsastret\/wp-content\/uploads\/usu1006\/2014\/09\/esc_vinya_sastret.jpg 400w\" sizes=\"auto, (max-width: 300px) 100vw, 300px\" \/><\/p>\n<p>&nbsp;<\/p>\n<p><strong>PROJECTE ESCOLA PER LA SOSTENIBILITAT\u00a0 \u00a0 <a href=\"https:\/\/agora.xtec.cat\/ceipvinyadelsastret\/wp-content\/uploads\/usu1006\/2022\/02\/CanvaDesignChallenge-Magazine-39.png\"><img loading=\"lazy\" decoding=\"async\" class=\"wp-image-3682 alignleft\" src=\"https:\/\/agora.xtec.cat\/ceipvinyadelsastret\/wp-content\/uploads\/usu1006\/2022\/02\/CanvaDesignChallenge-Magazine-39.png\" alt=\"\" width=\"120\" height=\"116\" srcset=\"https:\/\/agora.xtec.cat\/ceipvinyadelsastret\/wp-content\/uploads\/usu1006\/2022\/02\/CanvaDesignChallenge-Magazine-39.png 365w, https:\/\/agora.xtec.cat\/ceipvinyadelsastret\/wp-content\/uploads\/usu1006\/2022\/02\/CanvaDesignChallenge-Magazine-39-300x291.png 300w\" sizes=\"auto, (max-width: 120px) 100vw, 120px\" \/><\/a><\/strong><\/p>\n<p>La nostra escola vetlla per la sostenibilitat i el medi ambient i educa als seus alumnes per tal que siguin respectuosos \u00a0i estiguin socialment compromesos amb la sostenibilitat.<\/p>\n<p>Treballem \u00a0per defensar la natura i vetllem pel desenvolupament d\u2019actuacions ecol\u00f2giques concretes: estalvi energ\u00e8tic, reciclatge de paper, reducci\u00f3 del consum en material escolar, reutilitzaci\u00f3 dels llibres de text,&#8230; Cada nivell t\u00e9 un delegat d&#8217;aula encarregat d\u2019assistir a les assemblees i informar la resta del grup classe de les accions previstes.<\/p>\n<p>A m\u00e9s a m\u00e9s, anualment, celebrem la Diada del Medi Ambient on l&#8217;alumnat participa en els tallers\u00a0 mediambientals, de reciclatge i de conscienciaci\u00f3 d&#8217;un m\u00f3n sostenible.<\/p>\n<p>&nbsp;<\/p>\n<p><strong>PROJECTE BANC DE LLIBRES<\/strong><\/p>\n<p>El curs 2007-2008 v\u00e0rem iniciar el projecte de borsa de llibres amb la finalitat de reduir la despesa de les fam\u00edlies en el cost dels llibres de text, reutilitzar i reciclar el material curricular i sensibilitzar l\u2019alumnat i les fam\u00edlies sobre la necessitat d\u2019un consum responsable i compartit.<\/p>\n<p><strong>PROJECTE D\u2019HORT ESCOLAR<\/strong><\/p>\n<p><a href=\"http:\/\/agora.xtec.cat\/ceipvinyadelsastret\/wp-content\/uploads\/usu1006\/2014\/09\/IMG_0605montse.jpg\"><img loading=\"lazy\" decoding=\"async\" class=\"wp-image-1315 aligncenter\" src=\"http:\/\/agora.xtec.cat\/ceipvinyadelsastret\/wp-content\/uploads\/usu1006\/2014\/09\/IMG_0605montse-300x200.jpg\" alt=\"\" width=\"234\" height=\"156\" srcset=\"https:\/\/agora.xtec.cat\/ceipvinyadelsastret\/wp-content\/uploads\/usu1006\/2014\/09\/IMG_0605montse-300x200.jpg 300w, https:\/\/agora.xtec.cat\/ceipvinyadelsastret\/wp-content\/uploads\/usu1006\/2014\/09\/IMG_0605montse-768x512.jpg 768w, https:\/\/agora.xtec.cat\/ceipvinyadelsastret\/wp-content\/uploads\/usu1006\/2014\/09\/IMG_0605montse-1024x683.jpg 1024w, https:\/\/agora.xtec.cat\/ceipvinyadelsastret\/wp-content\/uploads\/usu1006\/2014\/09\/IMG_0605montse.jpg 1920w\" sizes=\"auto, (max-width: 234px) 100vw, 234px\" \/><\/a><\/p>\n<p>L\u2019escola disposa d\u2019un hort escolar. Cada grup-classe \u00e9s responsable de les tasques que siguin necess\u00e0ries per tal de mantenir-lo al dia.<\/p>\n<p>A banda de l\u2019aprenentatge conceptual, l\u2019hort facilita i potencia les habilitats socials, l\u2019aprendre a pensar i deduir, l\u2019educaci\u00f3 emocional i enriqueix les relacions interpersonals. Alhora aporta una s\u00e8rie d\u2019experi\u00e8ncies gratificants, sensibilitzaci\u00f3 per l\u2019entorn, la sostenibilitat i els recursos naturals.<\/p>\n<p>&nbsp;<\/p>\n<p><strong><a href=\"https:\/\/agora.xtec.cat\/ceipvinyadelsastret\/wp-content\/uploads\/usu1006\/2022\/02\/CanvaDesignChallenge-Magazine-43.png\"><img loading=\"lazy\" decoding=\"async\" class=\" wp-image-3690 alignnone\" src=\"https:\/\/agora.xtec.cat\/ceipvinyadelsastret\/wp-content\/uploads\/usu1006\/2022\/02\/CanvaDesignChallenge-Magazine-43.png\" alt=\"\" width=\"142\" height=\"106\" srcset=\"https:\/\/agora.xtec.cat\/ceipvinyadelsastret\/wp-content\/uploads\/usu1006\/2022\/02\/CanvaDesignChallenge-Magazine-43.png 382w, https:\/\/agora.xtec.cat\/ceipvinyadelsastret\/wp-content\/uploads\/usu1006\/2022\/02\/CanvaDesignChallenge-Magazine-43-300x225.png 300w, https:\/\/agora.xtec.cat\/ceipvinyadelsastret\/wp-content\/uploads\/usu1006\/2022\/02\/CanvaDesignChallenge-Magazine-43-200x150.png 200w\" sizes=\"auto, (max-width: 142px) 100vw, 142px\" \/><\/a>PROJECTE NEPT\u00da (Nataci\u00f3 Escolar Per Tu)<\/strong><\/p>\n<p>El projecte Nept\u00fa forma part de l\u2019\u00e0rea d\u2019educaci\u00f3 f\u00edsica. Es va engegar el curs 2006\/2007 a trav\u00e9s de l\u2019Ajuntament.<\/p>\n<p>L\u2019objectiu del mateix \u00e9s l\u2019aprenentatge din\u00e0mic i divertit en el que s\u2019utilitza el medi aqu\u00e0tic com a instrument i recurs per potenciar el desenvolupament dels alumnes a l\u2019aigua. Aquest projecte est\u00e0 adre\u00e7at als alumnes de 1r i de 3r de l\u2019escola. T\u00e9 una durada d\u2019una sessi\u00f3 setmanal durant tot el curs escolar.<\/p>\n<p>L\u2019activitat l&#8217;ha dirigeix monitoratge extern i els alumnes s\u00f3n acompanyats des del centre pels mestres tutors. Fam\u00edlies volunt\u00e0ries donen suport en les estones de vestuari<\/p>\n<p>&nbsp;<\/p>\n<p><a href=\"http:\/\/agora.xtec.cat\/ceipvinyadelsastret\/wp-content\/uploads\/usu1006\/2014\/09\/450_auto__directori_0610150330_piscina-coberta.jpg\"><img loading=\"lazy\" decoding=\"async\" class=\"wp-image-1364 alignnone\" src=\"http:\/\/agora.xtec.cat\/ceipvinyadelsastret\/wp-content\/uploads\/usu1006\/2014\/09\/450_auto__directori_0610150330_piscina-coberta-300x237.jpg\" alt=\"\" width=\"225\" height=\"178\" srcset=\"https:\/\/agora.xtec.cat\/ceipvinyadelsastret\/wp-content\/uploads\/usu1006\/2014\/09\/450_auto__directori_0610150330_piscina-coberta-300x237.jpg 300w, https:\/\/agora.xtec.cat\/ceipvinyadelsastret\/wp-content\/uploads\/usu1006\/2014\/09\/450_auto__directori_0610150330_piscina-coberta.jpg 450w\" sizes=\"auto, (max-width: 225px) 100vw, 225px\" \/><\/a><\/p>\n<p><strong>PROJECTE LLEGIM JUNTS <\/strong><\/p>\n<p>Projecte que es porta a terme des del curs 2010\/2011.<\/p>\n<p>En aquest projecte participa l\u2019alumnat des de P4 fins a 6\u00e8 de prim\u00e0ria. L\u2019objectiu primordial \u00a0\u00e9s que els alumnes coneguin a altres infants de <a href=\"http:\/\/agora.xtec.cat\/ceipvinyadelsastret\/wp-content\/uploads\/usu1006\/2017\/05\/IMG-20170522-WA0021.jpg\"><img loading=\"lazy\" decoding=\"async\" class=\"size-medium wp-image-1087 alignright\" src=\"http:\/\/agora.xtec.cat\/ceipvinyadelsastret\/wp-content\/uploads\/usu1006\/2017\/05\/IMG-20170522-WA0021-300x169.jpg\" alt=\"\" width=\"300\" height=\"169\" srcset=\"https:\/\/agora.xtec.cat\/ceipvinyadelsastret\/wp-content\/uploads\/usu1006\/2017\/05\/IMG-20170522-WA0021-300x169.jpg 300w, https:\/\/agora.xtec.cat\/ceipvinyadelsastret\/wp-content\/uploads\/usu1006\/2017\/05\/IMG-20170522-WA0021-768x432.jpg 768w, https:\/\/agora.xtec.cat\/ceipvinyadelsastret\/wp-content\/uploads\/usu1006\/2017\/05\/IMG-20170522-WA0021-1024x576.jpg 1024w, https:\/\/agora.xtec.cat\/ceipvinyadelsastret\/wp-content\/uploads\/usu1006\/2017\/05\/IMG-20170522-WA0021.jpg 1600w\" sizes=\"auto, (max-width: 300px) 100vw, 300px\" \/><\/a>l&#8217;escola i estableixin vincles d\u2019afecte i de suport mitjan\u00e7ant la lectura. \u00a0Per aix\u00f2 l\u2019activitat clau esdev\u00e9 <strong>l\u2019Apadrinament lector.\u00a0<\/strong>Pret\u00e9n ser un projecte obert, participatiu i cooperatiu.<\/p>\n<p>Al llarg d\u2019aquests cursos s\u2019han millorat i incrementat les activitats (gimcana de paraules, escrivim una recepta, cuinem junts, escrivim la carta als reis, escrivim un conte als fillols, jocs tradicionals, teatre, reading in the forest,&#8230;) fruit de la reflexi\u00f3 tant del professorat implicat, com de l\u2019alumnat, sent aquesta la clau de l\u2019alt grau d\u2019acceptaci\u00f3 i implicaci\u00f3 en aquest projecte per tota la comunitat educativa.<\/p>\n<p><strong>EL TREBALL PER RACONS<\/strong><\/p>\n<p>Des del curs 2012-2013, es realitza a l\u2019escola el treball per racons durant dues sessions setmanals.<\/p>\n<p>Els grups de racons estan formats de m<a href=\"http:\/\/agora.xtec.cat\/ceipvinyadelsastret\/wp-content\/uploads\/usu1006\/2015\/10\/apadrinament-lector-2n-6\u00e8-42.jpg\"><img loading=\"lazy\" decoding=\"async\" class=\" wp-image-567 alignleft\" src=\"http:\/\/agora.xtec.cat\/ceipvinyadelsastret\/wp-content\/uploads\/usu1006\/2015\/10\/apadrinament-lector-2n-6\u00e8-42-300x225.jpg\" alt=\"\" width=\"189\" height=\"142\" srcset=\"https:\/\/agora.xtec.cat\/ceipvinyadelsastret\/wp-content\/uploads\/usu1006\/2015\/10\/apadrinament-lector-2n-6\u00e8-42-300x225.jpg 300w, https:\/\/agora.xtec.cat\/ceipvinyadelsastret\/wp-content\/uploads\/usu1006\/2015\/10\/apadrinament-lector-2n-6\u00e8-42-768x576.jpg 768w, https:\/\/agora.xtec.cat\/ceipvinyadelsastret\/wp-content\/uploads\/usu1006\/2015\/10\/apadrinament-lector-2n-6\u00e8-42-1024x768.jpg 1024w, https:\/\/agora.xtec.cat\/ceipvinyadelsastret\/wp-content\/uploads\/usu1006\/2015\/10\/apadrinament-lector-2n-6\u00e8-42-200x150.jpg 200w, https:\/\/agora.xtec.cat\/ceipvinyadelsastret\/wp-content\/uploads\/usu1006\/2015\/10\/apadrinament-lector-2n-6\u00e8-42.jpg 1600w\" sizes=\"auto, (max-width: 189px) 100vw, 189px\" \/><\/a>anera aleat\u00f2ria cada sessi\u00f3 amb la barreja d&#8217;alumnes de P3\/P4, P5\/1r, 2\/3r i 4t\/5\u00e8.<\/p>\n<p>El treball per racons \u00e9s una forma de treballar que fomenta la cooperaci\u00f3 i l\u2019ajuda entre alumnes. Permet respectar el ritme de treball de cada alumne i el seu inter\u00e8s. En els espais de treball, els alumnes que ho necessiten reben l\u2019atenci\u00f3 espec\u00edfica dels\/les mestres. Hem de tenir present, no obstant, que els alumnes treballen en equip i s\u2019ofereix l\u2019ajuda necess\u00e0ria en tot moment. L\u2019ajuda entre iguals fomenta l\u2019autonomia dels infants i els d\u00f3na seguretat. D\u2019aquesta manera respectem la diversitat dels alumnes.<\/p>\n<p>D\u2019altra banda, organitzar l\u2019aula per racons d\u00f3na la possibilitat als infants de treballar individualment tot all\u00f2 que han apr\u00e8s de forma col\u00b7lectiva, fet que afavoreix la funcionalitat dels aprenentatges.<\/p>\n<p><a href=\"http:\/\/agora.xtec.cat\/ceipvinyadelsastret\/wp-content\/uploads\/usu1006\/2014\/09\/20170118_114757.jpg\"><img loading=\"lazy\" decoding=\"async\" class=\"size-medium wp-image-1369 alignright\" src=\"http:\/\/agora.xtec.cat\/ceipvinyadelsastret\/wp-content\/uploads\/usu1006\/2014\/09\/20170118_114757-300x169.jpg\" alt=\"\" width=\"300\" height=\"169\" srcset=\"https:\/\/agora.xtec.cat\/ceipvinyadelsastret\/wp-content\/uploads\/usu1006\/2014\/09\/20170118_114757-300x169.jpg 300w, https:\/\/agora.xtec.cat\/ceipvinyadelsastret\/wp-content\/uploads\/usu1006\/2014\/09\/20170118_114757-768x432.jpg 768w, https:\/\/agora.xtec.cat\/ceipvinyadelsastret\/wp-content\/uploads\/usu1006\/2014\/09\/20170118_114757.jpg 800w\" sizes=\"auto, (max-width: 300px) 100vw, 300px\" \/><\/a><\/p>\n<p>Finalment, cal tenir en compte que els canvis d\u2019activitatsafavoreixen el dinamisme de l\u2019aula, de manera que els alumnes treballen a diferents espais i amb diferents companys. Aquest fet afavoreix el sentiment de grup i el companyerisme.<\/p>\n<p><strong><strong>ESCOLA DE PR\u00c0CTIQUES<\/strong><\/strong><\/p>\n<p>L\u2019escola ofereix la possibilitat d\u2019acollir alumnes universitaris i fer com a centre formador la gesti\u00f3 de les pr\u00e0ctiques dels estudiants del grau de mestre.<\/p>\n<p>Disposem d&#8217;un conveni de pr\u00e0ctiques amb la UNIR, amb la UAB i amb la UB. D\u2019aquesta manera contribu\u00efm en la formaci\u00f3 de nou professorat i\u00a0aprenem els uns dels altres.<\/p>\n<p><strong>PROJECT<\/strong><strong>E VINCLES<\/strong><\/p>\n<p style=\"text-align: left;\">El projecte Vincles \u00e9s un projecte de diversificaci\u00f3 curricular que es va engegar a la nostra escola el curs 2015\/2016. L\u2019Ajuntament i el Departament d\u2019Ensenyament tenen signat un conveni de col\u00b7laboraci\u00f3 per a l\u2019atenci\u00f3 educativa a la diversitat de la diversitat de l\u2019alumnat de 3r i 4t d\u2019ESO del poble.<\/p>\n<p style=\"text-align: left;\"><strong>INFADIMED<\/strong><\/p>\n<p>Aquest projecte iniciat el curs 2017-2018 en col\u00b7laboraci\u00f3 amb les infermeres del Centre d&#8217;Atenci\u00f3 Prim\u00e0ria CAP del poble ens permet treballar amb els alumnes accions tan necess\u00e0ries com s\u00f3n els h\u00e0bits i l&#8217;alimentaci\u00f3 saludable.<\/p>\n<p><img loading=\"lazy\" decoding=\"async\" class=\"\" src=\"https:\/\/www.catalanurses.cat\/wp-content\/uploads\/2017\/05\/INFADIMED-Cercle3-300x292.png\" width=\"151\" height=\"147\" \/><\/p>\n<p><strong>CENTRE ILEC<\/strong><\/p>\n<p>El nostre centre ha estat immers dins del programa per l&#8217;Impuls de la Lectura que desenvolupa el Departament d&#8217;Ensenyament de la Generalitat de Catalunya amb l&#8217;objectiu estrat\u00e8gic de l&#8217;\u00e8xit escolar de tot l&#8217;alumnat.<\/p>\n<div>Al llarg dels cursos 2015-2018, hem realitzat activitats diverses per tal de millorar i assolir aquest objectiu. Orientacions, pautes, assessoraments, formaci\u00f3&#8230; tot cercant que s&#8217;incorporin i es sistematitzin estrat\u00e8gies lectores com a eix vertebrador dels aprenentatges. Establint una l\u00ednea d&#8217;escola compartida sobre el tractament de la lectura al centre.<\/div>\n<div><\/div>\n<div>Els eixos principals que hem desenvolupat amb la participaci\u00f3 al Pla d&#8217;Impuls de la Lectura s\u00f3n:<\/div>\n<div><\/div>\n<div><b>&#8211; Saber Llegir:<\/b>\u00a0L&#8217;assoliment de les habilitats funcionals b\u00e0siques de la lectura.<\/div>\n<div><\/div>\n<div><b>&#8211; Llegir per Aprendre:<\/b>\u00a0La capacitat d&#8217;utilitzar la lectura com a eina per a l&#8217;acc\u00e9s a la informaci\u00f3, la descoberta i l&#8217;ampliaci\u00f3 de coneixements.<\/div>\n<div><\/div>\n<div><b>&#8211; Gust per Llegir:<\/b>\u00a0Fomentar la lectura sistem\u00e0tica en qualsevol suport, aprenent a reflexionar sobre el que s&#8217;ha llegit, sabent-ho explicar mitjan\u00e7ant evid\u00e8ncies orals o escrites i sabent-ho compartir.<\/div>\n<div><img loading=\"lazy\" decoding=\"async\" class=\"alignright\" src=\"https:\/\/image.slidesharecdn.com\/ilecpresentaci1-121021054011-phpapp02\/95\/ilec-presentaci-1-1-638.jpg?cb=1350799540\" alt=\"Resultat d'imatges de ilec\" width=\"258\" height=\"194\" \/><\/div>\n<div><\/div>\n<div><\/div>\n<div><\/div>\n<div><\/div>\n<ul>\n<li><strong style=\"font-family: inherit; font-size: 1em;\">Formaci\u00f3 i assessorament en claustre constant<\/strong><\/li>\n<\/ul>\n<p>Dins dels nostres projectes tamb\u00e9 hi ha tallers pels mestres com ara el treball de <em>cicles pedag\u00f2gics<\/em> on compartir experi\u00e8ncies, coneixements i pr\u00e0tiques. I l&#8217;<em>assessorament i formaci\u00f3<\/em> constant. Les \u00faltimes formacions cursades pel claustre han estat:\u00a0<b><span style=\"font-family: arial, helvetica, sans-serif;\">Compartim experi\u00e8ncies sobre l&#8221;educaci\u00f3 als EUA mentre millorem l&#8217;<span class=\"il\">angl\u00e8s<\/span><\/span><\/b><span style=\"font-family: arial, helvetica, sans-serif;\"><span class=\"il\"> i <\/span><\/span><b><span style=\"font-family: arial, helvetica, sans-serif;\"><span class=\"il\">el tractament integrat de les lleng\u00fces.<\/span><\/span><\/b><\/p>\n<p><img decoding=\"async\" src=\"https:\/\/encrypted-tbn0.gstatic.com\/images?q=tbn:ANd9GcRxGWcjWwRplBTxITeL2CwYL9xUrCzkjLMlevZ3iiEht5D6sUcNIA\" alt=\"Resultat d'imatges de assessorament MESTRES\" \/><\/p>\n<p>&nbsp;<\/p>\n","protected":false},"excerpt":{"rendered":"<p>&nbsp; &nbsp; EL PROJECTE \u201cSHARING TO LEARN\u201d Aquest projecte \u00e9s una iniciativa promoguda des dels Serveis Territorials del Baix\u00a0 Llobregat. A l\u2019escola es va iniciar el curs 2012-2013 amb l\u2019objectiu principal de millorar la compet\u00e8ncia ling\u00fc\u00edstica i comunicativa en llengua anglesa de l\u2019alumnat, i d\u2019afavorir l&#8217;\u00fas oral de la llengua anglesa entre alumnat de l\u2019Institut [&hellip;]<\/p>\n","protected":false},"author":1,"featured_media":0,"parent":22,"menu_order":70,"comment_status":"closed","ping_status":"closed","template":"page-templates\/side-menu.php","meta":{"_bbp_topic_count":0,"_bbp_reply_count":0,"_bbp_total_topic_count":0,"_bbp_total_reply_count":0,"_bbp_voice_count":0,"_bbp_anonymous_reply_count":0,"_bbp_topic_count_hidden":0,"_bbp_reply_count_hidden":0,"_bbp_forum_subforum_count":0,"site-sidebar-layout":"default","site-content-layout":"","ast-site-content-layout":"","site-content-style":"default","site-sidebar-style":"default","ast-global-header-display":"","ast-banner-title-visibility":"","ast-main-header-display":"","ast-hfb-above-header-display":"","ast-hfb-below-header-display":"","ast-hfb-mobile-header-display":"","site-post-title":"","ast-breadcrumbs-content":"","ast-featured-img":"","footer-sml-layout":"","theme-transparent-header-meta":"","adv-header-id-meta":"","stick-header-meta":"","header-above-stick-meta":"","header-main-stick-meta":"","header-below-stick-meta":"","astra-migrate-meta-layouts":"default","ast-page-background-enabled":"default","ast-page-background-meta":{"desktop":{"background-color":"var(--ast-global-color-4)","background-image":"","background-repeat":"repeat","background-position":"center center","background-size":"auto","background-attachment":"scroll","background-type":"","background-media":"","overlay-type":"","overlay-color":"","overlay-opacity":"","overlay-gradient":""},"tablet":{"background-color":"","background-image":"","background-repeat":"repeat","background-position":"center center","background-size":"auto","background-attachment":"scroll","background-type":"","background-media":"","overlay-type":"","overlay-color":"","overlay-opacity":"","overlay-gradient":""},"mobile":{"background-color":"","background-image":"","background-repeat":"repeat","background-position":"center center","background-size":"auto","background-attachment":"scroll","background-type":"","background-media":"","overlay-type":"","overlay-color":"","overlay-opacity":"","overlay-gradient":""}},"ast-content-background-meta":{"desktop":{"background-color":"var(--ast-global-color-5)","background-image":"","background-repeat":"repeat","background-position":"center center","background-size":"auto","background-attachment":"scroll","background-type":"","background-media":"","overlay-type":"","overlay-color":"","overlay-opacity":"","overlay-gradient":""},"tablet":{"background-color":"var(--ast-global-color-5)","background-image":"","background-repeat":"repeat","background-position":"center center","background-size":"auto","background-attachment":"scroll","background-type":"","background-media":"","overlay-type":"","overlay-color":"","overlay-opacity":"","overlay-gradient":""},"mobile":{"background-color":"var(--ast-global-color-5)","background-image":"","background-repeat":"repeat","background-position":"center center","background-size":"auto","background-attachment":"scroll","background-type":"","background-media":"","overlay-type":"","overlay-color":"","overlay-opacity":"","overlay-gradient":""}},"footnotes":""},"class_list":["post-36","page","type-page","status-publish","hentry"],"post_mailing_queue_ids":[],"_links":{"self":[{"href":"https:\/\/agora.xtec.cat\/ceipvinyadelsastret\/wp-json\/wp\/v2\/pages\/36","targetHints":{"allow":["GET"]}}],"collection":[{"href":"https:\/\/agora.xtec.cat\/ceipvinyadelsastret\/wp-json\/wp\/v2\/pages"}],"about":[{"href":"https:\/\/agora.xtec.cat\/ceipvinyadelsastret\/wp-json\/wp\/v2\/types\/page"}],"author":[{"embeddable":true,"href":"https:\/\/agora.xtec.cat\/ceipvinyadelsastret\/wp-json\/wp\/v2\/users\/1"}],"replies":[{"embeddable":true,"href":"https:\/\/agora.xtec.cat\/ceipvinyadelsastret\/wp-json\/wp\/v2\/comments?post=36"}],"version-history":[{"count":3,"href":"https:\/\/agora.xtec.cat\/ceipvinyadelsastret\/wp-json\/wp\/v2\/pages\/36\/revisions"}],"predecessor-version":[{"id":1016,"href":"https:\/\/agora.xtec.cat\/ceipvinyadelsastret\/wp-json\/wp\/v2\/pages\/36\/revisions\/1016"}],"up":[{"embeddable":true,"href":"https:\/\/agora.xtec.cat\/ceipvinyadelsastret\/wp-json\/wp\/v2\/pages\/22"}],"wp:attachment":[{"href":"https:\/\/agora.xtec.cat\/ceipvinyadelsastret\/wp-json\/wp\/v2\/media?parent=36"}],"curies":[{"name":"wp","href":"https:\/\/api.w.org\/{rel}","templated":true}]}}