{"id":776,"date":"2022-10-18T20:04:43","date_gmt":"2022-10-18T18:04:43","guid":{"rendered":"https:\/\/agora.xtec.cat\/ceipvilaroja\/?page_id=776"},"modified":"2023-06-29T11:09:44","modified_gmt":"2023-06-29T09:09:44","slug":"pla-de-comunicacio","status":"publish","type":"page","link":"https:\/\/agora.xtec.cat\/ceipvilaroja\/projecte-educatiu\/pla-de-comunicacio\/","title":{"rendered":"Pla de comunicaci\u00f3"},"content":{"rendered":"<p>L\u2019objectiu del Pla de Comunicaci\u00f3 \u00e9s organitzar les comunicacions entre els membres de la nostra comunitat escolar, marcant els canals i les accions a desenvolupar per generar una comunicaci\u00f3 eficient, aix\u00ed tamb\u00e9, el de crear un clima escolar positiu que fomenti l\u2019aprenentatge i la comunicaci\u00f3 entre les diferents parts implicades en el proc\u00e9s d\u2019ensenyament-aprenentatge, generant una adient comunicaci\u00f3 que ens permeti difondre de manera exitosa la tasca de la nostra escola.<br \/>\nAquest document pret\u00e9n garantir que tothom que formi part o que estigui implicat amb l\u2019escola Vila-roja, conegui quines s\u00f3n les l\u00ednies mestres a seguir i els objectius en l\u2019\u00e0mbit de la comunicaci\u00f3, aix\u00ed com les estrat\u00e8gies, recursos, canals i accions que s\u2019aniran realitzant. Cal esmentar que \u00e9s un document viu, ja que aquest, reflecteix la realitat en qu\u00e8 vivim. S\u2019anir\u00e0 revisant peri\u00f2dicament per tal d\u2019actualitzar-lo.<\/p>\n<p>A continuaci\u00f3, podeu accedir al document fent clic a:<\/p>\n<p><a href=\"https:\/\/drive.google.com\/drive\/u\/0\/folders\/1yNFDby9DZJZ7kikKf2cIPE50P6qDng8H\">Pla de Comunicaci\u00f3 21-27.<\/a><\/p>\n","protected":false},"excerpt":{"rendered":"<p>L\u2019objectiu del Pla de Comunicaci\u00f3 \u00e9s organitzar les comunicacions entre els membres de la nostra comunitat escolar, marcant els canals i les accions a desenvolupar per generar una comunicaci\u00f3 eficient, aix\u00ed tamb\u00e9, el de crear un clima escolar positiu que fomenti l\u2019aprenentatge i la comunicaci\u00f3&hellip;  <a href=\"https:\/\/agora.xtec.cat\/ceipvilaroja\/projecte-educatiu\/pla-de-comunicacio\/\" title=\"Read Pla de comunicaci\u00f3\">Llegeix m\u00e9s\u00bb<\/a><\/p>\n","protected":false},"author":3,"featured_media":0,"parent":64,"menu_order":4,"comment_status":"closed","ping_status":"closed","template":"","meta":{"_bbp_topic_count":0,"_bbp_reply_count":0,"_bbp_total_topic_count":0,"_bbp_total_reply_count":0,"_bbp_voice_count":0,"_bbp_anonymous_reply_count":0,"_bbp_topic_count_hidden":0,"_bbp_reply_count_hidden":0,"_bbp_forum_subforum_count":0,"footnotes":""},"class_list":["post-776","page","type-page","status-publish","hentry"],"post_mailing_queue_ids":[],"_links":{"self":[{"href":"https:\/\/agora.xtec.cat\/ceipvilaroja\/wp-json\/wp\/v2\/pages\/776","targetHints":{"allow":["GET"]}}],"collection":[{"href":"https:\/\/agora.xtec.cat\/ceipvilaroja\/wp-json\/wp\/v2\/pages"}],"about":[{"href":"https:\/\/agora.xtec.cat\/ceipvilaroja\/wp-json\/wp\/v2\/types\/page"}],"author":[{"embeddable":true,"href":"https:\/\/agora.xtec.cat\/ceipvilaroja\/wp-json\/wp\/v2\/users\/3"}],"replies":[{"embeddable":true,"href":"https:\/\/agora.xtec.cat\/ceipvilaroja\/wp-json\/wp\/v2\/comments?post=776"}],"version-history":[{"count":3,"href":"https:\/\/agora.xtec.cat\/ceipvilaroja\/wp-json\/wp\/v2\/pages\/776\/revisions"}],"predecessor-version":[{"id":828,"href":"https:\/\/agora.xtec.cat\/ceipvilaroja\/wp-json\/wp\/v2\/pages\/776\/revisions\/828"}],"up":[{"embeddable":true,"href":"https:\/\/agora.xtec.cat\/ceipvilaroja\/wp-json\/wp\/v2\/pages\/64"}],"wp:attachment":[{"href":"https:\/\/agora.xtec.cat\/ceipvilaroja\/wp-json\/wp\/v2\/media?parent=776"}],"curies":[{"name":"wp","href":"https:\/\/api.w.org\/{rel}","templated":true}]}}