{"id":760,"date":"2022-09-15T20:35:25","date_gmt":"2022-09-15T18:35:25","guid":{"rendered":"https:\/\/agora.xtec.cat\/ceipvilaroja\/?page_id=760"},"modified":"2023-10-11T14:03:49","modified_gmt":"2023-10-11T12:03:49","slug":"pla-dacollida","status":"publish","type":"page","link":"https:\/\/agora.xtec.cat\/ceipvilaroja\/projecte-educatiu\/pla-dacollida\/","title":{"rendered":"Pla d&#8217;Acollida"},"content":{"rendered":"<p>Entenem el Pla d\u2019acollida com el conjunt d\u2019actuacions del centre per tal d\u2019atendre la incorporaci\u00f3 de tot l\u2019alumnat, les fam\u00edlies, el professorat i altres persones al centre.<br \/>\nPrenem el comprom\u00eds de vetllar pel benestar emocional i social que afavoreix el desenvolupament saludable, f\u00edsic i emocional de les persones que integren la comunitat educativa.<br \/>\nLes estrat\u00e8gies, organitzatives i metodol\u00f2giques, aniran encaminades a facilitar la inclusi\u00f3 i la igualtat d\u2019oportunitats amb el foment del coneixement i respecte envers la diversitat cultural i ling\u00fc\u00edstica del nostre centre.<\/p>\n<p>El Pla d\u2019Acollida del centre t\u00e9 com a objectius generals:<\/p>\n<ul>\n<li>Canalitzar el proc\u00e9s d\u2019incorporaci\u00f3 de qualsevol persona nouvinguda a la nostra escola atenent les necessitats i difer\u00e8ncies individuals.<\/li>\n<li>Implicar a tots els membres de la comunitat en l\u2019aplicaci\u00f3 del Pla d\u2019Acollida.<\/li>\n<li>Potenciar l\u2019intercanvi i la relaci\u00f3 entre tots els membres de la comunitat educativa.<\/li>\n<li>Assegurar la inclusi\u00f3 de tots els infants a la vida del centre.<\/li>\n<\/ul>\n<p>Informar les fam\u00edlies de l\u2019alumnat de nova incorporaci\u00f3 del funcionament organitzaci\u00f3 del centre, per tal de facilitar i desenvolupar la participaci\u00f3 i col\u00b7laboraci\u00f3 a l\u2019escola.<br \/>\nFacilitar als membres de nova incorporaci\u00f3 una r\u00e0pida i bona adaptaci\u00f3 al funcionament i caracter\u00edstiques de l\u2019escola.<br \/>\nFacilitar uns dossiers, molt visuals, als diferents membres d\u2019acollida, per informar sobre els punts m\u00e9s importants del centre a tenir en compte.<\/p>\n<p>En el seg\u00fcent enlla\u00e7 podeu consultar el document:<\/p>\n<p><a href=\"https:\/\/drive.google.com\/file\/d\/15ikBSzgFmn2ldZVA6Viq5EOD0BckvjMs\/view?usp=drive_link\">Pla d&#8217;Acollida 23-27<\/a><\/p>\n","protected":false},"excerpt":{"rendered":"<p>Entenem el Pla d\u2019acollida com el conjunt d\u2019actuacions del centre per tal d\u2019atendre la incorporaci\u00f3 de tot l\u2019alumnat, les fam\u00edlies, el professorat i altres persones al centre.<br \/>\nPrenem el comprom\u00eds de vetllar pel benestar emocional i social que afavoreix el desenvolupament saludable, f\u00edsic i emocional de&hellip;  <a href=\"https:\/\/agora.xtec.cat\/ceipvilaroja\/projecte-educatiu\/pla-dacollida\/\" title=\"Read Pla d&#8217;Acollida\">Llegeix m\u00e9s\u00bb<\/a><\/p>\n","protected":false},"author":3,"featured_media":0,"parent":64,"menu_order":0,"comment_status":"closed","ping_status":"closed","template":"page-templates\/side-menu.php","meta":{"_bbp_topic_count":0,"_bbp_reply_count":0,"_bbp_total_topic_count":0,"_bbp_total_reply_count":0,"_bbp_voice_count":0,"_bbp_anonymous_reply_count":0,"_bbp_topic_count_hidden":0,"_bbp_reply_count_hidden":0,"_bbp_forum_subforum_count":0,"footnotes":""},"class_list":["post-760","page","type-page","status-publish","hentry"],"post_mailing_queue_ids":[],"_links":{"self":[{"href":"https:\/\/agora.xtec.cat\/ceipvilaroja\/wp-json\/wp\/v2\/pages\/760","targetHints":{"allow":["GET"]}}],"collection":[{"href":"https:\/\/agora.xtec.cat\/ceipvilaroja\/wp-json\/wp\/v2\/pages"}],"about":[{"href":"https:\/\/agora.xtec.cat\/ceipvilaroja\/wp-json\/wp\/v2\/types\/page"}],"author":[{"embeddable":true,"href":"https:\/\/agora.xtec.cat\/ceipvilaroja\/wp-json\/wp\/v2\/users\/3"}],"replies":[{"embeddable":true,"href":"https:\/\/agora.xtec.cat\/ceipvilaroja\/wp-json\/wp\/v2\/comments?post=760"}],"version-history":[{"count":3,"href":"https:\/\/agora.xtec.cat\/ceipvilaroja\/wp-json\/wp\/v2\/pages\/760\/revisions"}],"predecessor-version":[{"id":866,"href":"https:\/\/agora.xtec.cat\/ceipvilaroja\/wp-json\/wp\/v2\/pages\/760\/revisions\/866"}],"up":[{"embeddable":true,"href":"https:\/\/agora.xtec.cat\/ceipvilaroja\/wp-json\/wp\/v2\/pages\/64"}],"wp:attachment":[{"href":"https:\/\/agora.xtec.cat\/ceipvilaroja\/wp-json\/wp\/v2\/media?parent=760"}],"curies":[{"name":"wp","href":"https:\/\/api.w.org\/{rel}","templated":true}]}}