{"id":5068,"date":"2022-03-10T11:54:53","date_gmt":"2022-03-10T10:54:53","guid":{"rendered":"https:\/\/agora.xtec.cat\/ceipvilademany\/?page_id=5068"},"modified":"2025-01-22T15:58:43","modified_gmt":"2025-01-22T14:58:43","slug":"avaluacio","status":"publish","type":"page","link":"https:\/\/agora.xtec.cat\/ceipvilademany\/estrategia-digital-de-centre\/estrategia-digital\/avaluacio\/","title":{"rendered":"Avaluaci\u00f3"},"content":{"rendered":"<p>La Comissi\u00f3 digital, durant la seva reuni\u00f3 de preparaci\u00f3 de cada curs, tindr\u00e0 com a punt per ser tractat l\u2019actualitzaci\u00f3 de l\u2019EDC pel que fa a:<\/p>\n<ul>\n<li>Revisi\u00f3 dels objectius i activitats associades.<\/li>\n<li>Revisi\u00f3 dels objectius ja programats.<\/li>\n<li>Revisi\u00f3, modificaci\u00f3 quan s\u2019escaigui o tancament.<\/li>\n<\/ul>\n<p>La Comissi\u00f3 digital, durant la seva reuni\u00f3 final de cada curs, tindr\u00e0 com a punt per ser tractat la valoraci\u00f3 del curs referent a l\u2019EDC i la determinaci\u00f3 de properes formacions internes adequades a les necessitats que s\u2019hagin detectat durant el curs que finalitza.<\/p>\n","protected":false},"excerpt":{"rendered":"<p>La Comissi\u00f3 digital, durant la seva reuni\u00f3 de preparaci\u00f3 de cada curs, tindr\u00e0 com a punt per ser tractat l\u2019actualitzaci\u00f3 de l\u2019EDC pel que fa a:<\/p>\n<ul>\n<li>Revisi\u00f3 dels objectius i activitats associades.<\/li>\n<li>Revisi\u00f3 dels objectius ja programats.<\/li>\n<li>Revisi\u00f3, modificaci\u00f3 quan s\u2019escaigui o tancament.<\/li>\n<\/ul>\n<p>La Comissi\u00f3 digital, durant la seva&hellip;  <a href=\"https:\/\/agora.xtec.cat\/ceipvilademany\/estrategia-digital-de-centre\/estrategia-digital\/avaluacio\/\" title=\"Read Avaluaci\u00f3\">Llegeix m\u00e9s\u00bb<\/a><\/p>\n","protected":false},"author":1,"featured_media":0,"parent":5070,"menu_order":0,"comment_status":"closed","ping_status":"closed","template":"","meta":{"_bbp_topic_count":0,"_bbp_reply_count":0,"_bbp_total_topic_count":0,"_bbp_total_reply_count":0,"_bbp_voice_count":0,"_bbp_anonymous_reply_count":0,"_bbp_topic_count_hidden":0,"_bbp_reply_count_hidden":0,"_bbp_forum_subforum_count":0,"footnotes":""},"class_list":["post-5068","page","type-page","status-publish","hentry"],"post_mailing_queue_ids":[],"_links":{"self":[{"href":"https:\/\/agora.xtec.cat\/ceipvilademany\/wp-json\/wp\/v2\/pages\/5068","targetHints":{"allow":["GET"]}}],"collection":[{"href":"https:\/\/agora.xtec.cat\/ceipvilademany\/wp-json\/wp\/v2\/pages"}],"about":[{"href":"https:\/\/agora.xtec.cat\/ceipvilademany\/wp-json\/wp\/v2\/types\/page"}],"author":[{"embeddable":true,"href":"https:\/\/agora.xtec.cat\/ceipvilademany\/wp-json\/wp\/v2\/users\/1"}],"replies":[{"embeddable":true,"href":"https:\/\/agora.xtec.cat\/ceipvilademany\/wp-json\/wp\/v2\/comments?post=5068"}],"version-history":[{"count":3,"href":"https:\/\/agora.xtec.cat\/ceipvilademany\/wp-json\/wp\/v2\/pages\/5068\/revisions"}],"predecessor-version":[{"id":6196,"href":"https:\/\/agora.xtec.cat\/ceipvilademany\/wp-json\/wp\/v2\/pages\/5068\/revisions\/6196"}],"up":[{"embeddable":true,"href":"https:\/\/agora.xtec.cat\/ceipvilademany\/wp-json\/wp\/v2\/pages\/5070"}],"wp:attachment":[{"href":"https:\/\/agora.xtec.cat\/ceipvilademany\/wp-json\/wp\/v2\/media?parent=5068"}],"curies":[{"name":"wp","href":"https:\/\/api.w.org\/{rel}","templated":true}]}}

Avaluació

<p>La Comissió digital, durant la seva reunió de preparació de cada curs, tindrà com a punt per ser tractat l’actualització de l’EDC pel que fa a:</p>
<ul>
<li>Revisió dels objectius i activitats associades.</li>
<li>Revisió dels objectius ja programats.</li>
<li>Revisió, modificació quan s’escaigui o tancament.</li>
</ul>
<p>La Comissió digital, durant la seva reunió final de cada curs, tindrà com a punt per ser tractat la valoració del curs referent a l’EDC i la determinació de properes formacions internes adequades a les necessitats que s’hagin detectat durant el curs que finalitza.</p>

<p>La Comissió digital, durant la seva reunió de preparació de cada curs, tindrà com a punt per ser tractat l’actualització de l’EDC pel que fa a:</p>
<ul>
<li>Revisió dels objectius i activitats associades.</li>
<li>Revisió dels objectius ja programats.</li>
<li>Revisió, modificació quan s’escaigui o tancament.</li>
</ul>
<p>La Comissió digital, durant la seva&hellip;  <a href="https://agora.xtec.cat/ceipvilademany/estrategia-digital-de-centre/estrategia-digital/avaluacio/" title="Read Avaluació">Llegeix més»</a></p>
