{"id":5066,"date":"2022-03-10T11:54:14","date_gmt":"2022-03-10T10:54:14","guid":{"rendered":"https:\/\/agora.xtec.cat\/ceipvilademany\/?page_id=5066"},"modified":"2025-05-19T10:29:56","modified_gmt":"2025-05-19T08:29:56","slug":"planificacio-i-seguiment","status":"publish","type":"page","link":"https:\/\/agora.xtec.cat\/ceipvilademany\/estrategia-digital-de-centre\/estrategia-digital\/planificacio-i-seguiment\/","title":{"rendered":"Planificaci\u00f3 i seguiment"},"content":{"rendered":"<table style=\"border-collapse: collapse; width: 100%; height: 368px;\">\n<tbody>\n<tr style=\"height: 32px;\">\n<td style=\"width: 25%; height: 32px; text-align: center;\">OBJECTIU<\/td>\n<td style=\"width: 16.0805%; height: 32px; text-align: center;\">ACTIVITAT 1<\/td>\n<td style=\"width: 16.2708%; height: 32px; text-align: center;\">ACTIVITAT 2<\/td>\n<td style=\"width: 13.7192%; text-align: center; height: 32px;\">ACTIVITAT 3<\/td>\n<td style=\"width: 12.1238%; text-align: center; height: 32px;\">ACTIVITAT 4<\/td>\n<td style=\"width: 16.8057%; height: 32px; text-align: center;\">INDICADORS<\/td>\n<\/tr>\n<tr style=\"height: 48px;\">\n<td style=\"width: 25%; height: 48px;\" data-sheets-value=\"{&quot;1&quot;:2,&quot;2&quot;:&quot;Con\u00e8ixer i aplicar en la mesura que calgui els sistemes de protecci\u00f3 de dades en l\u2019\u00fas de les TIC&quot;}\">1 &#8211; Con\u00e8ixer i aplicar en la mesura que calgui els sistemes de protecci\u00f3 de dades en l\u2019\u00fas de les TIC<\/td>\n<td style=\"width: 16.0805%; height: 48px;\"><a href=\"https:\/\/agora.xtec.cat\/ceipvilademany\/wp-content\/uploads\/usu610\/2023\/03\/Fitxa-activitat-Objectiu-1-Activitat-1.pdf\">Internet segura. Els Mossos ens donen consells de seguretat<\/a><\/td>\n<td style=\"width: 16.2708%; height: 48px;\"><a href=\"https:\/\/agora.xtec.cat\/ceipvilademany\/wp-content\/uploads\/usu610\/2023\/03\/Fitxa-activitat-Objectiu-1-Activitat-2.pdf\">Les galetes: no ens empatxem!<\/a><\/td>\n<td style=\"width: 13.7192%; height: 48px;\"><\/td>\n<td style=\"width: 12.1238%; height: 48px;\"><\/td>\n<td style=\"width: 16.8057%; height: 48px;\"><a href=\"https:\/\/agora.xtec.cat\/ceipvilademany\/wp-content\/uploads\/usu610\/2023\/03\/Indicadors-Objectiu-1.pdf\">Indicadors Objectiu 1<\/a><\/td>\n<\/tr>\n<tr style=\"height: 64px;\">\n<td style=\"width: 25%; height: 64px;\" data-sheets-value=\"{&quot;1&quot;:2,&quot;2&quot;:&quot;Promoure l\u2019intercanvi d\u2019experi\u00e8ncies entre mestres per millorar el coneixement dels recursos en l\u2019ensenyament amb TIC&quot;}\">2 &#8211; Promoure l\u2019intercanvi d\u2019experi\u00e8ncies entre mestres per millorar el coneixement dels recursos en l\u2019ensenyament amb TIC<\/td>\n<td style=\"width: 16.0805%; height: 64px;\"><a href=\"https:\/\/agora.xtec.cat\/ceipvilademany\/wp-content\/uploads\/usu610\/2023\/03\/Fitxa-activitat-Objectiu-2-Activitat-1.pdf\">Mira qu\u00e8 s\u00e9 fer..<\/a>.<\/td>\n<td style=\"width: 16.2708%; height: 64px;\"><\/td>\n<td style=\"width: 13.7192%; height: 64px;\"><\/td>\n<td style=\"width: 12.1238%; height: 64px;\"><\/td>\n<td style=\"width: 16.8057%; height: 64px;\"><a href=\"https:\/\/agora.xtec.cat\/ceipvilademany\/wp-content\/uploads\/usu610\/2023\/03\/Indicadors-Objectiu-2.pdf\">Indicadors Objectiu 2<\/a><\/td>\n<\/tr>\n<tr style=\"height: 64px;\">\n<td style=\"width: 25%; height: 64px;\" data-sheets-value=\"{&quot;1&quot;:2,&quot;2&quot;:&quot;Aplicar les TAC per tal de dur a terme el proc\u00e9s de millora dels aprenentatges i projectes interdiciplinars&quot;}\">3 &#8211; Aplicar les TAC per tal de dur a terme el proc\u00e9s de millora dels aprenentatges i projectes interdiciplinars<\/td>\n<td style=\"width: 16.0805%; height: 64px;\"><a href=\"https:\/\/agora.xtec.cat\/ceipvilademany\/wp-content\/uploads\/usu610\/2025\/01\/Fitxes-dactivitat-Objectiu-3-F6.pdf\">Millorem els aprenentatges amb les TAC<\/a><\/td>\n<td style=\"width: 16.2708%; height: 64px;\"><\/td>\n<td style=\"width: 13.7192%; height: 64px;\"><\/td>\n<td style=\"width: 12.1238%; height: 64px;\"><\/td>\n<td style=\"width: 16.8057%; height: 64px;\"><a href=\"https:\/\/agora.xtec.cat\/ceipvilademany\/wp-content\/uploads\/usu610\/2025\/05\/Objectiu-3-temporitzacio-ajustat.pdf\">Indicadors Objectiu 3<\/a><\/td>\n<\/tr>\n<tr style=\"height: 48px;\">\n<td style=\"width: 25%; height: 48px;\" data-sheets-value=\"{&quot;1&quot;:2,&quot;2&quot;:&quot;Promoure la utilitzaci\u00f3 de tecnologies digitals per avaluar l\u2019alumnat.&quot;}\">4 &#8211; Promoure la utilitzaci\u00f3 de tecnologies digitals per avaluar l\u2019alumnat.<\/td>\n<td style=\"width: 16.0805%; height: 48px;\"><a href=\"https:\/\/agora.xtec.cat\/ceipvilademany\/wp-content\/uploads\/usu610\/2025\/01\/Fitxes-dactivitat-Objectiu-4-G1.pdf\">Avaluem amb les TAC<\/a><\/td>\n<td style=\"width: 16.2708%; height: 48px;\"><\/td>\n<td style=\"width: 13.7192%; height: 48px;\"><\/td>\n<td style=\"width: 12.1238%; height: 48px;\"><\/td>\n<td style=\"width: 16.8057%; height: 48px;\"><a href=\"https:\/\/agora.xtec.cat\/ceipvilademany\/wp-content\/uploads\/usu610\/2025\/01\/Objectiu-4-G1.pdf\">Indicadors Objectiu 4<\/a><\/td>\n<\/tr>\n<tr style=\"height: 64px;\">\n<td style=\"width: 25%; height: 64px;\" data-sheets-value=\"{&quot;1&quot;:2,&quot;2&quot;:&quot;Recon\u00e8ixer l\u2019autoria de la informaci\u00f3, documents, imatges...que hi ha a internet per citar-la si la utilitzem.&quot;}\">5 &#8211; Recon\u00e8ixer l\u2019autoria de la informaci\u00f3, documents, imatges&#8230;que hi ha a internet per citar-la si la utilitzem.<\/td>\n<td style=\"width: 16.0805%; height: 64px;\"><a href=\"https:\/\/agora.xtec.cat\/ceipvilademany\/wp-content\/uploads\/usu610\/2023\/03\/Fitxa-activitat-Objectiu-5-Activitat-1.pdf\">De qui \u00e9s aix\u00f2? D&#8217;on ho he tret? Puc utilitzar-ho?<\/a><\/td>\n<td style=\"width: 16.2708%; height: 64px;\"><a href=\"https:\/\/agora.xtec.cat\/ceipvilademany\/wp-content\/uploads\/usu610\/2024\/12\/Fitxes-dactivitat-Objectiu-5-A2-H6-2.pdf\">Quines imatges i documents pot utilitzar el meu alumnat?<\/a><\/td>\n<td style=\"width: 13.7192%; height: 64px;\"><a href=\"https:\/\/agora.xtec.cat\/ceipvilademany\/wp-content\/uploads\/usu610\/2024\/12\/Fitxes-dactivitat-Objectiu-5-A3-H6-1.pdf\">Quines imatges i documents utilitza realment el meu alumnat?<\/a><\/td>\n<td style=\"width: 12.1238%; height: 64px;\"><\/td>\n<td style=\"width: 16.8057%; height: 64px;\"><a href=\"https:\/\/agora.xtec.cat\/ceipvilademany\/wp-content\/uploads\/usu610\/2025\/01\/Objectiu-5-H6-temporitzacio-5.pdf\">Indicadors Objectiu 5<\/a><\/td>\n<\/tr>\n<tr style=\"height: 48px;\">\n<td style=\"width: 25%; height: 48px;\" data-sheets-value=\"{&quot;1&quot;:2,&quot;2&quot;:&quot;Aprendre a crear continguts digitals, a desar-los i a compartir-los de forma segura.&quot;}\">6 &#8211; Aprendre a crear continguts digitals, a desar-los i a compartir-los de forma segura.<\/td>\n<td style=\"width: 16.0805%; height: 48px;\"><a href=\"https:\/\/agora.xtec.cat\/ceipvilademany\/wp-content\/uploads\/usu610\/2023\/03\/Fitxa-activitat-Objectiu-6-Activitat-1.pdf\">Qu\u00e8 ha de saber fer l&#8217;alumnat a cada curs en mat\u00e8ria digital?<\/a><\/td>\n<td style=\"width: 16.2708%; height: 48px;\"><a href=\"https:\/\/agora.xtec.cat\/ceipvilademany\/wp-content\/uploads\/usu610\/2023\/03\/Fitxa-activitat-Objectiu-6-Activitat-2.pdf\">Curr\u00edculum i Compet\u00e8ncia Digital: qu\u00e8 fem per assolir els objectius?<\/a><\/td>\n<td style=\"width: 13.7192%; height: 48px;\"><a href=\"https:\/\/agora.xtec.cat\/ceipvilademany\/wp-content\/uploads\/usu610\/2025\/01\/Fitxes-dactivitat-Objectiu-6-H7-sequenciacio.pdf\">Seq\u00fcenciaci\u00f3 del treball de pensament computacional.<\/a><\/td>\n<td style=\"width: 12.1238%; height: 48px;\"><a href=\"https:\/\/agora.xtec.cat\/ceipvilademany\/wp-content\/uploads\/usu610\/2025\/01\/Fitxes-dactivitat-Objectiu-6-H7-implementacio.pdf\">Implementaci\u00f3 del treball de pensament computacional.<\/a><\/td>\n<td style=\"width: 16.8057%; height: 48px;\"><a href=\"https:\/\/agora.xtec.cat\/ceipvilademany\/wp-content\/uploads\/usu610\/2024\/12\/Objectiu-6-H7.pdf\">Indicadors Objectiu 6<\/a><\/td>\n<\/tr>\n<\/tbody>\n<\/table>\n","protected":false},"excerpt":{"rendered":"<p>OBJECTIU<br \/>\nACTIVITAT 1<br \/>\nACTIVITAT 2<br \/>\nACTIVITAT 3<br \/>\nACTIVITAT 4<br \/>\nINDICADORS<\/p>\n<p>1 &#8211; Con\u00e8ixer i aplicar en la mesura que calgui els sistemes de protecci\u00f3 de dades en l\u2019\u00fas de les TIC<br \/>\n<a href=\"https:\/\/agora.xtec.cat\/ceipvilademany\/wp-content\/uploads\/usu610\/2023\/03\/Fitxa-activitat-Objectiu-1-Activitat-1.pdf\">Internet segura. Els Mossos ens donen consells de seguretat<\/a><br \/>\n<a href=\"https:\/\/agora.xtec.cat\/ceipvilademany\/wp-content\/uploads\/usu610\/2023\/03\/Fitxa-activitat-Objectiu-1-Activitat-2.pdf\">Les galetes: no ens empatxem!<\/a><\/p>\n<p><a href=\"https:\/\/agora.xtec.cat\/ceipvilademany\/wp-content\/uploads\/usu610\/2023\/03\/Indicadors-Objectiu-1.pdf\">Indicadors Objectiu 1<\/a><\/p>\n<p>2 &#8211; Promoure l\u2019intercanvi&hellip;  <a href=\"https:\/\/agora.xtec.cat\/ceipvilademany\/estrategia-digital-de-centre\/estrategia-digital\/planificacio-i-seguiment\/\" title=\"Read Planificaci\u00f3 i seguiment\">Llegeix m\u00e9s\u00bb<\/a><\/p>\n","protected":false},"author":1,"featured_media":0,"parent":5070,"menu_order":0,"comment_status":"closed","ping_status":"closed","template":"","meta":{"_bbp_topic_count":0,"_bbp_reply_count":0,"_bbp_total_topic_count":0,"_bbp_total_reply_count":0,"_bbp_voice_count":0,"_bbp_anonymous_reply_count":0,"_bbp_topic_count_hidden":0,"_bbp_reply_count_hidden":0,"_bbp_forum_subforum_count":0,"footnotes":""},"class_list":["post-5066","page","type-page","status-publish","hentry"],"post_mailing_queue_ids":[],"_links":{"self":[{"href":"https:\/\/agora.xtec.cat\/ceipvilademany\/wp-json\/wp\/v2\/pages\/5066","targetHints":{"allow":["GET"]}}],"collection":[{"href":"https:\/\/agora.xtec.cat\/ceipvilademany\/wp-json\/wp\/v2\/pages"}],"about":[{"href":"https:\/\/agora.xtec.cat\/ceipvilademany\/wp-json\/wp\/v2\/types\/page"}],"author":[{"embeddable":true,"href":"https:\/\/agora.xtec.cat\/ceipvilademany\/wp-json\/wp\/v2\/users\/1"}],"replies":[{"embeddable":true,"href":"https:\/\/agora.xtec.cat\/ceipvilademany\/wp-json\/wp\/v2\/comments?post=5066"}],"version-history":[{"count":7,"href":"https:\/\/agora.xtec.cat\/ceipvilademany\/wp-json\/wp\/v2\/pages\/5066\/revisions"}],"predecessor-version":[{"id":6300,"href":"https:\/\/agora.xtec.cat\/ceipvilademany\/wp-json\/wp\/v2\/pages\/5066\/revisions\/6300"}],"up":[{"embeddable":true,"href":"https:\/\/agora.xtec.cat\/ceipvilademany\/wp-json\/wp\/v2\/pages\/5070"}],"wp:attachment":[{"href":"https:\/\/agora.xtec.cat\/ceipvilademany\/wp-json\/wp\/v2\/media?parent=5066"}],"curies":[{"name":"wp","href":"https:\/\/api.w.org\/{rel}","templated":true}]}}

Planificació i seguiment

<table style="border-collapse: collapse; width: 100%; height: 368px;">
<tbody>
<tr style="height: 32px;">
<td style="width: 25%; height: 32px; text-align: center;">OBJECTIU</td>
<td style="width: 16.0805%; height: 32px; text-align: center;">ACTIVITAT 1</td>
<td style="width: 16.2708%; height: 32px; text-align: center;">ACTIVITAT 2</td>
<td style="width: 13.7192%; text-align: center; height: 32px;">ACTIVITAT 3</td>
<td style="width: 12.1238%; text-align: center; height: 32px;">ACTIVITAT 4</td>
<td style="width: 16.8057%; height: 32px; text-align: center;">INDICADORS</td>
</tr>
<tr style="height: 48px;">
<td style="width: 25%; height: 48px;" data-sheets-value="{&quot;1&quot;:2,&quot;2&quot;:&quot;Conèixer i aplicar en la mesura que calgui els sistemes de protecció de dades en l’ús de les TIC&quot;}">1 &#8211; Conèixer i aplicar en la mesura que calgui els sistemes de protecció de dades en l’ús de les TIC</td>
<td style="width: 16.0805%; height: 48px;"><a href="https://agora.xtec.cat/ceipvilademany/wp-content/uploads/usu610/2023/03/Fitxa-activitat-Objectiu-1-Activitat-1.pdf">Internet segura. Els Mossos ens donen consells de seguretat</a></td>
<td style="width: 16.2708%; height: 48px;"><a href="https://agora.xtec.cat/ceipvilademany/wp-content/uploads/usu610/2023/03/Fitxa-activitat-Objectiu-1-Activitat-2.pdf">Les galetes: no ens empatxem!</a></td>
<td style="width: 13.7192%; height: 48px;"></td>
<td style="width: 12.1238%; height: 48px;"></td>
<td style="width: 16.8057%; height: 48px;"><a href="https://agora.xtec.cat/ceipvilademany/wp-content/uploads/usu610/2023/03/Indicadors-Objectiu-1.pdf">Indicadors Objectiu 1</a></td>
</tr>
<tr style="height: 64px;">
<td style="width: 25%; height: 64px;" data-sheets-value="{&quot;1&quot;:2,&quot;2&quot;:&quot;Promoure l’intercanvi d’experiències entre mestres per millorar el coneixement dels recursos en l’ensenyament amb TIC&quot;}">2 &#8211; Promoure l’intercanvi d’experiències entre mestres per millorar el coneixement dels recursos en l’ensenyament amb TIC</td>
<td style="width: 16.0805%; height: 64px;"><a href="https://agora.xtec.cat/ceipvilademany/wp-content/uploads/usu610/2023/03/Fitxa-activitat-Objectiu-2-Activitat-1.pdf">Mira què sé fer..</a>.</td>
<td style="width: 16.2708%; height: 64px;"></td>
<td style="width: 13.7192%; height: 64px;"></td>
<td style="width: 12.1238%; height: 64px;"></td>
<td style="width: 16.8057%; height: 64px;"><a href="https://agora.xtec.cat/ceipvilademany/wp-content/uploads/usu610/2023/03/Indicadors-Objectiu-2.pdf">Indicadors Objectiu 2</a></td>
</tr>
<tr style="height: 64px;">
<td style="width: 25%; height: 64px;" data-sheets-value="{&quot;1&quot;:2,&quot;2&quot;:&quot;Aplicar les TAC per tal de dur a terme el procés de millora dels aprenentatges i projectes interdiciplinars&quot;}">3 &#8211; Aplicar les TAC per tal de dur a terme el procés de millora dels aprenentatges i projectes interdiciplinars</td>
<td style="width: 16.0805%; height: 64px;"><a href="https://agora.xtec.cat/ceipvilademany/wp-content/uploads/usu610/2025/01/Fitxes-dactivitat-Objectiu-3-F6.pdf">Millorem els aprenentatges amb les TAC</a></td>
<td style="width: 16.2708%; height: 64px;"></td>
<td style="width: 13.7192%; height: 64px;"></td>
<td style="width: 12.1238%; height: 64px;"></td>
<td style="width: 16.8057%; height: 64px;"><a href="https://agora.xtec.cat/ceipvilademany/wp-content/uploads/usu610/2025/05/Objectiu-3-temporitzacio-ajustat.pdf">Indicadors Objectiu 3</a></td>
</tr>
<tr style="height: 48px;">
<td style="width: 25%; height: 48px;" data-sheets-value="{&quot;1&quot;:2,&quot;2&quot;:&quot;Promoure la utilització de tecnologies digitals per avaluar l’alumnat.&quot;}">4 &#8211; Promoure la utilització de tecnologies digitals per avaluar l’alumnat.</td>
<td style="width: 16.0805%; height: 48px;"><a href="https://agora.xtec.cat/ceipvilademany/wp-content/uploads/usu610/2025/01/Fitxes-dactivitat-Objectiu-4-G1.pdf">Avaluem amb les TAC</a></td>
<td style="width: 16.2708%; height: 48px;"></td>
<td style="width: 13.7192%; height: 48px;"></td>
<td style="width: 12.1238%; height: 48px;"></td>
<td style="width: 16.8057%; height: 48px;"><a href="https://agora.xtec.cat/ceipvilademany/wp-content/uploads/usu610/2025/01/Objectiu-4-G1.pdf">Indicadors Objectiu 4</a></td>
</tr>
<tr style="height: 64px;">
<td style="width: 25%; height: 64px;" data-sheets-value="{&quot;1&quot;:2,&quot;2&quot;:&quot;Reconèixer l’autoria de la informació, documents, imatges...que hi ha a internet per citar-la si la utilitzem.&quot;}">5 &#8211; Reconèixer l’autoria de la informació, documents, imatges&#8230;que hi ha a internet per citar-la si la utilitzem.</td>
<td style="width: 16.0805%; height: 64px;"><a href="https://agora.xtec.cat/ceipvilademany/wp-content/uploads/usu610/2023/03/Fitxa-activitat-Objectiu-5-Activitat-1.pdf">De qui és això? D&#8217;on ho he tret? Puc utilitzar-ho?</a></td>
<td style="width: 16.2708%; height: 64px;"><a href="https://agora.xtec.cat/ceipvilademany/wp-content/uploads/usu610/2024/12/Fitxes-dactivitat-Objectiu-5-A2-H6-2.pdf">Quines imatges i documents pot utilitzar el meu alumnat?</a></td>
<td style="width: 13.7192%; height: 64px;"><a href="https://agora.xtec.cat/ceipvilademany/wp-content/uploads/usu610/2024/12/Fitxes-dactivitat-Objectiu-5-A3-H6-1.pdf">Quines imatges i documents utilitza realment el meu alumnat?</a></td>
<td style="width: 12.1238%; height: 64px;"></td>
<td style="width: 16.8057%; height: 64px;"><a href="https://agora.xtec.cat/ceipvilademany/wp-content/uploads/usu610/2025/01/Objectiu-5-H6-temporitzacio-5.pdf">Indicadors Objectiu 5</a></td>
</tr>
<tr style="height: 48px;">
<td style="width: 25%; height: 48px;" data-sheets-value="{&quot;1&quot;:2,&quot;2&quot;:&quot;Aprendre a crear continguts digitals, a desar-los i a compartir-los de forma segura.&quot;}">6 &#8211; Aprendre a crear continguts digitals, a desar-los i a compartir-los de forma segura.</td>
<td style="width: 16.0805%; height: 48px;"><a href="https://agora.xtec.cat/ceipvilademany/wp-content/uploads/usu610/2023/03/Fitxa-activitat-Objectiu-6-Activitat-1.pdf">Què ha de saber fer l&#8217;alumnat a cada curs en matèria digital?</a></td>
<td style="width: 16.2708%; height: 48px;"><a href="https://agora.xtec.cat/ceipvilademany/wp-content/uploads/usu610/2023/03/Fitxa-activitat-Objectiu-6-Activitat-2.pdf">Currículum i Competència Digital: què fem per assolir els objectius?</a></td>
<td style="width: 13.7192%; height: 48px;"><a href="https://agora.xtec.cat/ceipvilademany/wp-content/uploads/usu610/2025/01/Fitxes-dactivitat-Objectiu-6-H7-sequenciacio.pdf">Seqüenciació del treball de pensament computacional.</a></td>
<td style="width: 12.1238%; height: 48px;"><a href="https://agora.xtec.cat/ceipvilademany/wp-content/uploads/usu610/2025/01/Fitxes-dactivitat-Objectiu-6-H7-implementacio.pdf">Implementació del treball de pensament computacional.</a></td>
<td style="width: 16.8057%; height: 48px;"><a href="https://agora.xtec.cat/ceipvilademany/wp-content/uploads/usu610/2024/12/Objectiu-6-H7.pdf">Indicadors Objectiu 6</a></td>
</tr>
</tbody>
</table>

<p>OBJECTIU<br />
ACTIVITAT 1<br />
ACTIVITAT 2<br />
ACTIVITAT 3<br />
ACTIVITAT 4<br />
INDICADORS</p>
<p>1 &#8211; Conèixer i aplicar en la mesura que calgui els sistemes de protecció de dades en l’ús de les TIC<br />
<a href="https://agora.xtec.cat/ceipvilademany/wp-content/uploads/usu610/2023/03/Fitxa-activitat-Objectiu-1-Activitat-1.pdf">Internet segura. Els Mossos ens donen consells de seguretat</a><br />
<a href="https://agora.xtec.cat/ceipvilademany/wp-content/uploads/usu610/2023/03/Fitxa-activitat-Objectiu-1-Activitat-2.pdf">Les galetes: no ens empatxem!</a></p>
<p><a href="https://agora.xtec.cat/ceipvilademany/wp-content/uploads/usu610/2023/03/Indicadors-Objectiu-1.pdf">Indicadors Objectiu 1</a></p>
<p>2 &#8211; Promoure l’intercanvi&hellip;  <a href="https://agora.xtec.cat/ceipvilademany/estrategia-digital-de-centre/estrategia-digital/planificacio-i-seguiment/" title="Read Planificació i seguiment">Llegeix més»</a></p>
