{"id":2862,"date":"2020-01-16T12:35:46","date_gmt":"2020-01-16T11:35:46","guid":{"rendered":"http:\/\/agora.xtec.cat\/ceipvilademany\/?page_id=2862"},"modified":"2025-02-18T15:37:49","modified_gmt":"2025-02-18T14:37:49","slug":"qui-som","status":"publish","type":"page","link":"https:\/\/agora.xtec.cat\/ceipvilademany\/lescola\/qui-som\/","title":{"rendered":"Qui som"},"content":{"rendered":"<p>L&#8217;Escola Vilademany \u00e9s un centre educatiu d\u2019infantil i prim\u00e0ria de titularitat p\u00fablica, que potencia l&#8217;educaci\u00f3 integral del nostre alumnat, afavorint el desenvolupament adequat de les seves capacitats intel.lectuals, f\u00edsiques i emocionals, potenciant-les i orientant-les, a fi d&#8217;evolucionar a nivell escolar, personal i social de forma satisfact\u00f2ria.\u00a0 Som una escola que potencia l&#8217;\u00fas habitual de la tecnologia a l&#8217;aula per afavorir el proc\u00e9s d&#8217;ensenyament-aprenentatge, que impulsa la llengua anglesa, que aplica noves mesures metodol\u00f2giques i que promou la participaci\u00f3 activa de les fam\u00edlies en el Projecte Educatiu de Centre.<\/p>\n<p><a href=\"https:\/\/www.youtube.com\/watch?v=up9CezjmFAc\"><iframe loading=\"lazy\" src=\"\/\/www.youtube.com\/embed\/up9CezjmFAc\" width=\"560\" height=\"314\"><\/iframe>\u00a0\u00a0\u00a0\u00a0\u00a0\u00a0\u00a0\u00a0<\/a><\/p>\n<p style=\"text-align: center;\"><strong>EQUIP DOCENT CURS 24\/25<\/strong><\/p>\n<table class=\" aligncenter\" style=\"height: 800px; width: 48.7105%;\" width=\"601\">\n<tbody>\n<tr style=\"height: 39px;\">\n<td style=\"width: 158px; height: 113px;\" rowspan=\"4\"><strong>\u00a0<\/strong><strong>\u00a0<\/strong><\/p>\n<p><strong>EQUIP DIRECTIU<\/strong><\/td>\n<td style=\"width: 150px; height: 10px;\"><strong>\u00a0<\/strong><\/td>\n<td style=\"width: 283px; height: 10px;\" colspan=\"2\"><strong>\u00a0<\/strong><\/p>\n<p><strong>\u00a0<\/strong><\/td>\n<\/tr>\n<tr style=\"height: 34px;\">\n<td style=\"width: 150px; height: 34px;\">DIRECTORA<\/td>\n<td style=\"width: 283px; height: 34px;\" colspan=\"2\">X\u00e8nia Torras<\/td>\n<\/tr>\n<tr style=\"height: 34px;\">\n<td style=\"width: 150px; height: 34px;\">CAP D\u2019ESTUDIS<\/td>\n<td style=\"width: 283px; height: 34px;\" colspan=\"2\">Pere Salvatella<\/td>\n<\/tr>\n<tr style=\"height: 35px;\">\n<td style=\"width: 150px; height: 35px;\">SECRET\u00c0RIA<\/td>\n<td style=\"width: 283px; height: 35px;\" colspan=\"2\">Meritxell Serra<\/td>\n<\/tr>\n<tr style=\"height: 57px;\">\n<td style=\"width: 158px; height: 115px;\" rowspan=\"2\"><strong>EDUCACI\u00d3 INFANTIL<\/strong><\/p>\n<p><strong>\u00a0<\/strong><\/td>\n<td style=\"width: 150px; height: 57px;\">I3 + I4<\/td>\n<td style=\"width: 190px; height: 57px;\">Soraya Fern\u00e1ndez<\/td>\n<td style=\"width: 91px; height: 316px;\" rowspan=\"8\">&nbsp;<\/p>\n<p>&nbsp;<\/p>\n<p>&nbsp;<\/p>\n<p>TUTORIES<\/td>\n<\/tr>\n<tr style=\"height: 58px;\">\n<td style=\"width: 150px; height: 58px;\">I5<\/td>\n<td style=\"width: 190px; height: 58px;\">Gemma Pujol<\/td>\n<\/tr>\n<tr style=\"height: 31px;\">\n<td style=\"width: 158px; height: 201px;\" rowspan=\"6\"><strong>\u00a0\u00a0 <\/strong><\/p>\n<p><strong>EDUCACI\u00d3 PRIM\u00c0RIA<\/strong><\/td>\n<td style=\"width: 150px; height: 31px;\">1r<\/td>\n<td style=\"width: 190px; height: 31px;\">Eva Mu\u00f1oz<\/td>\n<\/tr>\n<tr style=\"height: 31px;\">\n<td style=\"width: 150px; height: 31px;\">2n<\/td>\n<td style=\"width: 190px; height: 31px;\">Merc\u00e8 Maj\u00f3<\/td>\n<\/tr>\n<tr style=\"height: 31px;\">\n<td style=\"width: 150px; height: 31px;\">3r + 4t<\/td>\n<td style=\"width: 190px; height: 31px;\">M\u00f2nica S\u00e1nchez<\/td>\n<\/tr>\n<tr style=\"height: 31px;\">\n<td style=\"width: 150px; height: 31px;\"><\/td>\n<td style=\"width: 190px; height: 31px;\"><\/td>\n<\/tr>\n<tr style=\"height: 31px;\">\n<td style=\"width: 150px; height: 31px;\">5\u00e8<\/td>\n<td style=\"width: 190px; height: 31px;\">Josep Rovira<\/td>\n<\/tr>\n<tr style=\"height: 46px;\">\n<td style=\"width: 150px; height: 46px;\">6\u00e8<\/td>\n<td style=\"width: 190px; height: 46px;\">Meritxell Serra\/ X\u00e8nia Torras<\/td>\n<\/tr>\n<tr style=\"height: 31px;\">\n<td style=\"width: 158px; height: 232px;\" rowspan=\"7\"><strong>\u00a0<\/strong><strong>ESPECIALISTES<\/strong><\/td>\n<td style=\"width: 150px; height: 31px;\">M\u00daSICA<\/td>\n<td style=\"width: 283px; height: 31px;\" colspan=\"2\">\u00cdngrid Camps<\/td>\n<\/tr>\n<tr style=\"height: 31px;\">\n<td style=\"width: 150px; height: 31px;\">EDUCACI\u00d3 F\u00cdSICA<\/td>\n<td style=\"width: 283px; height: 31px;\" colspan=\"2\">Anna Garreta<\/td>\n<\/tr>\n<tr style=\"height: 31px;\">\n<td style=\"width: 150px; height: 31px;\">ANGL\u00c8S\/SCIENCE<\/td>\n<td style=\"width: 283px; height: 31px;\" colspan=\"2\">Pere Salvatella<\/td>\n<\/tr>\n<tr style=\"height: 31px;\">\n<td style=\"width: 150px; height: 31px;\">FRANC\u00c8S<\/td>\n<td style=\"width: 283px; height: 31px;\" colspan=\"2\">X\u00e8nia Torras<\/td>\n<\/tr>\n<tr style=\"height: 31px;\">\n<td style=\"width: 150px; height: 31px;\">RELIGI\u00d3<\/td>\n<td style=\"width: 283px; height: 31px;\" colspan=\"2\">Laura Suita<\/td>\n<\/tr>\n<tr style=\"height: 46px;\">\n<td style=\"width: 150px; height: 46px;\">EDUCACI\u00d3 ESPECIAL<\/td>\n<td style=\"width: 283px; height: 46px;\" colspan=\"2\">Merc\u00e8 Maj\u00f3<\/td>\n<\/tr>\n<tr style=\"height: 31px;\">\n<td style=\"width: 150px; height: 31px;\"><\/td>\n<td style=\"width: 283px; height: 31px;\" colspan=\"2\"><\/td>\n<\/tr>\n<tr style=\"height: 46px;\">\n<td style=\"width: 158px; height: 46px;\"><strong>EAP<\/strong><\/td>\n<td style=\"width: 150px; height: 46px;\">\u00daltim dilluns de mes, 9\u201900-14h<\/td>\n<td style=\"width: 283px; height: 46px;\" colspan=\"2\">Patr\u00edcia Centelles<\/td>\n<\/tr>\n<\/tbody>\n<\/table>\n<p>&nbsp;<\/p>\n<p>&nbsp;<\/p>\n<p>&nbsp;<\/p>\n<p><a href=\"https:\/\/agora.xtec.cat\/ceipvilademany\/lescola\/qui-som\/attachment\/20230301_124251-1-p\/\" rel=\"attachment wp-att-5342\"><img loading=\"lazy\" decoding=\"async\" class=\"alignnone size-large wp-image-5342\" src=\"https:\/\/agora.xtec.cat\/ceipvilademany\/wp-content\/uploads\/usu610\/2023\/03\/20230301_124251-1-P-1024x768.jpg\" alt=\"\" width=\"1024\" height=\"768\" srcset=\"https:\/\/agora.xtec.cat\/ceipvilademany\/wp-content\/uploads\/usu610\/2023\/03\/20230301_124251-1-P-1024x768.jpg 1024w, https:\/\/agora.xtec.cat\/ceipvilademany\/wp-content\/uploads\/usu610\/2023\/03\/20230301_124251-1-P-300x225.jpg 300w, https:\/\/agora.xtec.cat\/ceipvilademany\/wp-content\/uploads\/usu610\/2023\/03\/20230301_124251-1-P-768x576.jpg 768w, https:\/\/agora.xtec.cat\/ceipvilademany\/wp-content\/uploads\/usu610\/2023\/03\/20230301_124251-1-P-1536x1152.jpg 1536w, https:\/\/agora.xtec.cat\/ceipvilademany\/wp-content\/uploads\/usu610\/2023\/03\/20230301_124251-1-P-200x150.jpg 200w, https:\/\/agora.xtec.cat\/ceipvilademany\/wp-content\/uploads\/usu610\/2023\/03\/20230301_124251-1-P.jpg 1632w\" sizes=\"auto, (max-width: 1024px) 100vw, 1024px\" \/><\/a><\/p>\n<p>&nbsp;<\/p>\n<p>&nbsp;<\/p>\n<p>&nbsp;<\/p>\n<p>&nbsp;<\/p>\n","protected":false},"excerpt":{"rendered":"<p>L&#8217;Escola Vilademany \u00e9s un centre educatiu d\u2019infantil i prim\u00e0ria de titularitat p\u00fablica, que potencia l&#8217;educaci\u00f3 integral del nostre alumnat, afavorint el desenvolupament adequat de les seves capacitats intel.lectuals, f\u00edsiques i emocionals, potenciant-les i orientant-les, a fi d&#8217;evolucionar a nivell escolar, personal i social de forma&hellip;  <a href=\"https:\/\/agora.xtec.cat\/ceipvilademany\/lescola\/qui-som\/\" title=\"Read Qui som\">Llegeix m\u00e9s\u00bb<\/a><\/p>\n","protected":false},"author":1,"featured_media":0,"parent":22,"menu_order":0,"comment_status":"closed","ping_status":"closed","template":"page-templates\/side-menu.php","meta":{"_bbp_topic_count":0,"_bbp_reply_count":0,"_bbp_total_topic_count":0,"_bbp_total_reply_count":0,"_bbp_voice_count":0,"_bbp_anonymous_reply_count":0,"_bbp_topic_count_hidden":0,"_bbp_reply_count_hidden":0,"_bbp_forum_subforum_count":0,"footnotes":""},"class_list":["post-2862","page","type-page","status-publish","hentry"],"post_mailing_queue_ids":[],"_links":{"self":[{"href":"https:\/\/agora.xtec.cat\/ceipvilademany\/wp-json\/wp\/v2\/pages\/2862","targetHints":{"allow":["GET"]}}],"collection":[{"href":"https:\/\/agora.xtec.cat\/ceipvilademany\/wp-json\/wp\/v2\/pages"}],"about":[{"href":"https:\/\/agora.xtec.cat\/ceipvilademany\/wp-json\/wp\/v2\/types\/page"}],"author":[{"embeddable":true,"href":"https:\/\/agora.xtec.cat\/ceipvilademany\/wp-json\/wp\/v2\/users\/1"}],"replies":[{"embeddable":true,"href":"https:\/\/agora.xtec.cat\/ceipvilademany\/wp-json\/wp\/v2\/comments?post=2862"}],"version-history":[{"count":5,"href":"https:\/\/agora.xtec.cat\/ceipvilademany\/wp-json\/wp\/v2\/pages\/2862\/revisions"}],"predecessor-version":[{"id":6258,"href":"https:\/\/agora.xtec.cat\/ceipvilademany\/wp-json\/wp\/v2\/pages\/2862\/revisions\/6258"}],"up":[{"embeddable":true,"href":"https:\/\/agora.xtec.cat\/ceipvilademany\/wp-json\/wp\/v2\/pages\/22"}],"wp:attachment":[{"href":"https:\/\/agora.xtec.cat\/ceipvilademany\/wp-json\/wp\/v2\/media?parent=2862"}],"curies":[{"name":"wp","href":"https:\/\/api.w.org\/{rel}","templated":true}]}}