{"id":73,"date":"2014-09-18T14:01:51","date_gmt":"2014-09-18T13:01:51","guid":{"rendered":"http:\/\/agora.xtec.cat\/ceipvilademager\/?page_id=73"},"modified":"2025-09-09T13:18:04","modified_gmt":"2025-09-09T11:18:04","slug":"menjador-escolar","status":"publish","type":"page","link":"https:\/\/agora.xtec.cat\/ceipvilademager\/serveis\/menjador-escolar\/","title":{"rendered":"Menjador escolar"},"content":{"rendered":"<p>SERVEI DE MENJADOR:<\/p>\n<p>La gesti\u00f3 del menjador escolar la porta l&#8217;AMPA de l&#8217;escola, mitjan\u00e7ant l&#8217;empresa &#8220;Aliment Art&#8221;.<\/p>\n<p>En el seg\u00fcent enlla\u00e7 podreu anar consultant els diferents <strong>men\u00fas mensuals<\/strong> del servei de menjador escolar (men\u00fa basal i men\u00fa derivats):<\/p>\n<p><span style=\"color: #ff6600;\"><strong><a style=\"color: #ff6600;\" href=\"https:\/\/drive.google.com\/drive\/folders\/17gHnLG0IeOjgMOUz4RVRR1lCTpdtOemp?usp=sharing\">MEN\u00daS\u00a0<\/a><\/strong><\/span><\/p>\n<p>&nbsp;<\/p>\n<p><span style=\"text-decoration: underline;\"><strong>PREUS CURS 25-26<\/strong><\/span><\/p>\n<p>* Preu per <strong><span style=\"color: #993366;\">alumnat espor\u00e0dic<\/span>:<\/strong> 6,49\u20ac<\/p>\n<p>* Preu per <strong><span style=\"color: #993366;\">alumnat fixe<\/span><\/strong> (m\u00e9s de tres dies setmanals): 5,91\u20ac<\/p>\n<p><span style=\"text-decoration: underline;\"><strong>MONITORATGE<\/strong><\/span><\/p>\n<p>Anna Mart\u00ednez (coordinadora)<\/p>\n<p>Sara Nav\u00e1s<\/p>\n","protected":false},"excerpt":{"rendered":"<p>SERVEI DE MENJADOR:<br \/>\nLa gesti\u00f3 del menjador escolar la porta l&#8217;AMPA de l&#8217;escola, mitjan\u00e7ant l&#8217;empresa &#8220;Aliment Art&#8221;.<br \/>\nEn el seg\u00fcent enlla\u00e7 podreu anar consultant els diferents men\u00fas mensuals del servei de menjador escolar (men\u00fa basal i men\u00fa derivats):<br \/>\n<a style=\"color: #ff6600;\" href=\"https:\/\/drive.google.com\/drive\/folders\/17gHnLG0IeOjgMOUz4RVRR1lCTpdtOemp?usp=sharing\">MEN\u00daS\u00a0<\/a><br \/>\n&nbsp;<br \/>\nPREUS CURS 25-26<br \/>\n* Preu per alumnat espor\u00e0dic:&hellip;  <a href=\"https:\/\/agora.xtec.cat\/ceipvilademager\/serveis\/menjador-escolar\/\" title=\"Read Menjador escolar\">Llegeix m\u00e9s\u00bb<\/a><\/p>\n","protected":false},"author":1,"featured_media":0,"parent":66,"menu_order":3,"comment_status":"closed","ping_status":"closed","template":"page-templates\/side-menu.php","meta":{"_bbp_topic_count":0,"_bbp_reply_count":0,"_bbp_total_topic_count":0,"_bbp_total_reply_count":0,"_bbp_voice_count":0,"_bbp_anonymous_reply_count":0,"_bbp_topic_count_hidden":0,"_bbp_reply_count_hidden":0,"_bbp_forum_subforum_count":0,"footnotes":""},"class_list":["post-73","page","type-page","status-publish","hentry"],"post_mailing_queue_ids":[],"_links":{"self":[{"href":"https:\/\/agora.xtec.cat\/ceipvilademager\/wp-json\/wp\/v2\/pages\/73","targetHints":{"allow":["GET"]}}],"collection":[{"href":"https:\/\/agora.xtec.cat\/ceipvilademager\/wp-json\/wp\/v2\/pages"}],"about":[{"href":"https:\/\/agora.xtec.cat\/ceipvilademager\/wp-json\/wp\/v2\/types\/page"}],"author":[{"embeddable":true,"href":"https:\/\/agora.xtec.cat\/ceipvilademager\/wp-json\/wp\/v2\/users\/1"}],"replies":[{"embeddable":true,"href":"https:\/\/agora.xtec.cat\/ceipvilademager\/wp-json\/wp\/v2\/comments?post=73"}],"version-history":[{"count":7,"href":"https:\/\/agora.xtec.cat\/ceipvilademager\/wp-json\/wp\/v2\/pages\/73\/revisions"}],"predecessor-version":[{"id":2362,"href":"https:\/\/agora.xtec.cat\/ceipvilademager\/wp-json\/wp\/v2\/pages\/73\/revisions\/2362"}],"up":[{"embeddable":true,"href":"https:\/\/agora.xtec.cat\/ceipvilademager\/wp-json\/wp\/v2\/pages\/66"}],"wp:attachment":[{"href":"https:\/\/agora.xtec.cat\/ceipvilademager\/wp-json\/wp\/v2\/media?parent=73"}],"curies":[{"name":"wp","href":"https:\/\/api.w.org\/{rel}","templated":true}]}}