{"id":71,"date":"2014-09-18T12:44:56","date_gmt":"2014-09-18T11:44:56","guid":{"rendered":"http:\/\/agora.xtec.cat\/ceipvilademager\/?page_id=71"},"modified":"2023-02-14T15:50:46","modified_gmt":"2023-02-14T14:50:46","slug":"serveis-digitals","status":"publish","type":"page","link":"https:\/\/agora.xtec.cat\/ceipvilademager\/serveis\/serveis-digitals\/","title":{"rendered":"Serveis digitals"},"content":{"rendered":"<p>L&#8217;oferta de <strong>serveis\u00a0digitals<\/strong>\u00a0constitueix un element\u00a0molt important de l&#8217;engranatge d&#8217;un centre educatiu.<\/p>\n<p>En aquesta p\u00e0gina deixarem const\u00e0ncia dels serveis en l\u00ednia que ofereix la nostra escola.<\/p>\n<p>Actualment, disposem del seg\u00fcents:<\/p>\n<table style=\"width: 82.3313%;\">\n<tbody>\n<tr>\n<td style=\"width: 58.5812%;\">\n<p style=\"text-align: center;\"><span style=\"color: #993366;\"><strong>DISPOSITIUS<\/strong><\/span><\/p>\n<\/td>\n<td style=\"width: 78.4897%;\">\n<p style=\"text-align: center;\"><span style=\"color: #993366;\"><strong>NOMBRE D\u2019UNITATS<\/strong><\/span><\/p>\n<\/td>\n<\/tr>\n<tr>\n<td style=\"width: 58.5812%;\"><span style=\"font-weight: 400;\">CHROMEBOOKS PER A L\u2019ALUMNAT<\/span><\/td>\n<td style=\"width: 78.4897%;\"><span style=\"font-weight: 400;\">16<\/span><\/td>\n<\/tr>\n<tr>\n<td style=\"width: 58.5812%;\"><span style=\"font-weight: 400;\">PORT\u00c0TILS DOCENTS<\/span><\/td>\n<td style=\"width: 78.4897%;\"><span style=\"font-weight: 400;\">un per cada docent actiu<\/span><\/td>\n<\/tr>\n<tr>\n<td style=\"width: 58.5812%;\"><span style=\"font-weight: 400;\">PISSARRES DIGITALS AULES<\/span><\/td>\n<td style=\"width: 78.4897%;\"><span style=\"font-weight: 400;\">4 (una per aula)<\/span><\/td>\n<\/tr>\n<tr>\n<td style=\"width: 58.5812%;\"><span style=\"font-weight: 400;\">PANELLS INTERACTIUS<\/span><\/td>\n<td style=\"width: 78.4897%;\"><span style=\"font-weight: 400;\">2 (un fixe i l\u2019altre m\u00f2bil)<\/span><\/td>\n<\/tr>\n<\/tbody>\n<\/table>\n<p>&nbsp;<\/p>\n<table style=\"width: 82.5379%;\">\n<tbody>\n<tr>\n<td style=\"width: 100%;\">\n<p style=\"text-align: center;\"><span style=\"color: #993366;\"><strong>PLATAFORMES DIGITALS<\/strong><\/span><\/p>\n<\/td>\n<\/tr>\n<tr>\n<td style=\"width: 100%;\"><span style=\"font-weight: 400;\">MOODLE <\/span><a href=\"https:\/\/educaciodigital.cat\/zerserradancosa\/moodle\/\"><span style=\"font-weight: 400;\">https:\/\/educaciodigital.cat\/zerserradancosa\/moodle\/<\/span><\/a><\/td>\n<\/tr>\n<tr>\n<td style=\"width: 100%;\"><span style=\"font-weight: 400;\">BLOC ESCOLAR <\/span><a href=\"https:\/\/blocs.xtec.cat\/escolavilademager\/\"><span style=\"font-weight: 400;\">https:\/\/blocs.xtec.cat\/escolavilademager\/<\/span><\/a><\/td>\n<\/tr>\n<tr>\n<td style=\"width: 100%;\"><span style=\"font-weight: 400;\">EMAT DIGITAL<\/span><\/p>\n<ul>\n<li style=\"font-weight: 400;\" aria-level=\"1\"><span style=\"font-weight: 400;\">CIBER INFANTIL (acc\u00e9s des del correu personal)<\/span><\/li>\n<li style=\"font-weight: 400;\" aria-level=\"1\"><span style=\"font-weight: 400;\">CIBER PRIM\u00c0RIA: <\/span><a href=\"https:\/\/n9.cl\/7m6vzz\"><span style=\"font-weight: 400;\">https:\/\/n9.cl\/7m6vzz<\/span><\/a><\/li>\n<\/ul>\n<p><span style=\"font-weight: 400;\">SUPERLLETRES (Cicle Mitj\u00e0) <\/span><a href=\"https:\/\/n9.cl\/04c3f\"><span style=\"font-weight: 400;\">https:\/\/n9.cl\/04c3f<\/span><\/a><\/td>\n<\/tr>\n<\/tbody>\n<\/table>\n","protected":false},"excerpt":{"rendered":"<p>L&#8217;oferta de serveis\u00a0digitals\u00a0constitueix un element\u00a0molt important de l&#8217;engranatge d&#8217;un centre educatiu.<br \/>\nEn aquesta p\u00e0gina deixarem const\u00e0ncia dels serveis en l\u00ednia que ofereix la nostra escola.<br \/>\nActualment, disposem del seg\u00fcents:<\/p>\n<p>DISPOSITIUS<\/p>\n<p>NOMBRE D\u2019UNITATS<\/p>\n<p>CHROMEBOOKS PER A L\u2019ALUMNAT<br \/>\n16<\/p>\n<p>PORT\u00c0TILS DOCENTS<br \/>\nun per cada docent actiu<\/p>\n<p>PISSARRES DIGITALS AULES<br \/>\n4 (una per aula)<\/p>\n<p>PANELLS INTERACTIUS<br \/>\n2 (un fixe i&hellip;  <a href=\"https:\/\/agora.xtec.cat\/ceipvilademager\/serveis\/serveis-digitals\/\" title=\"Read Serveis digitals\">Llegeix m\u00e9s\u00bb<\/a><\/p>\n","protected":false},"author":1,"featured_media":0,"parent":66,"menu_order":10,"comment_status":"closed","ping_status":"closed","template":"page-templates\/side-menu.php","meta":{"_bbp_topic_count":0,"_bbp_reply_count":0,"_bbp_total_topic_count":0,"_bbp_total_reply_count":0,"_bbp_voice_count":0,"_bbp_anonymous_reply_count":0,"_bbp_topic_count_hidden":0,"_bbp_reply_count_hidden":0,"_bbp_forum_subforum_count":0,"footnotes":""},"class_list":["post-71","page","type-page","status-publish","hentry"],"post_mailing_queue_ids":[],"_links":{"self":[{"href":"https:\/\/agora.xtec.cat\/ceipvilademager\/wp-json\/wp\/v2\/pages\/71","targetHints":{"allow":["GET"]}}],"collection":[{"href":"https:\/\/agora.xtec.cat\/ceipvilademager\/wp-json\/wp\/v2\/pages"}],"about":[{"href":"https:\/\/agora.xtec.cat\/ceipvilademager\/wp-json\/wp\/v2\/types\/page"}],"author":[{"embeddable":true,"href":"https:\/\/agora.xtec.cat\/ceipvilademager\/wp-json\/wp\/v2\/users\/1"}],"replies":[{"embeddable":true,"href":"https:\/\/agora.xtec.cat\/ceipvilademager\/wp-json\/wp\/v2\/comments?post=71"}],"version-history":[{"count":4,"href":"https:\/\/agora.xtec.cat\/ceipvilademager\/wp-json\/wp\/v2\/pages\/71\/revisions"}],"predecessor-version":[{"id":1013,"href":"https:\/\/agora.xtec.cat\/ceipvilademager\/wp-json\/wp\/v2\/pages\/71\/revisions\/1013"}],"up":[{"embeddable":true,"href":"https:\/\/agora.xtec.cat\/ceipvilademager\/wp-json\/wp\/v2\/pages\/66"}],"wp:attachment":[{"href":"https:\/\/agora.xtec.cat\/ceipvilademager\/wp-json\/wp\/v2\/media?parent=71"}],"curies":[{"name":"wp","href":"https:\/\/api.w.org\/{rel}","templated":true}]}}