{"id":676,"date":"2022-10-07T10:22:21","date_gmt":"2022-10-07T08:22:21","guid":{"rendered":"https:\/\/agora.xtec.cat\/ceipvilademager\/?page_id=676"},"modified":"2024-05-22T21:23:54","modified_gmt":"2024-05-22T19:23:54","slug":"objectius","status":"publish","type":"page","link":"https:\/\/agora.xtec.cat\/ceipvilademager\/edc\/estrategia\/objectius\/","title":{"rendered":"Objectius"},"content":{"rendered":"<table dir=\"ltr\" style=\"width: 100%; height: 1544px;\" border=\"1\" cellspacing=\"0\" cellpadding=\"0\">\n<colgroup>\n<col width=\"321\" \/>\n<col width=\"247\" \/>\n<col width=\"282\" \/>\n<col width=\"283\" \/><\/colgroup>\n<tbody>\n<tr style=\"height: 48px;\">\n<td style=\"background-color: #fa0021; text-align: center; height: 48px;\"><strong>PUNT FEBLE<\/strong><\/td>\n<td style=\"background-color: #f79e05; text-align: center; height: 48px;\"><strong>CAUSES DELS PUNTS FEBLES<\/strong><\/td>\n<td style=\"background-color: #ffff1f; text-align: center; height: 48px;\"><strong>PROPOSTA D&#8217;OBJECTIU<\/strong><\/td>\n<td style=\"background-color: #c8ff00; text-align: center; height: 48px;\"><strong>OBJECTIU PRINCIPAL<\/strong><\/td>\n<\/tr>\n<tr style=\"height: 80px;\">\n<td style=\"height: 80px;\">No tenim establert un disseny curricular que inclogui l&#8217;\u00fas de les TIC en les diferents \u00e0rees curriculars.<\/td>\n<td style=\"height: 80px;\">No hi ha una comissi\u00f3 digital establerta.<\/td>\n<td style=\"height: 80px;\">Definir el desplegament curricular per establir la compet\u00e8ncia digital de l&#8217;alumnat.<\/td>\n<td style=\"height: 80px;\">Millorar la Compet\u00e8ncia digital de l&#8217;alumnat.<\/td>\n<\/tr>\n<tr style=\"height: 95px;\">\n<td style=\"height: 95px;\">L&#8217;escola no contempla la inclusi\u00f3 digital i de g\u00e8nere quan es fa \u00fas de les tecnologies digitals.<\/td>\n<td style=\"height: 95px;\">No hi ha un recull de propostes als documents de centre. No s&#8217;han pactat accions amb el claustre.<\/td>\n<td style=\"height: 95px;\">Promoure el respecte vers el g\u00e8nere en l&#8217;\u00e0mbit digital amb la finalitat de millorar l&#8217;atenci\u00f3 educativa universal de tot l&#8217;alumnat.<\/td>\n<td style=\"height: 95px;\"><\/td>\n<\/tr>\n<tr style=\"height: 64px;\">\n<td style=\"height: 64px;\">No apliquem l&#8217;avaluaci\u00f3 formativa i formadora a trav\u00e9s de les eines digitals.<\/td>\n<td style=\"height: 64px;\">No hi ha una formaci\u00f3 base per part de l&#8217;equip docent.<\/td>\n<td style=\"height: 64px;\">Utilitzar eines d&#8217;avaluaci\u00f3 per aplicar l&#8217;avaluaci\u00f3 formativa al centre.<\/td>\n<td style=\"height: 64px;\"><\/td>\n<\/tr>\n<tr style=\"height: 111px;\">\n<td style=\"height: 111px;\">El professorat no promou activitats apropiades pel que fa a l&#8217;\u00fas segur<br \/>\nd&#8217;Internet i el respecte de la propietat intel\u00b7lectual.<\/td>\n<td style=\"height: 111px;\">No hi ha formaci\u00f3 base per part de l&#8217;equip docent.<\/td>\n<td style=\"height: 111px;\">Promoure la formaci\u00f3 de l&#8217;alumnat en ciberseguretat i legalitat a la xarxa per protegir la identitat digital de l&#8217;alumnat.<\/td>\n<td style=\"height: 111px;\"><\/td>\n<\/tr>\n<tr style=\"height: 80px;\">\n<td style=\"height: 80px;\">No s&#8217;ha definit un pla d&#8217;acollida digital per a l&#8217;alumnat del centre.<\/td>\n<td style=\"height: 80px;\">L&#8217;equip directiu del centre fa molts anys que hi \u00e9s i no s&#8217;han renovat els documents.<\/td>\n<td style=\"height: 80px;\">Dissenyar un pla d&#8217;acollida digital per l&#8217;alumnat per establir l\u00ednies d&#8217;actuaci\u00f3 en el pla digital.<\/td>\n<td style=\"height: 80px;\"><\/td>\n<\/tr>\n<tr style=\"height: 127px;\">\n<td style=\"height: 127px;\">No es t\u00e9 en compte l&#8217;autoria alhora de fer \u00fas de les TIC<\/td>\n<td style=\"height: 127px;\">No s&#8217;han pactat propostes com a claustre per a tenir en compte l&#8217;autoria.<\/td>\n<td style=\"height: 127px;\">Promoure l&#8217;autoria del material utilitzat amb un sentit cr\u00edtic<br \/>\ni fer conscients als alumnes sobre la import\u00e0ncia dels drets d&#8217;autor.<\/td>\n<td style=\"height: 127px;\"><\/td>\n<\/tr>\n<tr style=\"height: 127px;\">\n<td style=\"height: 127px;\">No es treballa amb el material de rob\u00f2tica que t\u00e9 el centre en tots els cursos.<br \/>\nSempre es fan les mateixes activitats de rob\u00f2tica per la qual cosa l&#8217;alumnat perd l&#8217;inter\u00e8s per l&#8217;optativa.<\/td>\n<td style=\"height: 127px;\">No tenim material a l&#8217;escola i cada any s&#8217;ha de demanar al CRP.<\/td>\n<td style=\"height: 127px;\">Implementar el desplegament de la dotaci\u00f3 de rob\u00f2tica al llarg de l&#8217;etapa per tal de millorar el pensament computacional de l&#8217;alumnat.<\/td>\n<td style=\"height: 127px;\"><\/td>\n<\/tr>\n<tr style=\"height: 64px;\">\n<td style=\"height: 64px;\">La majoria del claustre \u00e9s consumidor de recursos digitals per\u00f2 no creador.<\/td>\n<td style=\"height: 64px;\">No hi ha formaci\u00f3 base per part de l&#8217;equip docent.<\/td>\n<td style=\"height: 64px;\">Impulsar la formaci\u00f3 permanent en l&#8217;estrat\u00e8gia digital dels docents.<\/td>\n<td style=\"height: 64px;\">Millorar la compet\u00e8ncia digital docent.<\/td>\n<\/tr>\n<tr style=\"height: 80px;\">\n<td style=\"height: 80px;\">No tenim establerta una proposta digital per acollir al professorat del centre.<\/td>\n<td style=\"height: 80px;\">L&#8217;equip directiu del centre fa molt anys que hi \u00e9s i no s&#8217;han renovat els documents.<\/td>\n<td style=\"height: 80px;\">Dissenyar un pla d&#8217;acollida digital per al professorat per establir l\u00ednies d&#8217;actuaci\u00f3 en el pla digital.<\/td>\n<td style=\"height: 80px;\"><\/td>\n<\/tr>\n<tr style=\"height: 80px;\">\n<td style=\"height: 80px;\">L&#8217;escola no contempla la inclusi\u00f3 digital i de g\u00e8nere quan es fa \u00fas de les tecnologies digitals.<\/td>\n<td style=\"height: 80px;\">No s&#8217;ha ensenyat al claustre la possibilitat d&#8217;autoformaci\u00f3 per part dels docents del centre.<\/td>\n<td style=\"height: 80px;\">Potenciar l\u2019autoformaci\u00f3 del professorat per millorar la CD Docent.<\/td>\n<td style=\"height: 80px;\"><\/td>\n<\/tr>\n<tr style=\"height: 95px;\">\n<td style=\"height: 95px;\">No tenim en compte el DUA a l&#8217;hora d&#8217;avaluar a l&#8217;alumnat amb la finalitat de millorar el coneixement sobre l&#8217;aplicaci\u00f3 dels criteris del DUA.<\/td>\n<td style=\"height: 95px;\">No hi ha formaci\u00f3 base per part de l&#8217;equip docent.<\/td>\n<td style=\"height: 95px;\">Promoure sessions formatives que doni recursos i promogui la reflexi\u00f3 sobre el DUA.<\/td>\n<td style=\"height: 95px;\"><\/td>\n<\/tr>\n<tr style=\"height: 143px;\">\n<td style=\"height: 143px;\">No es comparteixen les bones pr\u00e0ctiques entre el professorat del centre.<\/td>\n<td style=\"height: 143px;\">No tenim establert un espai per compartir els recursos digitals que utilitzem al centre. No tenim establerta una planificaci\u00f3 de claustres pedag\u00f2gics ni un espai per realitzar la feina.<\/td>\n<td style=\"height: 143px;\">Promoure l&#8217;intercanvi de recursos digitals i did\u00e0ctics entre els docents per establir una l\u00ednia de centre en l&#8217;\u00e0mbit digital.<\/td>\n<td style=\"height: 143px;\"><\/td>\n<\/tr>\n<tr style=\"height: 80px;\">\n<td style=\"height: 80px;\">No tenim establerta una l\u00ednia de centre quant al desplegament digital i infraestructura de centre.<\/td>\n<td style=\"height: 80px;\">L&#8217;equip directiu del centre ha de canviar. S&#8217;han de fer propostes d&#8217;objectius.<\/td>\n<td style=\"height: 80px;\">Millorar la infraestructura i els equips del centre per establir una l\u00ednia de centre en l&#8217;\u00e0mbit digital.<\/td>\n<td style=\"height: 80px;\"><\/td>\n<\/tr>\n<tr style=\"height: 95px;\">\n<td style=\"height: 95px;\">L&#8217;escola no contempla la formaci\u00f3 digital de les fam\u00edlies del centre.<\/td>\n<td style=\"height: 95px;\">No s&#8217;han seleccionat formacions per a fam\u00edlies.<\/td>\n<td style=\"height: 95px;\">Millorar la compet\u00e8ncia digital de les fam\u00edlies per poder acompanyar als alumnes en l&#8217;\u00fas de les tecnologies digitals.<\/td>\n<td style=\"height: 95px;\">Millorar la comunicaci\u00f3 digital amb les fam\u00edlies.<\/td>\n<\/tr>\n<tr style=\"height: 80px;\">\n<td style=\"height: 80px;\">L&#8217;escola no t\u00e9 una web actualitzada.<\/td>\n<td style=\"height: 80px;\">S&#8217;utilitza el blog des de fa anys.<\/td>\n<td style=\"height: 80px;\">Construir una p\u00e0gina web de centre per establir un sistema d&#8217;informaci\u00f3 amb les fam\u00edlies del centre.<\/td>\n<td style=\"height: 80px;\"><\/td>\n<\/tr>\n<tr style=\"height: 95px;\">\n<td style=\"height: 95px;\">L&#8217;escola no t\u00e9 definit un pla d&#8217;EDC.<\/td>\n<td style=\"height: 95px;\">L&#8217;escola es basa en el pla TAC.<\/td>\n<td style=\"height: 95px;\">Elaborar el pla d&#8217;estrat\u00e8gia digital de centre amb la finalitat de millorar la compet\u00e8ncia digital de la comunitat educativa.<\/td>\n<td style=\"height: 95px;\">Millorar la compet\u00e8ncia digital de la comunitat educativa.<\/td>\n<\/tr>\n<\/tbody>\n<\/table>\n","protected":false},"excerpt":{"rendered":"<p>PUNT FEBLE<br \/>\nCAUSES DELS PUNTS FEBLES<br \/>\nPROPOSTA D&#8217;OBJECTIU<br \/>\nOBJECTIU PRINCIPAL<\/p>\n<p>No tenim establert un disseny curricular que inclogui l&#8217;\u00fas de les TIC en les diferents \u00e0rees curriculars.<br \/>\nNo hi ha una comissi\u00f3 digital establerta.<br \/>\nDefinir el desplegament curricular per establir la compet\u00e8ncia digital de l&#8217;alumnat.<br \/>\nMillorar la Compet\u00e8ncia digital de l&#8217;alumnat.<\/p>\n<p>L&#8217;escola no&hellip;  <a href=\"https:\/\/agora.xtec.cat\/ceipvilademager\/edc\/estrategia\/objectius\/\" title=\"Read Objectius\">Llegeix m\u00e9s\u00bb<\/a><\/p>\n","protected":false},"author":1,"featured_media":0,"parent":661,"menu_order":1,"comment_status":"closed","ping_status":"closed","template":"page-templates\/side-menu.php","meta":{"_bbp_topic_count":0,"_bbp_reply_count":0,"_bbp_total_topic_count":0,"_bbp_total_reply_count":0,"_bbp_voice_count":0,"_bbp_anonymous_reply_count":0,"_bbp_topic_count_hidden":0,"_bbp_reply_count_hidden":0,"_bbp_forum_subforum_count":0,"footnotes":""},"class_list":["post-676","page","type-page","status-publish","hentry"],"post_mailing_queue_ids":[],"_links":{"self":[{"href":"https:\/\/agora.xtec.cat\/ceipvilademager\/wp-json\/wp\/v2\/pages\/676","targetHints":{"allow":["GET"]}}],"collection":[{"href":"https:\/\/agora.xtec.cat\/ceipvilademager\/wp-json\/wp\/v2\/pages"}],"about":[{"href":"https:\/\/agora.xtec.cat\/ceipvilademager\/wp-json\/wp\/v2\/types\/page"}],"author":[{"embeddable":true,"href":"https:\/\/agora.xtec.cat\/ceipvilademager\/wp-json\/wp\/v2\/users\/1"}],"replies":[{"embeddable":true,"href":"https:\/\/agora.xtec.cat\/ceipvilademager\/wp-json\/wp\/v2\/comments?post=676"}],"version-history":[{"count":4,"href":"https:\/\/agora.xtec.cat\/ceipvilademager\/wp-json\/wp\/v2\/pages\/676\/revisions"}],"predecessor-version":[{"id":1124,"href":"https:\/\/agora.xtec.cat\/ceipvilademager\/wp-json\/wp\/v2\/pages\/676\/revisions\/1124"}],"up":[{"embeddable":true,"href":"https:\/\/agora.xtec.cat\/ceipvilademager\/wp-json\/wp\/v2\/pages\/661"}],"wp:attachment":[{"href":"https:\/\/agora.xtec.cat\/ceipvilademager\/wp-json\/wp\/v2\/media?parent=676"}],"curies":[{"name":"wp","href":"https:\/\/api.w.org\/{rel}","templated":true}]}}