{"id":729,"date":"2017-02-22T12:43:58","date_gmt":"2017-02-22T11:43:58","guid":{"rendered":"http:\/\/agora.xtec.cat\/ceipvallpalau\/?page_id=729"},"modified":"2022-10-06T13:21:09","modified_gmt":"2022-10-06T11:21:09","slug":"educacio-infantil","status":"publish","type":"page","link":"https:\/\/agora.xtec.cat\/ceipvallpalau\/projectes\/angles\/educacio-infantil\/","title":{"rendered":"Angl\u00e8s Petits"},"content":{"rendered":"<p>L&#8217;angl\u00e8s a l&#8217;Educaci\u00f3 Infantil s&#8217;inicia a P-3. Rep molta import\u00e0ncia la llengua oral, \u00e9s per aix\u00f2 que treballem mitjan\u00e7ant contes escenificats, rutines b\u00e0siques, jocs i can\u00e7ons.<\/p>\n<p>Un dels objectius proposats \u00e9s que l&#8217;alumnat utilitzi la llengua anglesa fora de l&#8217;aula i siguin capa\u00e7os d&#8217;explicar els contes treballats (un per trimestre) als seus familiars.<\/p>\n<p><a href=\"https:\/\/youtu.be\/Ze4EcISuWAU\">https:\/\/youtu.be\/Ze4EcISuWAU<\/a><\/p>\n<p><a href=\"https:\/\/www.youtube.com\/watch?v=A3w9PGcL0as\">https:\/\/www.youtube.com\/watch?v=A3w9PGcL0as<\/a><\/p>\n<p><a href=\"https:\/\/www.youtube.com\/watch?v=ls_QVVS10kw&#038;t=324s\">https:\/\/www.youtube.com\/watch?v=ls_QVVS10kw&amp;t=324s<\/a><\/p>\n","protected":false},"excerpt":{"rendered":"<p>L&#8217;angl\u00e8s a l&#8217;Educaci\u00f3 Infantil s&#8217;inicia a P-3. Rep molta import\u00e0ncia la llengua oral, \u00e9s per aix\u00f2 que treballem mitjan\u00e7ant contes escenificats, rutines b\u00e0siques, jocs i can\u00e7ons.<br \/>\nUn dels objectius proposats \u00e9s que l&#8217;alumnat utilitzi la llengua anglesa fora de l&#8217;aula i siguin capa\u00e7os d&#8217;explicar els contes&hellip;  <a href=\"https:\/\/agora.xtec.cat\/ceipvallpalau\/projectes\/angles\/educacio-infantil\/\" title=\"Read Angl\u00e8s Petits\">Llegeix m\u00e9s\u00bb<\/a><\/p>\n","protected":false},"author":33,"featured_media":0,"parent":526,"menu_order":0,"comment_status":"closed","ping_status":"closed","template":"page-templates\/side-menu.php","meta":{"_bbp_topic_count":0,"_bbp_reply_count":0,"_bbp_total_topic_count":0,"_bbp_total_reply_count":0,"_bbp_voice_count":0,"_bbp_anonymous_reply_count":0,"_bbp_topic_count_hidden":0,"_bbp_reply_count_hidden":0,"_bbp_forum_subforum_count":0,"footnotes":""},"class_list":["post-729","page","type-page","status-publish","hentry"],"post_mailing_queue_ids":[],"_links":{"self":[{"href":"https:\/\/agora.xtec.cat\/ceipvallpalau\/wp-json\/wp\/v2\/pages\/729","targetHints":{"allow":["GET"]}}],"collection":[{"href":"https:\/\/agora.xtec.cat\/ceipvallpalau\/wp-json\/wp\/v2\/pages"}],"about":[{"href":"https:\/\/agora.xtec.cat\/ceipvallpalau\/wp-json\/wp\/v2\/types\/page"}],"author":[{"embeddable":true,"href":"https:\/\/agora.xtec.cat\/ceipvallpalau\/wp-json\/wp\/v2\/users\/33"}],"replies":[{"embeddable":true,"href":"https:\/\/agora.xtec.cat\/ceipvallpalau\/wp-json\/wp\/v2\/comments?post=729"}],"version-history":[{"count":3,"href":"https:\/\/agora.xtec.cat\/ceipvallpalau\/wp-json\/wp\/v2\/pages\/729\/revisions"}],"predecessor-version":[{"id":3195,"href":"https:\/\/agora.xtec.cat\/ceipvallpalau\/wp-json\/wp\/v2\/pages\/729\/revisions\/3195"}],"up":[{"embeddable":true,"href":"https:\/\/agora.xtec.cat\/ceipvallpalau\/wp-json\/wp\/v2\/pages\/526"}],"wp:attachment":[{"href":"https:\/\/agora.xtec.cat\/ceipvallpalau\/wp-json\/wp\/v2\/media?parent=729"}],"curies":[{"name":"wp","href":"https:\/\/api.w.org\/{rel}","templated":true}]}}