{"id":3424,"date":"2023-01-13T12:09:07","date_gmt":"2023-01-13T11:09:07","guid":{"rendered":"https:\/\/agora.xtec.cat\/ceipvallpalau\/?page_id=3424"},"modified":"2025-06-30T10:06:18","modified_gmt":"2025-06-30T08:06:18","slug":"objectius-edc","status":"publish","type":"page","link":"https:\/\/agora.xtec.cat\/ceipvallpalau\/objectius-edc\/","title":{"rendered":"Objectius EDC"},"content":{"rendered":"<p data-start=\"239\" data-end=\"460\">Despr\u00e9s de realitzar la diagnosi digital mitjan\u00e7ant enquestes a mestres, alumnes i fam\u00edlies, hem establert un conjunt d\u2019objectius per avan\u00e7ar cap a una escola m\u00e9s competencial, segura i connectada amb la realitat digital.<\/p>\n<p data-start=\"462\" data-end=\"693\">Ens imaginem una escola que creix i es transforma constantment, capa\u00e7 d\u2019adaptar-se a les necessitats de l\u2019alumnat i als canvis tecnol\u00f2gics de la societat actual. Una escola que promou una cultura digital segura, cr\u00edtica i creativa.<\/p>\n<p data-start=\"695\" data-end=\"737\">Els nostres <strong data-start=\"707\" data-end=\"732\">objectius estrat\u00e8gics<\/strong> s\u00f3n:<\/p>\n<p data-start=\"744\" data-end=\"1111\">\ud83d\udd0e <strong data-start=\"747\" data-end=\"841\">Objectiu 1 \u2013 Impulsar processos reflexius per mantenir una millora constant i actualitzada<\/strong><br data-start=\"841\" data-end=\"844\" \/>Creiem en una escola que es pensa i es repensa. Volem promoure espais i din\u00e0miques de reflexi\u00f3 col\u00b7lectiva sobre l\u2019\u00fas pedag\u00f2gic de la tecnologia per millorar cont\u00ednuament les pr\u00e0ctiques docents i garantir la coher\u00e8ncia del Pla Digital amb el nostre projecte educatiu.<\/p>\n<p data-start=\"1113\" data-end=\"1441\">\ud83d\udcac <strong data-start=\"1116\" data-end=\"1211\">Objectiu 2 \u2013 Utilitzar estrat\u00e8gies de retroacci\u00f3 als entorns virtuals d\u2019aprenentatge (EVAs)<\/strong><br data-start=\"1211\" data-end=\"1214\" \/>Treballem per una avaluaci\u00f3 m\u00e9s formativa, on la retroacci\u00f3 digital ajudi l\u2019alumnat a ser m\u00e9s aut\u00f2nom i protagonista del seu aprenentatge. Apostem per eines i metodologies que donin un retorn significatiu i \u00fatil dins dels EVAs.<\/p>\n<p data-start=\"1443\" data-end=\"1732\">\ud83d\udd10 <strong data-start=\"1446\" data-end=\"1528\">Objectiu 3 \u2013 Con\u00e8ixer i aplicar mesures de ciberseguretat i protecci\u00f3 de dades<\/strong><br data-start=\"1528\" data-end=\"1531\" \/>Eduquem per a una ciutadania digital segura i conscient. Volem garantir que tota la comunitat educativa fa un \u00fas responsable de les eines digitals i coneix els riscos i les bones pr\u00e0ctiques a la xarxa.<\/p>\n<p data-start=\"1734\" data-end=\"2020\">\ud83c\udfaf <strong data-start=\"1737\" data-end=\"1821\">Objectiu 4 \u2013 Planificar l\u2019avaluaci\u00f3 de la Compet\u00e8ncia Digital de l\u2019Alumnat (CDA)<\/strong><br data-start=\"1821\" data-end=\"1824\" \/>Avaluar la compet\u00e8ncia digital no \u00e9s opcional. Ens proposem definir criteris clars i instruments \u00fatils per valorar com l\u2019alumnat adquireix habilitats digitals en situacions reals i significatives.<\/p>\n<p data-start=\"2022\" data-end=\"2318\">\ud83d\udc69\u200d\ud83c\udfeb <strong data-start=\"2028\" data-end=\"2133\">Objectiu 5 \u2013 Planificar itineraris formatius docents per millorar la Compet\u00e8ncia Digital Docent (CDD)<\/strong><br data-start=\"2133\" data-end=\"2136\" \/>La transformaci\u00f3 digital comen\u00e7a pel professorat. Per aix\u00f2, promovem formacions \u00fatils, a mida i contextualitzades per avan\u00e7ar col\u00b7lectivament cap a un claustre digitalment competent.<\/p>\n<p data-start=\"2320\" data-end=\"2615\">\ud83e\udd16 <strong data-start=\"2323\" data-end=\"2399\">Objectiu 6 \u2013 Seq\u00fcenciar l\u2019\u00fas dels robots a cada curs i en cada trimestre<\/strong><br data-start=\"2399\" data-end=\"2402\" \/>La rob\u00f2tica \u00e9s una eina potent per desenvolupar el pensament computacional i la resoluci\u00f3 de problemes. Ens plantegem establir una seq\u00fcenciaci\u00f3 clara i progressiva de l\u2019\u00fas de la rob\u00f2tica educativa a tota l\u2019escola.<\/p>\n","protected":false},"excerpt":{"rendered":"<p>Despr\u00e9s de realitzar la diagnosi digital mitjan\u00e7ant enquestes a mestres, alumnes i fam\u00edlies, hem establert un conjunt d\u2019objectius per avan\u00e7ar cap a una escola m\u00e9s competencial, segura i connectada amb la realitat digital.<br \/>\nEns imaginem una escola que creix i es transforma constantment, capa\u00e7 d\u2019adaptar-se a&hellip;  <a href=\"https:\/\/agora.xtec.cat\/ceipvallpalau\/objectius-edc\/\" title=\"Read Objectius EDC\">Llegeix m\u00e9s\u00bb<\/a><\/p>\n","protected":false},"author":1,"featured_media":0,"parent":0,"menu_order":0,"comment_status":"closed","ping_status":"closed","template":"","meta":{"_bbp_topic_count":0,"_bbp_reply_count":0,"_bbp_total_topic_count":0,"_bbp_total_reply_count":0,"_bbp_voice_count":0,"_bbp_anonymous_reply_count":0,"_bbp_topic_count_hidden":0,"_bbp_reply_count_hidden":0,"_bbp_forum_subforum_count":0,"footnotes":""},"class_list":["post-3424","page","type-page","status-publish","hentry"],"post_mailing_queue_ids":[],"_links":{"self":[{"href":"https:\/\/agora.xtec.cat\/ceipvallpalau\/wp-json\/wp\/v2\/pages\/3424","targetHints":{"allow":["GET"]}}],"collection":[{"href":"https:\/\/agora.xtec.cat\/ceipvallpalau\/wp-json\/wp\/v2\/pages"}],"about":[{"href":"https:\/\/agora.xtec.cat\/ceipvallpalau\/wp-json\/wp\/v2\/types\/page"}],"author":[{"embeddable":true,"href":"https:\/\/agora.xtec.cat\/ceipvallpalau\/wp-json\/wp\/v2\/users\/1"}],"replies":[{"embeddable":true,"href":"https:\/\/agora.xtec.cat\/ceipvallpalau\/wp-json\/wp\/v2\/comments?post=3424"}],"version-history":[{"count":4,"href":"https:\/\/agora.xtec.cat\/ceipvallpalau\/wp-json\/wp\/v2\/pages\/3424\/revisions"}],"predecessor-version":[{"id":4289,"href":"https:\/\/agora.xtec.cat\/ceipvallpalau\/wp-json\/wp\/v2\/pages\/3424\/revisions\/4289"}],"wp:attachment":[{"href":"https:\/\/agora.xtec.cat\/ceipvallpalau\/wp-json\/wp\/v2\/media?parent=3424"}],"curies":[{"name":"wp","href":"https:\/\/api.w.org\/{rel}","templated":true}]}}