{"id":26,"date":"2016-09-18T12:24:32","date_gmt":"2016-09-18T11:24:32","guid":{"rendered":"http:\/\/agora.xtec.cat\/ceipvallmoll\/?page_id=26"},"modified":"2025-10-01T15:45:39","modified_gmt":"2025-10-01T13:45:39","slug":"historia","status":"publish","type":"page","link":"https:\/\/agora.xtec.cat\/ceipvallmoll\/lescola\/historia\/","title":{"rendered":"Hist\u00f2ria"},"content":{"rendered":"<p>El curs 2023\/24 es va estrenar el nou edifici.<\/p>\n<p>L\u2019 escola p\u00fablica de Vallmoll data dels anys 30 del segle passat, i estava situada al bell mig de la<\/p>\n<p>poblaci\u00f3, a la pla\u00e7a Major i prop de l\u2019ajuntament.<\/p>\n<p>L\u2019any 1931 es va fer el projecte de construcci\u00f3 de l\u2019escola, el dia 9 de mar\u00e7 de 1935 es va signar<\/p>\n<p>l\u2019acta de recepci\u00f3 provisional de l\u2019edifici i la liquidaci\u00f3 final es va fer el 20 de mar\u00e7 de 1936.<\/p>\n<p>En principi l\u2019escola comptava amb dues parts separades entre elles, la part dels nens i la part<\/p>\n<p>de les nenes, amb dues aules a cada banda.<\/p>\n<p>Anteriorment Vallmoll havia comptat amb una escola religiosa de nenes que havia tancat l\u2019any<\/p>\n<p>1933 i l\u2019escola nacional.<\/p>\n<p>El curs 1991\/1992 l\u2019escola Mare de D\u00e9u del Roser de Vallmoll va formar part de la ZER Francol\u00ed<\/p>\n<p>juntament amb les escoles de Picamoixons, el Mil\u00e0, la Mas\u00f3 i Els Garidells. El curs 2008\/2009<\/p>\n<p>va ser el darrer en que l\u2019escola de Vallmoll va formar part de la ZER Francol\u00ed.<\/p>\n<p>Actualment l\u2019escola Mare de D\u00e9u del Roser \u00e9s una escola d\u2019una l\u00ednia sencera amb tres cursos<\/p>\n<p>d\u2019educaci\u00f3 infantil i sis cursos d\u2019educaci\u00f3 prim\u00e0ria amb m\u00e9s de 125 alumnes.<\/p>\n","protected":false},"excerpt":{"rendered":"<p>El curs 2023\/24 es va estrenar el nou edifici.<br \/>\nL\u2019 escola p\u00fablica de Vallmoll data dels anys 30 del segle passat, i estava situada al bell mig de la<br \/>\npoblaci\u00f3, a la pla\u00e7a Major i prop de l\u2019ajuntament.<br \/>\nL\u2019any 1931 es va fer el projecte de construcci\u00f3 de&hellip;  <a href=\"https:\/\/agora.xtec.cat\/ceipvallmoll\/lescola\/historia\/\" title=\"Read Hist\u00f2ria\">Llegeix m\u00e9s\u00bb<\/a><\/p>\n","protected":false},"author":1,"featured_media":0,"parent":22,"menu_order":20,"comment_status":"closed","ping_status":"closed","template":"page-templates\/side-menu.php","meta":{"_bbp_topic_count":0,"_bbp_reply_count":0,"_bbp_total_topic_count":0,"_bbp_total_reply_count":0,"_bbp_voice_count":0,"_bbp_anonymous_reply_count":0,"_bbp_topic_count_hidden":0,"_bbp_reply_count_hidden":0,"_bbp_forum_subforum_count":0,"footnotes":""},"class_list":["post-26","page","type-page","status-publish","hentry"],"post_mailing_queue_ids":[],"_links":{"self":[{"href":"https:\/\/agora.xtec.cat\/ceipvallmoll\/wp-json\/wp\/v2\/pages\/26","targetHints":{"allow":["GET"]}}],"collection":[{"href":"https:\/\/agora.xtec.cat\/ceipvallmoll\/wp-json\/wp\/v2\/pages"}],"about":[{"href":"https:\/\/agora.xtec.cat\/ceipvallmoll\/wp-json\/wp\/v2\/types\/page"}],"author":[{"embeddable":true,"href":"https:\/\/agora.xtec.cat\/ceipvallmoll\/wp-json\/wp\/v2\/users\/1"}],"replies":[{"embeddable":true,"href":"https:\/\/agora.xtec.cat\/ceipvallmoll\/wp-json\/wp\/v2\/comments?post=26"}],"version-history":[{"count":5,"href":"https:\/\/agora.xtec.cat\/ceipvallmoll\/wp-json\/wp\/v2\/pages\/26\/revisions"}],"predecessor-version":[{"id":22472,"href":"https:\/\/agora.xtec.cat\/ceipvallmoll\/wp-json\/wp\/v2\/pages\/26\/revisions\/22472"}],"up":[{"embeddable":true,"href":"https:\/\/agora.xtec.cat\/ceipvallmoll\/wp-json\/wp\/v2\/pages\/22"}],"wp:attachment":[{"href":"https:\/\/agora.xtec.cat\/ceipvallmoll\/wp-json\/wp\/v2\/media?parent=26"}],"curies":[{"name":"wp","href":"https:\/\/api.w.org\/{rel}","templated":true}]}}