{"id":19206,"date":"2020-10-06T15:30:52","date_gmt":"2020-10-06T13:30:52","guid":{"rendered":"http:\/\/agora.xtec.cat\/ceipvallmoll\/?page_id=19206"},"modified":"2020-10-06T16:04:01","modified_gmt":"2020-10-06T14:04:01","slug":"covid","status":"publish","type":"page","link":"https:\/\/agora.xtec.cat\/ceipvallmoll\/covid\/","title":{"rendered":"COVID"},"content":{"rendered":"<p>En aquesta p\u00e0gina s&#8217;aniran penjant les noves informacions relatives al COVID.<\/p>\n<p>Per accedir a la informaci\u00f3 nom\u00e9s cal que cliqueu als enlla\u00e7os de l&#8217;esquerra.<\/p>\n","protected":false},"excerpt":{"rendered":"<p>En aquesta p\u00e0gina s&#8217;aniran penjant les noves informacions relatives al COVID.<br \/>\nPer accedir a la informaci\u00f3 nom\u00e9s cal que cliqueu als enlla\u00e7os de l&#8217;esquerra.<\/p>\n","protected":false},"author":1,"featured_media":0,"parent":0,"menu_order":0,"comment_status":"closed","ping_status":"closed","template":"page-templates\/side-menu.php","meta":{"_bbp_topic_count":0,"_bbp_reply_count":0,"_bbp_total_topic_count":0,"_bbp_total_reply_count":0,"_bbp_voice_count":0,"_bbp_anonymous_reply_count":0,"_bbp_topic_count_hidden":0,"_bbp_reply_count_hidden":0,"_bbp_forum_subforum_count":0,"footnotes":""},"class_list":["post-19206","page","type-page","status-publish","hentry"],"post_mailing_queue_ids":[],"_links":{"self":[{"href":"https:\/\/agora.xtec.cat\/ceipvallmoll\/wp-json\/wp\/v2\/pages\/19206","targetHints":{"allow":["GET"]}}],"collection":[{"href":"https:\/\/agora.xtec.cat\/ceipvallmoll\/wp-json\/wp\/v2\/pages"}],"about":[{"href":"https:\/\/agora.xtec.cat\/ceipvallmoll\/wp-json\/wp\/v2\/types\/page"}],"author":[{"embeddable":true,"href":"https:\/\/agora.xtec.cat\/ceipvallmoll\/wp-json\/wp\/v2\/users\/1"}],"replies":[{"embeddable":true,"href":"https:\/\/agora.xtec.cat\/ceipvallmoll\/wp-json\/wp\/v2\/comments?post=19206"}],"version-history":[{"count":3,"href":"https:\/\/agora.xtec.cat\/ceipvallmoll\/wp-json\/wp\/v2\/pages\/19206\/revisions"}],"predecessor-version":[{"id":19216,"href":"https:\/\/agora.xtec.cat\/ceipvallmoll\/wp-json\/wp\/v2\/pages\/19206\/revisions\/19216"}],"wp:attachment":[{"href":"https:\/\/agora.xtec.cat\/ceipvallmoll\/wp-json\/wp\/v2\/media?parent=19206"}],"curies":[{"name":"wp","href":"https:\/\/api.w.org\/{rel}","templated":true}]}}