{"id":73,"date":"2014-09-18T14:01:51","date_gmt":"2014-09-18T13:01:51","guid":{"rendered":"http:\/\/agora.xtec.cat\/ceipvalldelord\/?page_id=73"},"modified":"2017-09-22T15:57:20","modified_gmt":"2017-09-22T13:57:20","slug":"menjador-escolar","status":"publish","type":"page","link":"https:\/\/agora.xtec.cat\/ceipvalldelord\/serveis\/menjador-escolar\/","title":{"rendered":"Menjador escolar"},"content":{"rendered":"<p class=\"p1\" style=\"text-align: justify;\"><span class=\"s1\">El menjador escolar est\u00e0 gestionat per l\u2019<strong>AMPA de l&#8217;Escola Vall de Lord i del SI de Sant Lloren\u00e7 de Morunys<\/strong><b>. <\/b>El restaurant que actualment subministra el menjar \u00e9s \u201cEl Jard\u00ed\u201d.\u00a0<\/span><\/p>\n<p class=\"p2\" style=\"text-align: justify;\"><span class=\"s1\">L&#8217;alumnat que es vol quedar al menjador escolar ha de <strong>comprar un tiquet<\/strong> a qualsevol de les dues <strong>caixes del poble<\/strong>, i donar-lo a la conserge i\/o a la tutora de l&#8217;aula, quan arriba a les<strong> 9 del mat\u00ed<\/strong>. Un cop entregats tots els tiquets i un cop revisats si hi s\u00f3n o no l&#8217;alumnat fix per aula, es fa el recompte dels nens\/es que es queden a dinar i es truca al restaurant subministrador. En casos de for\u00e7a major, pr\u00e8via comunicaci\u00f3 telef\u00f2nica al centre, es poden quedar alumnat amb c\u00e0rrec eventual.<\/span><\/p>\n<p class=\"p2\" style=\"text-align: justify;\">Les fam\u00edlies que utilitzin aquest servei de manera habitual, rebran els men\u00fas mensualment. Al tauler d\u2019anuncis es recollir\u00e0 aquesta informaci\u00f3 juntament amb l\u2019evoluci\u00f3 di\u00e0ria del seus usuaris.<\/p>\n<p class=\"p2\" style=\"text-align: justify;\"><span class=\"s1\">El <strong>nombre de monitors<\/strong> de l\u2019equip dep\u00e8n del nombre de nens\/es del menjador. Durant el curs pot augmentar o disminuir en funci\u00f3\u0301 de les variacions d\u2019usuaris. <\/span><\/p>\n<p class=\"p2\" style=\"text-align: justify;\"><span class=\"s1\">Aquest curs est\u00e0 format per dues monitores, la Consol i l&#8217;Almudena, les quals tenen el curs de manipulaci\u00f3 d&#8217;aliments.<\/span><\/p>\n<p class=\"p2\" style=\"text-align: justify;\"><span class=\"s1\">Aquestes monitores tenen el suport extern d&#8217;un membre de l&#8217;AMPA la qual s&#8217;encarrega de les incid\u00e8ncies en casos concrets, l&#8217;organitzaci\u00f3 i el projecte educatiu del menjador.<\/span><\/p>\n<h2 class=\"p2\" style=\"text-align: justify;\">Objectius pedag\u00f2gics<\/h2>\n<p class=\"p2\" style=\"text-align: justify;\"><span class=\"s1\">Els <strong>objectius pedag\u00f2gics<\/strong> proposats en l&#8217;estona de menjador estan relacionats amb d\u2019h\u00e0bits alimentaris, d\u2019higiene i salut, i h\u00e0bits d\u2019organitzaci\u00f3 i ordre. <\/span><\/p>\n<ul style=\"list-style-type: circle; text-align: justify;\">\n<li class=\"li2\"><sub><span class=\"s1\">l&#8217;adquisici\u00f3 d&#8217;h\u00e0bits relacionats amb la ingesta d&#8217;aliments: utilitzaci\u00f3 de coberts, durada dels \u00e0pats, actitud corporal correcta&#8230; <\/span><\/sub><\/li>\n<li class=\"li2\"><sub><span class=\"s1\">L&#8217;acceptaci\u00f3 de forma progressiva de nous aliments i preparacions, \u00e9s a dir, l&#8217;educaci\u00f3 del paladar i del plaer de menjar . <\/span><\/sub><\/li>\n<li class=\"li2\"><sub><span class=\"s1\">la potenciaci\u00f3\u0301 d&#8217;h\u00e0bits d&#8217;higiene abans i despr\u00e9s de l\u2019\u00e0pat (neteja de mans&#8230;) la potenciaci\u00f3\u0301 dels aspectes convivencials i de relaci\u00f3\u0301 social de l&#8217;acte de menjar.<\/span><\/sub><\/li>\n<li class=\"li2\"><sub><span class=\"s1\">Adquisici\u00f3\u0301 d\u2019h\u00e0bits d\u2019organitzaci\u00f3\u0301 i ordre. <\/span><\/sub><\/li>\n<li class=\"li2\"><sub><span class=\"s1\">Utilitzar el di\u00e0leg com a eina per resoldre conflictes derivats de la conviv\u00e8ncia. <\/span><\/sub><\/li>\n<li class=\"li2\"><sub><span class=\"s1\">Fer del menjador un espai d\u2019interrelaci\u00f3\u0301 vertical entre diferents grups. <\/span><\/sub><\/li>\n<\/ul>\n<p class=\"p2\" style=\"text-align: justify;\"><span class=\"s1\">I per l\u2019altra es proposen una s\u00e8rie d\u2019<strong>objectius transversals<\/strong> que es treballen en el menjador, com a l\u2019estona l\u00fadica: <\/span><\/p>\n<ul style=\"list-style-type: circle; text-align: justify;\">\n<li class=\"li2\"><sup><span class=\"s1\">Respecte pels companys <\/span><\/sup><\/li>\n<li class=\"li2\"><sup><span class=\"s1\">Respecte pels monitors <\/span><\/sup><\/li>\n<li class=\"li2\"><sup><span class=\"s1\">Respecte per l\u2019espai i l\u2019entorn<\/span><\/sup><\/li>\n<\/ul>\n<h2 class=\"p2\" style=\"text-align: justify;\"><span class=\"s1\"><b>Dietes especials <\/b><\/span><\/h2>\n<p class=\"p2\" style=\"text-align: justify;\"><span class=\"s1\">Quan per problemes de salut algun alumne, de manera temporal, necessiti fer r\u00e8gim, la fam\u00edlia es posar\u00e0 en contacte amb l&#8217;escola per fer la demanda. <\/span><\/p>\n<p class=\"p2\" style=\"text-align: justify;\"><span class=\"s1\">Si per motius de salut algun alumne no pot prendre algun aliment concret, la fam\u00edlia ho ha de comunicar. Depenent dels tipus de r\u00e8gim s\u2019haur\u00e0 d\u2019aportar un certificat m\u00e8dic. <\/span><\/p>\n<p class=\"p2\" style=\"text-align: justify;\"><span class=\"s1\">Si per motiu de conviccions (vegetarians, religi\u00f3, etc.), els pares sol\u00b7liciten un men\u00fa especial, la fam\u00edlia de l\u2019alumne ho sol\u00b7licitar\u00e0 tamb\u00e9 a l&#8217;escola o al resposable de l&#8217;AMPA del servei de menjador.<\/span><\/p>\n<p class=\"p2\" style=\"text-align: justify;\">Si necessiteu apuntar el vostre fill\/a, aqu\u00ed teniu el <a href=\"https:\/\/drive.google.com\/open?id=0BzjEQmZnauEjNjdHa1NXbUVPdHMwd2pNU2FGaVV5cnQxU3FZ\" target=\"_blank\" rel=\"noopener noreferrer\">document<\/a> necessari.<\/p>\n","protected":false},"excerpt":{"rendered":"<p>El menjador escolar est\u00e0 gestionat per l\u2019AMPA de l&#8217;Escola Vall de Lord i del SI de Sant Lloren\u00e7 de Morunys. El restaurant que actualment subministra el menjar \u00e9s \u201cEl Jard\u00ed\u201d.\u00a0<br \/>\nL&#8217;alumnat que es vol quedar al menjador escolar ha de comprar un tiquet a qualsevol de&hellip;  <a href=\"https:\/\/agora.xtec.cat\/ceipvalldelord\/serveis\/menjador-escolar\/\" title=\"Read Menjador escolar\">Llegeix m\u00e9s\u00bb<\/a><\/p>\n","protected":false},"author":1,"featured_media":0,"parent":66,"menu_order":2,"comment_status":"closed","ping_status":"closed","template":"page-templates\/side-menu.php","meta":{"_bbp_topic_count":0,"_bbp_reply_count":0,"_bbp_total_topic_count":0,"_bbp_total_reply_count":0,"_bbp_voice_count":0,"_bbp_anonymous_reply_count":0,"_bbp_topic_count_hidden":0,"_bbp_reply_count_hidden":0,"_bbp_forum_subforum_count":0,"footnotes":""},"class_list":["post-73","page","type-page","status-publish","hentry"],"post_mailing_queue_ids":[],"_links":{"self":[{"href":"https:\/\/agora.xtec.cat\/ceipvalldelord\/wp-json\/wp\/v2\/pages\/73","targetHints":{"allow":["GET"]}}],"collection":[{"href":"https:\/\/agora.xtec.cat\/ceipvalldelord\/wp-json\/wp\/v2\/pages"}],"about":[{"href":"https:\/\/agora.xtec.cat\/ceipvalldelord\/wp-json\/wp\/v2\/types\/page"}],"author":[{"embeddable":true,"href":"https:\/\/agora.xtec.cat\/ceipvalldelord\/wp-json\/wp\/v2\/users\/1"}],"replies":[{"embeddable":true,"href":"https:\/\/agora.xtec.cat\/ceipvalldelord\/wp-json\/wp\/v2\/comments?post=73"}],"version-history":[{"count":4,"href":"https:\/\/agora.xtec.cat\/ceipvalldelord\/wp-json\/wp\/v2\/pages\/73\/revisions"}],"predecessor-version":[{"id":1245,"href":"https:\/\/agora.xtec.cat\/ceipvalldelord\/wp-json\/wp\/v2\/pages\/73\/revisions\/1245"}],"up":[{"embeddable":true,"href":"https:\/\/agora.xtec.cat\/ceipvalldelord\/wp-json\/wp\/v2\/pages\/66"}],"wp:attachment":[{"href":"https:\/\/agora.xtec.cat\/ceipvalldelord\/wp-json\/wp\/v2\/media?parent=73"}],"curies":[{"name":"wp","href":"https:\/\/api.w.org\/{rel}","templated":true}]}}