{"id":367,"date":"2016-09-30T15:14:39","date_gmt":"2016-09-30T13:14:39","guid":{"rendered":"http:\/\/agora.xtec.cat\/ceipvalldelord\/?page_id=367"},"modified":"2016-10-26T10:41:57","modified_gmt":"2016-10-26T08:41:57","slug":"esport-blanc-escolar","status":"publish","type":"page","link":"https:\/\/agora.xtec.cat\/ceipvalldelord\/projectes\/esport-blanc-escolar\/","title":{"rendered":"Esport Blanc Escolar"},"content":{"rendered":"<h4 style=\"text-align: justify;\"><a href=\"http:\/\/agora.xtec.cat\/ceipvalldelord\/wp-content\/uploads\/usu669\/2016\/09\/esport-blanc-02.jpg\"><img loading=\"lazy\" decoding=\"async\" class=\"size-medium wp-image-567 alignleft\" src=\"http:\/\/agora.xtec.cat\/ceipvalldelord\/wp-content\/uploads\/usu669\/2016\/09\/esport-blanc-02-300x225.jpg\" alt=\"esport-blanc-02\" width=\"300\" height=\"225\" srcset=\"https:\/\/agora.xtec.cat\/ceipvalldelord\/wp-content\/uploads\/usu669\/2016\/09\/esport-blanc-02-300x225.jpg 300w, https:\/\/agora.xtec.cat\/ceipvalldelord\/wp-content\/uploads\/usu669\/2016\/09\/esport-blanc-02-768x576.jpg 768w, https:\/\/agora.xtec.cat\/ceipvalldelord\/wp-content\/uploads\/usu669\/2016\/09\/esport-blanc-02-1024x768.jpg 1024w, https:\/\/agora.xtec.cat\/ceipvalldelord\/wp-content\/uploads\/usu669\/2016\/09\/esport-blanc-02-200x150.jpg 200w\" sizes=\"auto, (max-width: 300px) 100vw, 300px\" \/><\/a><a href=\"http:\/\/agora.xtec.cat\/ceipvalldelord\/wp-content\/uploads\/usu669\/2016\/09\/esport-blanc-03.jpg\"><img loading=\"lazy\" decoding=\"async\" class=\"size-medium wp-image-568 alignright\" src=\"http:\/\/agora.xtec.cat\/ceipvalldelord\/wp-content\/uploads\/usu669\/2016\/09\/esport-blanc-03-300x225.jpg\" alt=\"esport-blanc-03\" width=\"300\" height=\"225\" srcset=\"https:\/\/agora.xtec.cat\/ceipvalldelord\/wp-content\/uploads\/usu669\/2016\/09\/esport-blanc-03-300x225.jpg 300w, https:\/\/agora.xtec.cat\/ceipvalldelord\/wp-content\/uploads\/usu669\/2016\/09\/esport-blanc-03-768x576.jpg 768w, https:\/\/agora.xtec.cat\/ceipvalldelord\/wp-content\/uploads\/usu669\/2016\/09\/esport-blanc-03-1024x768.jpg 1024w, https:\/\/agora.xtec.cat\/ceipvalldelord\/wp-content\/uploads\/usu669\/2016\/09\/esport-blanc-03-200x150.jpg 200w\" sizes=\"auto, (max-width: 300px) 100vw, 300px\" \/><\/a><a href=\"http:\/\/agora.xtec.cat\/ceipvalldelord\/wp-content\/uploads\/usu669\/2016\/09\/esport-blanc.jpg\"><img loading=\"lazy\" decoding=\"async\" class=\"size-medium wp-image-566 aligncenter\" src=\"http:\/\/agora.xtec.cat\/ceipvalldelord\/wp-content\/uploads\/usu669\/2016\/09\/esport-blanc-300x169.jpg\" alt=\"esport-blanc\" width=\"300\" height=\"169\" srcset=\"https:\/\/agora.xtec.cat\/ceipvalldelord\/wp-content\/uploads\/usu669\/2016\/09\/esport-blanc-300x169.jpg 300w, https:\/\/agora.xtec.cat\/ceipvalldelord\/wp-content\/uploads\/usu669\/2016\/09\/esport-blanc-768x432.jpg 768w, https:\/\/agora.xtec.cat\/ceipvalldelord\/wp-content\/uploads\/usu669\/2016\/09\/esport-blanc-1024x576.jpg 1024w, https:\/\/agora.xtec.cat\/ceipvalldelord\/wp-content\/uploads\/usu669\/2016\/09\/esport-blanc.jpg 1599w\" sizes=\"auto, (max-width: 300px) 100vw, 300px\" \/><\/a><\/h4>\n<p>&nbsp;<\/p>\n<h4 style=\"text-align: justify;\"><\/h4>\n<h4 style=\"text-align: justify;\">Objectius generals<\/h4>\n<p style=\"text-align: justify;\">\u2022Ajudar en la formaci\u00f3 integral dels alumnes.<br \/>\n\u2022Educar mitjan\u00e7ant l\u2019esport a l\u2019aire lliure a respectar i gaudir de la muntanya.<br \/>\n\u2022Adquisici\u00f3 d\u2019habilitats com la coordinaci\u00f3, l\u2019equilibri, valor i confian\u00e7a que ajudaran als alumnes al desenvolupament de les aptituds f\u00edsiques.<br \/>\n\u2022Aprendre la t\u00e8cnica dels esports de neu.<br \/>\n\u2022Aconseguir que tots els alumnes que viuen a les comarques pirinenques tinguin l\u2019oportunitat d\u2019aprendre a esquiar.<\/p>\n<h4 style=\"text-align: justify;\">Objectius t\u00e8cnics<\/h4>\n<p style=\"text-align: justify;\">\u2022Desenvolupament b\u00e0sic de l\u2019agilitat, l\u2019equilibri i la coordinaci\u00f3.<br \/>\n\u2022Etapa estructurada i divertida.<br \/>\n\u2022Desenvolupament de la velocitat, agilitat i resist\u00e8ncia mitjan\u00e7ant activitats l\u00fadiques i jocs.<br \/>\n\u2022Desenvolupament de les capacitats f\u00edsiques i les llibertats fonamentals del moviment de l\u2019esqu\u00ed.<\/p>\n<h4 style=\"text-align: justify;\">Caracter\u00edstiques<\/h4>\n<div class=\"col-xs-12\">\n<div class=\"cos_bloc basic_text_peq pd-15\">\n<ul>\n<li style=\"text-align: justify;\">MULTIDISCIPLINAR: Esqu\u00ed de fons, esqu\u00ed alp\u00ed, surf de neu.<\/li>\n<li style=\"text-align: justify;\">INTEGRAT AL PROGRAMA D\u2019EDUCACI\u00d3 F\u00cdSICA : programa en horari lectiu durant el segon trimestre.<\/li>\n<li style=\"text-align: justify;\">DURADA: 2 o 3 h a la setmana durant 8 dies al llarg del trimestre.<\/li>\n<li style=\"text-align: justify;\">EDAT: 8\/9\/10 ANYS (3er-4r de prim\u00e0ria\/cicle mitj\u00e0).<\/li>\n<li style=\"text-align: justify;\">COORDINACI\u00d3:\u00a0 t\u00e8cnic de la Federaci\u00f3 Catalana d\u2019Esports d\u2019Hivern + responsable de cada consell esportiu.<\/li>\n<\/ul>\n<p style=\"text-align: center;\"><a href=\"http:\/\/esport.gencat.cat\/ca\/arees_dactuacio\/esport_escolar\/esport-blanc-escolar\/\" target=\"_blank\"><img loading=\"lazy\" decoding=\"async\" class=\"alignnone size-medium wp-image-571\" src=\"http:\/\/agora.xtec.cat\/ceipvalldelord\/wp-content\/uploads\/usu669\/2016\/09\/esportcat_v_rgb_fb_600pp-300x170.jpg\" alt=\"esportcat_v_rgb_fb_600pp\" width=\"300\" height=\"170\" srcset=\"https:\/\/agora.xtec.cat\/ceipvalldelord\/wp-content\/uploads\/usu669\/2016\/09\/esportcat_v_rgb_fb_600pp-300x170.jpg 300w, https:\/\/agora.xtec.cat\/ceipvalldelord\/wp-content\/uploads\/usu669\/2016\/09\/esportcat_v_rgb_fb_600pp-768x435.jpg 768w, https:\/\/agora.xtec.cat\/ceipvalldelord\/wp-content\/uploads\/usu669\/2016\/09\/esportcat_v_rgb_fb_600pp-1024x581.jpg 1024w\" sizes=\"auto, (max-width: 300px) 100vw, 300px\" \/><\/a><\/p>\n<\/div>\n<\/div>\n","protected":false},"excerpt":{"rendered":"<p><a href=\"http:\/\/agora.xtec.cat\/ceipvalldelord\/wp-content\/uploads\/usu669\/2016\/09\/esport-blanc-02.jpg\"><\/a><a href=\"http:\/\/agora.xtec.cat\/ceipvalldelord\/wp-content\/uploads\/usu669\/2016\/09\/esport-blanc-03.jpg\"><\/a><a href=\"http:\/\/agora.xtec.cat\/ceipvalldelord\/wp-content\/uploads\/usu669\/2016\/09\/esport-blanc.jpg\"><\/a><br \/>\n&nbsp;<\/p>\n<p>Objectius generals<br \/>\n\u2022Ajudar en la formaci\u00f3 integral dels alumnes.<br \/>\n\u2022Educar mitjan\u00e7ant l\u2019esport a l\u2019aire lliure a respectar i gaudir de la muntanya.<br \/>\n\u2022Adquisici\u00f3 d\u2019habilitats com la coordinaci\u00f3, l\u2019equilibri, valor i confian\u00e7a que ajudaran als alumnes al desenvolupament de les aptituds f\u00edsiques.<br \/>\n\u2022Aprendre la t\u00e8cnica dels esports&hellip;  <a href=\"https:\/\/agora.xtec.cat\/ceipvalldelord\/projectes\/esport-blanc-escolar\/\" title=\"Read Esport Blanc Escolar\">Llegeix m\u00e9s\u00bb<\/a><\/p>\n","protected":false},"author":1,"featured_media":0,"parent":356,"menu_order":3,"comment_status":"closed","ping_status":"closed","template":"page-templates\/side-menu.php","meta":{"_bbp_topic_count":0,"_bbp_reply_count":0,"_bbp_total_topic_count":0,"_bbp_total_reply_count":0,"_bbp_voice_count":0,"_bbp_anonymous_reply_count":0,"_bbp_topic_count_hidden":0,"_bbp_reply_count_hidden":0,"_bbp_forum_subforum_count":0,"footnotes":""},"class_list":["post-367","page","type-page","status-publish","hentry"],"post_mailing_queue_ids":[],"_links":{"self":[{"href":"https:\/\/agora.xtec.cat\/ceipvalldelord\/wp-json\/wp\/v2\/pages\/367","targetHints":{"allow":["GET"]}}],"collection":[{"href":"https:\/\/agora.xtec.cat\/ceipvalldelord\/wp-json\/wp\/v2\/pages"}],"about":[{"href":"https:\/\/agora.xtec.cat\/ceipvalldelord\/wp-json\/wp\/v2\/types\/page"}],"author":[{"embeddable":true,"href":"https:\/\/agora.xtec.cat\/ceipvalldelord\/wp-json\/wp\/v2\/users\/1"}],"replies":[{"embeddable":true,"href":"https:\/\/agora.xtec.cat\/ceipvalldelord\/wp-json\/wp\/v2\/comments?post=367"}],"version-history":[{"count":4,"href":"https:\/\/agora.xtec.cat\/ceipvalldelord\/wp-json\/wp\/v2\/pages\/367\/revisions"}],"predecessor-version":[{"id":565,"href":"https:\/\/agora.xtec.cat\/ceipvalldelord\/wp-json\/wp\/v2\/pages\/367\/revisions\/565"}],"up":[{"embeddable":true,"href":"https:\/\/agora.xtec.cat\/ceipvalldelord\/wp-json\/wp\/v2\/pages\/356"}],"wp:attachment":[{"href":"https:\/\/agora.xtec.cat\/ceipvalldelord\/wp-json\/wp\/v2\/media?parent=367"}],"curies":[{"name":"wp","href":"https:\/\/api.w.org\/{rel}","templated":true}]}}