{"id":28,"date":"2014-09-18T12:29:35","date_gmt":"2014-09-18T11:29:35","guid":{"rendered":"http:\/\/agora.xtec.cat\/ceipvalldelord\/?page_id=28"},"modified":"2019-10-23T10:01:33","modified_gmt":"2019-10-23T08:01:33","slug":"consell-escolar","status":"publish","type":"page","link":"https:\/\/agora.xtec.cat\/ceipvalldelord\/lescola\/consell-escolar\/","title":{"rendered":"Consell escolar"},"content":{"rendered":"<p style=\"text-align: justify;\">El consell escolar de centre \u00e9s un \u00f2rgan de govern col\u00b7legiat on es troba representat tota la comunitat educativa. \u00c9s un \u00f2rgan de decisi\u00f3 i participaci\u00f3 que juga un paper important en el funcionament del centre.<\/p>\n<p style=\"text-align: justify;\">El nostre Consell Escolar est\u00e0 format per:<\/p>\n<table border=\"1\" width=\"858\" rules=\"ROWS\" cellspacing=\"0\" cellpadding=\"5\">\n<colgroup>\n<col width=\"203\" \/>\n<col width=\"204\" \/>\n<col width=\"204\" \/>\n<col width=\"205\" \/> <\/colgroup>\n<tbody>\n<tr valign=\"TOP\">\n<td width=\"203\">\n<p align=\"CENTER\"><span style=\"font-family: Arial, sans-serif;\"><b>Sector de mestres<\/b><\/span><\/p>\n<p align=\"CENTER\"><span style=\"font-family: Arial, sans-serif;\">Maribel Juarez<\/span><\/p>\n<p align=\"CENTER\"><span style=\"font-family: Arial, sans-serif;\">Carme Barcons<\/span><\/p>\n<p align=\"CENTER\"><span style=\"font-family: Arial, sans-serif;\">Carme Sol\u00e9<\/span><\/p>\n<p align=\"CENTER\"><span style=\"font-family: Arial, sans-serif;\">Albert Fornells<\/span><\/p>\n<\/td>\n<td width=\"204\">\n<p align=\"CENTER\"><span style=\"font-family: Arial, sans-serif;\"><b>Sector de pares<\/b><\/span><\/p>\n<p align=\"CENTER\"><span style=\"font-family: Arial, sans-serif;\">Juan Miguel Espadas<\/span><\/p>\n<p align=\"CENTER\"><span style=\"font-family: Arial, sans-serif;\">Anna Vancell<\/span><\/p>\n<p align=\"CENTER\"><span style=\"font-family: Arial, sans-serif;\">Esther Punt\u00e9s<\/span><\/p>\n<p align=\"CENTER\"><span style=\"font-family: Arial, sans-serif;\"><b>AMPA<\/b><\/span><\/p>\n<p align=\"CENTER\"><span style=\"font-family: Arial, sans-serif;\">Montse Martinez<\/span><\/p>\n<\/td>\n<td width=\"204\">\n<p align=\"CENTER\"><span style=\"font-family: Arial, sans-serif;\"><b>Equip directiu<\/b><\/span><\/p>\n<p align=\"CENTER\"><span style=\"font-family: Arial, sans-serif;\"><b>Directora<\/b><\/span><\/p>\n<p align=\"CENTER\"><span style=\"font-family: Arial, sans-serif;\">Elena Camarasa<\/span><\/p>\n<p align=\"CENTER\"><span style=\"font-family: Arial, sans-serif;\"><b>Cap d&#8217;Estudis<\/b><\/span><\/p>\n<p align=\"CENTER\"><span style=\"font-family: Arial, sans-serif;\">Isabel Sotomayor<\/span><\/p>\n<p align=\"CENTER\"><span style=\"font-family: Arial, sans-serif;\"><b>Secret\u00e0ria<\/b><\/span><\/p>\n<p align=\"CENTER\"><span style=\"font-family: Arial, sans-serif;\">Carme Sol\u00e9<\/span><\/p>\n<\/td>\n<td width=\"205\">\n<p align=\"CENTER\"><span style=\"font-family: Arial, sans-serif;\"><b>Sector Ajuntament<\/b><\/span><\/p>\n<p align=\"CENTER\"><span style=\"font-family: Arial, sans-serif;\">Joan Subirana<\/span><\/p>\n<p align=\"CENTER\"><span style=\"font-family: Arial, sans-serif;\"><b>Sector PAS<\/b><\/span><\/p>\n<p align=\"CENTER\"><span style=\"font-family: Arial, sans-serif;\">Maribel Rufete<\/span><\/p>\n<\/td>\n<\/tr>\n<\/tbody>\n<\/table>\n<p>&nbsp;<\/p>\n","protected":false},"excerpt":{"rendered":"<p>El consell escolar de centre \u00e9s un \u00f2rgan de govern col\u00b7legiat on es troba representat tota la comunitat educativa. \u00c9s un \u00f2rgan de decisi\u00f3 i participaci\u00f3 que juga un paper important en el funcionament del centre.<br \/>\nEl nostre Consell Escolar est\u00e0 format per:<\/p>\n<p>Sector de mestres<br \/>\nMaribel&hellip;  <a href=\"https:\/\/agora.xtec.cat\/ceipvalldelord\/lescola\/consell-escolar\/\" title=\"Read Consell escolar\">Llegeix m\u00e9s\u00bb<\/a><\/p>\n","protected":false},"author":1,"featured_media":0,"parent":22,"menu_order":30,"comment_status":"closed","ping_status":"closed","template":"page-templates\/side-menu.php","meta":{"_bbp_topic_count":0,"_bbp_reply_count":0,"_bbp_total_topic_count":0,"_bbp_total_reply_count":0,"_bbp_voice_count":0,"_bbp_anonymous_reply_count":0,"_bbp_topic_count_hidden":0,"_bbp_reply_count_hidden":0,"_bbp_forum_subforum_count":0,"footnotes":""},"class_list":["post-28","page","type-page","status-publish","hentry"],"post_mailing_queue_ids":[],"_links":{"self":[{"href":"https:\/\/agora.xtec.cat\/ceipvalldelord\/wp-json\/wp\/v2\/pages\/28","targetHints":{"allow":["GET"]}}],"collection":[{"href":"https:\/\/agora.xtec.cat\/ceipvalldelord\/wp-json\/wp\/v2\/pages"}],"about":[{"href":"https:\/\/agora.xtec.cat\/ceipvalldelord\/wp-json\/wp\/v2\/types\/page"}],"author":[{"embeddable":true,"href":"https:\/\/agora.xtec.cat\/ceipvalldelord\/wp-json\/wp\/v2\/users\/1"}],"replies":[{"embeddable":true,"href":"https:\/\/agora.xtec.cat\/ceipvalldelord\/wp-json\/wp\/v2\/comments?post=28"}],"version-history":[{"count":3,"href":"https:\/\/agora.xtec.cat\/ceipvalldelord\/wp-json\/wp\/v2\/pages\/28\/revisions"}],"predecessor-version":[{"id":2035,"href":"https:\/\/agora.xtec.cat\/ceipvalldelord\/wp-json\/wp\/v2\/pages\/28\/revisions\/2035"}],"up":[{"embeddable":true,"href":"https:\/\/agora.xtec.cat\/ceipvalldelord\/wp-json\/wp\/v2\/pages\/22"}],"wp:attachment":[{"href":"https:\/\/agora.xtec.cat\/ceipvalldelord\/wp-json\/wp\/v2\/media?parent=28"}],"curies":[{"name":"wp","href":"https:\/\/api.w.org\/{rel}","templated":true}]}}