{"id":15229,"date":"2024-04-04T11:44:44","date_gmt":"2024-04-04T09:44:44","guid":{"rendered":"https:\/\/agora.xtec.cat\/ceipvalldeflors\/?page_id=15229"},"modified":"2025-07-16T10:43:41","modified_gmt":"2025-07-16T08:43:41","slug":"erasmus-cete","status":"publish","type":"page","link":"https:\/\/agora.xtec.cat\/ceipvalldeflors\/pagines-dinici\/erasmus-cete\/","title":{"rendered":"ERASMUS +, K120, MCEI MODALITAT JOB SHADOWING"},"content":{"rendered":"<div style=\"position: relative; width: 100%; height: 0; padding-top: 56.2500%; padding-bottom: 0; box-shadow: 0 2px 8px 0 rgba(63,69,81,0.16); margin-top: 1.6em; margin-bottom: 0.9em; overflow: hidden; border-radius: 8px; will-change: transform;\"><iframe style=\"position: absolute; width: 100%; height: 100%; top: 0; left: 0; border: none; padding: 0; margin: 0;\" src=\"https:\/\/www.canva.com\/design\/DAF9UvlYhx0\/9MTYxn-swR2cjNn7j3USPg\/view?embed\" allowfullscreen=\"allowfullscreen\"><br \/>\n<\/iframe><\/div>\n<p><a href=\"https:\/\/www.canva.com\/design\/DAF9UvlYhx0\/9MTYxn-swR2cjNn7j3USPg\/view?utm_content=DAF9UvlYhx0&amp;utm_campaign=designshare&amp;utm_medium=embeds&amp;utm_source=link\" target=\"_blank\" rel=\"noopener\">CETE+ EQUIP MCEI<\/a> de SANDRA CANONIGA FRANCO<\/p>\n<div style=\"position: relative; width: 100%; height: 0; padding-top: 141.4286%; padding-bottom: 0; box-shadow: 0 2px 8px 0 rgba(63,69,81,0.16); margin-top: 1.6em; margin-bottom: 0.9em; overflow: hidden; border-radius: 8px; will-change: transform;\"><iframe style=\"position: absolute; width: 100%; height: 100%; top: 0; left: 0; border: none; padding: 0; margin: 0;\" src=\"https:\/\/www.canva.com\/design\/DAF64SjknCY\/do-g3sHcdxO92YHxZwKYMg\/view?embed\" allowfullscreen=\"allowfullscreen\"><br \/>\n<\/iframe><\/div>\n<p><a href=\"https:\/\/www.canva.com\/design\/DAF64SjknCY\/do-g3sHcdxO92YHxZwKYMg\/view?utm_content=DAF64SjknCY&amp;utm_campaign=designshare&amp;utm_medium=embeds&amp;utm_source=link\" target=\"_blank\" rel=\"noopener\">PLA D&#8217;ACCI\u00d3 ERASMUS +<\/a> de Escola Valldeflors<\/p>\n<p>ASSAMBLEA D&#8217;ALUMNES PER INFORMAR DEL <span style=\"font-family: inherit; font-size: 1em;\">PROGRAMA.<\/span><\/p>\n<p><a href=\"https:\/\/agora.xtec.cat\/ceipvalldeflors\/wp-content\/uploads\/usu214\/2024\/07\/ba7cd264-ec37-455f-b765-29b2c19bde4e.jpg\"><img loading=\"lazy\" decoding=\"async\" class=\"alignleft size-medium wp-image-15266\" src=\"https:\/\/agora.xtec.cat\/ceipvalldeflors\/wp-content\/uploads\/usu214\/2024\/07\/ba7cd264-ec37-455f-b765-29b2c19bde4e-300x225.jpg\" alt=\"\" width=\"300\" height=\"225\" srcset=\"https:\/\/agora.xtec.cat\/ceipvalldeflors\/wp-content\/uploads\/usu214\/2024\/07\/ba7cd264-ec37-455f-b765-29b2c19bde4e-300x225.jpg 300w, https:\/\/agora.xtec.cat\/ceipvalldeflors\/wp-content\/uploads\/usu214\/2024\/07\/ba7cd264-ec37-455f-b765-29b2c19bde4e-1024x768.jpg 1024w, https:\/\/agora.xtec.cat\/ceipvalldeflors\/wp-content\/uploads\/usu214\/2024\/07\/ba7cd264-ec37-455f-b765-29b2c19bde4e-768x576.jpg 768w, https:\/\/agora.xtec.cat\/ceipvalldeflors\/wp-content\/uploads\/usu214\/2024\/07\/ba7cd264-ec37-455f-b765-29b2c19bde4e-1536x1152.jpg 1536w, https:\/\/agora.xtec.cat\/ceipvalldeflors\/wp-content\/uploads\/usu214\/2024\/07\/ba7cd264-ec37-455f-b765-29b2c19bde4e-200x150.jpg 200w, https:\/\/agora.xtec.cat\/ceipvalldeflors\/wp-content\/uploads\/usu214\/2024\/07\/ba7cd264-ec37-455f-b765-29b2c19bde4e.jpg 2048w\" sizes=\"auto, (max-width: 300px) 100vw, 300px\" \/><\/a><\/p>\n<p>Comencem les mobilitats.<br \/>\n<a href=\"https:\/\/www.instagram.com\/p\/DAnqdnvNdVC\/?img_index=1\">1a <\/a><a href=\"https:\/\/www.instagram.com\/p\/DAnqdnvNdVC\/?img_index=1\">noticia<\/a><\/p>\n<p>&nbsp;<\/p>\n<p>&nbsp;<\/p>\n<p>&nbsp;<\/p>\n<p>&nbsp;<\/p>\n<p>Presentaci\u00f3 mobilitats Sandra C. i Marta A.<\/p>\n<p><strong>TRANSFER\u00c8NCIA AL CLAUSTRE.<\/strong><\/p>\n<p><a href=\"https:\/\/agora.xtec.cat\/ceipvalldeflors\/wp-content\/uploads\/usu214\/2025\/07\/WhatsApp-Image-2025-06-27-at-10.21.13.jpeg\"><img loading=\"lazy\" decoding=\"async\" class=\"alignleft size-medium wp-image-15311\" src=\"https:\/\/agora.xtec.cat\/ceipvalldeflors\/wp-content\/uploads\/usu214\/2025\/07\/WhatsApp-Image-2025-06-27-at-10.21.13-300x169.jpeg\" alt=\"\" width=\"300\" height=\"169\" srcset=\"https:\/\/agora.xtec.cat\/ceipvalldeflors\/wp-content\/uploads\/usu214\/2025\/07\/WhatsApp-Image-2025-06-27-at-10.21.13-300x169.jpeg 300w, https:\/\/agora.xtec.cat\/ceipvalldeflors\/wp-content\/uploads\/usu214\/2025\/07\/WhatsApp-Image-2025-06-27-at-10.21.13-1024x576.jpeg 1024w, https:\/\/agora.xtec.cat\/ceipvalldeflors\/wp-content\/uploads\/usu214\/2025\/07\/WhatsApp-Image-2025-06-27-at-10.21.13-768x432.jpeg 768w, https:\/\/agora.xtec.cat\/ceipvalldeflors\/wp-content\/uploads\/usu214\/2025\/07\/WhatsApp-Image-2025-06-27-at-10.21.13-1536x864.jpeg 1536w, https:\/\/agora.xtec.cat\/ceipvalldeflors\/wp-content\/uploads\/usu214\/2025\/07\/WhatsApp-Image-2025-06-27-at-10.21.13.jpeg 1599w\" sizes=\"auto, (max-width: 300px) 100vw, 300px\" \/><\/a><\/p>\n<p>&nbsp;<\/p>\n<p>&nbsp;<\/p>\n<p>&nbsp;<\/p>\n<p>&nbsp;<\/p>\n<p>&nbsp;<\/p>\n<p><strong>EVID\u00c8NCIES: Les fotos i v\u00eddeos de les mobilitats i transfer\u00e8ncies estan penjades al nostre instagram @escolavalldeflorstremp<\/strong><\/p>\n<p><a href=\"https:\/\/agora.xtec.cat\/ceipvalldeflors\/wp-content\/uploads\/usu214\/2025\/07\/WhatsApp-Image-2025-07-15-at-09.26.10.jpeg\"><img loading=\"lazy\" decoding=\"async\" class=\"alignleft size-medium wp-image-15319\" src=\"https:\/\/agora.xtec.cat\/ceipvalldeflors\/wp-content\/uploads\/usu214\/2025\/07\/WhatsApp-Image-2025-07-15-at-09.26.10-300x225.jpeg\" alt=\"\" width=\"300\" height=\"225\" srcset=\"https:\/\/agora.xtec.cat\/ceipvalldeflors\/wp-content\/uploads\/usu214\/2025\/07\/WhatsApp-Image-2025-07-15-at-09.26.10-300x225.jpeg 300w, https:\/\/agora.xtec.cat\/ceipvalldeflors\/wp-content\/uploads\/usu214\/2025\/07\/WhatsApp-Image-2025-07-15-at-09.26.10-1024x768.jpeg 1024w, https:\/\/agora.xtec.cat\/ceipvalldeflors\/wp-content\/uploads\/usu214\/2025\/07\/WhatsApp-Image-2025-07-15-at-09.26.10-768x576.jpeg 768w, https:\/\/agora.xtec.cat\/ceipvalldeflors\/wp-content\/uploads\/usu214\/2025\/07\/WhatsApp-Image-2025-07-15-at-09.26.10-1536x1152.jpeg 1536w, https:\/\/agora.xtec.cat\/ceipvalldeflors\/wp-content\/uploads\/usu214\/2025\/07\/WhatsApp-Image-2025-07-15-at-09.26.10-200x150.jpeg 200w, https:\/\/agora.xtec.cat\/ceipvalldeflors\/wp-content\/uploads\/usu214\/2025\/07\/WhatsApp-Image-2025-07-15-at-09.26.10.jpeg 2048w\" sizes=\"auto, (max-width: 300px) 100vw, 300px\" \/><\/a><\/p>\n<div style=\"position: relative; width: 100%; height: 0; padding-top: 56.2500%; padding-bottom: 0; box-shadow: 0 2px 8px 0 rgba(63,69,81,0.16); margin-top: 1.6em; margin-bottom: 0.9em; overflow: hidden; border-radius: 8px; will-change: transform;\"><iframe style=\"position: absolute; width: 100%; height: 100%; top: 0; left: 0; border: none; padding: 0; margin: 0;\" src=\"https:\/\/www.canva.com\/design\/DAGY5IP1Gv8\/T_pQbbZUZt0e0WOK_x_QPQ\/view?embed\" allowfullscreen=\"allowfullscreen\"><br \/>\n<\/iframe><\/div>\n<p><a href=\"https:\/\/www.canva.com\/design\/DAGY5IP1Gv8\/T_pQbbZUZt0e0WOK_x_QPQ\/view?utm_content=DAGY5IP1Gv8&amp;utm_campaign=designshare&amp;utm_medium=embeds&amp;utm_source=link\" target=\"_blank\" rel=\"noopener\">VALLDEFLORS Presentaci\u00f3 Alcoba\u00e7a<\/a> de SANDRA CANONIGA FRANCO<\/p>\n<p><a href=\"https:\/\/agora.xtec.cat\/ceipvalldeflors\/wp-content\/uploads\/usu214\/2025\/04\/Presentacio-mobilitat-Sandra.pdf\">Presentaci\u00f3 mobilitat Sandra<\/a><\/p>\n<p>&nbsp;<\/p>\n<p>&nbsp;<\/p>\n<div style=\"position: relative; width: 100%; height: 0; padding-top: 56.2500%; padding-bottom: 0; box-shadow: 0 2px 8px 0 rgba(63,69,81,0.16); margin-top: 1.6em; margin-bottom: 0.9em; overflow: hidden; border-radius: 8px; will-change: transform;\"><iframe style=\"position: absolute; width: 100%; height: 100%; top: 0; left: 0; border: none; padding: 0; margin: 0;\" src=\"https:\/\/www.canva.com\/design\/DAGlWDppqZQ\/cf30fecu86EZxsQ28tihZg\/view?embed\" allowfullscreen=\"allowfullscreen\"><br \/>\n<\/iframe><\/div>\n<p><a href=\"https:\/\/www.canva.com\/design\/DAGlWDppqZQ\/cf30fecu86EZxsQ28tihZg\/view?utm_content=DAGlWDppqZQ&amp;utm_campaign=designshare&amp;utm_medium=embeds&amp;utm_source=link\" target=\"_blank\" rel=\"noopener\">Presentaci\u00f3 mobilitat Sandra<\/a> de Sandrelo<\/p>\n<div style=\"position: relative; width: 100%; height: 0; padding-top: 56.2500%;\n padding-bottom: 0; box-shadow: 0 2px 8px 0 rgba(63,69,81,0.16); margin-top: 1.6em; margin-bottom: 0.9em; overflow: hidden;\n border-radius: 8px; will-change: transform;\"><br \/>\n  <iframe loading=\"lazy\" style=\"position: absolute; width: 100%; height: 100%; top: 0; left: 0; border: none; padding: 0;margin: 0;\"\n    src=\"https:\/\/www.canva.com\/design\/DAGoe7r9rZY\/UAUeCk-G0AMctJvsuJKU5w\/view?embed\" allowfullscreen=\"allowfullscreen\" allow=\"fullscreen\"><br \/>\n  <\/iframe>\n<\/div>\n<p><a href=\"https:&#x2F;&#x2F;www.canva.com&#x2F;design&#x2F;DAGoe7r9rZY&#x2F;UAUeCk-G0AMctJvsuJKU5w&#x2F;view?utm_content=DAGoe7r9rZY&amp;utm_campaign=designshare&amp;utm_medium=embeds&amp;utm_source=link\" target=\"_blank\" rel=\"noopener\">Presentaci\u00f3 Erasmus+ Su\u00e8cia<\/a> de Laura Bonet Portas<\/p>\n","protected":false},"excerpt":{"rendered":"<p><a href=\"https:\/\/www.canva.com\/design\/DAF9UvlYhx0\/9MTYxn-swR2cjNn7j3USPg\/view?utm_content=DAF9UvlYhx0&amp;utm_campaign=designshare&amp;utm_medium=embeds&amp;utm_source=link\" target=\"_blank\" rel=\"noopener\">CETE+ EQUIP MCEI<\/a> de SANDRA CANONIGA FRANCO<\/p>\n<p><a href=\"https:\/\/www.canva.com\/design\/DAF64SjknCY\/do-g3sHcdxO92YHxZwKYMg\/view?utm_content=DAF64SjknCY&amp;utm_campaign=designshare&amp;utm_medium=embeds&amp;utm_source=link\" target=\"_blank\" rel=\"noopener\">PLA D&#8217;ACCI\u00d3 ERASMUS +<\/a> de Escola Valldeflors<br \/>\nASSAMBLEA D&#8217;ALUMNES PER INFORMAR DEL PROGRAMA.<br \/>\n<a href=\"https:\/\/agora.xtec.cat\/ceipvalldeflors\/wp-content\/uploads\/usu214\/2024\/07\/ba7cd264-ec37-455f-b765-29b2c19bde4e.jpg\"><\/a><br \/>\nComencem les mobilitats.<br \/>\n<a href=\"https:\/\/www.instagram.com\/p\/DAnqdnvNdVC\/?img_index=1\">1a <\/a><a href=\"https:\/\/www.instagram.com\/p\/DAnqdnvNdVC\/?img_index=1\">noticia<\/a><br \/>\n&nbsp;<br \/>\n&nbsp;<br \/>\n&nbsp;<br \/>\n&nbsp;<br \/>\nPresentaci\u00f3 mobilitats Sandra C. i Marta A.<br \/>\nTRANSFER\u00c8NCIA AL CLAUSTRE.<br \/>\n<a href=\"https:\/\/agora.xtec.cat\/ceipvalldeflors\/wp-content\/uploads\/usu214\/2025\/07\/WhatsApp-Image-2025-06-27-at-10.21.13.jpeg\"><\/a><br \/>\n&nbsp;<br \/>\n&nbsp;<br \/>\n&nbsp;<br \/>\n&nbsp;<br \/>\n&nbsp;<br \/>\nEVID\u00c8NCIES: Les fotos i v\u00eddeos de les&hellip;  <a href=\"https:\/\/agora.xtec.cat\/ceipvalldeflors\/pagines-dinici\/erasmus-cete\/\" title=\"Read ERASMUS +, K120, MCEI MODALITAT JOB SHADOWING\">Llegeix m\u00e9s\u00bb<\/a><\/p>\n","protected":false},"author":1,"featured_media":0,"parent":7,"menu_order":0,"comment_status":"closed","ping_status":"closed","template":"","meta":{"_bbp_topic_count":0,"_bbp_reply_count":0,"_bbp_total_topic_count":0,"_bbp_total_reply_count":0,"_bbp_voice_count":0,"_bbp_anonymous_reply_count":0,"_bbp_topic_count_hidden":0,"_bbp_reply_count_hidden":0,"_bbp_forum_subforum_count":0,"footnotes":""},"class_list":["post-15229","page","type-page","status-publish","hentry"],"post_mailing_queue_ids":[],"_links":{"self":[{"href":"https:\/\/agora.xtec.cat\/ceipvalldeflors\/wp-json\/wp\/v2\/pages\/15229","targetHints":{"allow":["GET"]}}],"collection":[{"href":"https:\/\/agora.xtec.cat\/ceipvalldeflors\/wp-json\/wp\/v2\/pages"}],"about":[{"href":"https:\/\/agora.xtec.cat\/ceipvalldeflors\/wp-json\/wp\/v2\/types\/page"}],"author":[{"embeddable":true,"href":"https:\/\/agora.xtec.cat\/ceipvalldeflors\/wp-json\/wp\/v2\/users\/1"}],"replies":[{"embeddable":true,"href":"https:\/\/agora.xtec.cat\/ceipvalldeflors\/wp-json\/wp\/v2\/comments?post=15229"}],"version-history":[{"count":6,"href":"https:\/\/agora.xtec.cat\/ceipvalldeflors\/wp-json\/wp\/v2\/pages\/15229\/revisions"}],"predecessor-version":[{"id":15321,"href":"https:\/\/agora.xtec.cat\/ceipvalldeflors\/wp-json\/wp\/v2\/pages\/15229\/revisions\/15321"}],"up":[{"embeddable":true,"href":"https:\/\/agora.xtec.cat\/ceipvalldeflors\/wp-json\/wp\/v2\/pages\/7"}],"wp:attachment":[{"href":"https:\/\/agora.xtec.cat\/ceipvalldeflors\/wp-json\/wp\/v2\/media?parent=15229"}],"curies":[{"name":"wp","href":"https:\/\/api.w.org\/{rel}","templated":true}]}}