{"id":66,"date":"2014-09-18T12:40:47","date_gmt":"2014-09-18T11:40:47","guid":{"rendered":"http:\/\/agora.xtec.cat\/ceipvall-llobrega\/?page_id=66"},"modified":"2025-01-22T11:35:21","modified_gmt":"2025-01-22T10:35:21","slug":"serveis","status":"publish","type":"page","link":"https:\/\/agora.xtec.cat\/ceipvall-llobrega\/serveis\/","title":{"rendered":"Serveis"},"content":{"rendered":"<ul>\n<li class=\"Estilo7\" style=\"text-align: left;\"><span style=\"text-decoration: underline;\">L&#8217;<em><strong>AMPA<\/strong><\/em><\/span>\u00a0gestiona:<\/li>\n<\/ul>\n<p class=\"Estilo7\" style=\"text-align: left;\" align=\"center\">\u00a0 \u00a0&#8211; L&#8217;<span style=\"text-decoration: underline;\"><em>acollida matinal<\/em><\/span> de 8 a 9h.<\/p>\n<p class=\"Estilo7\" style=\"text-align: left;\" align=\"center\">\u00a0 \u00a0&#8211; Les <span style=\"text-decoration: underline;\"><em>activitats extraescolars:<\/em><\/span><\/p>\n<p style=\"text-align: left;\" align=\"center\">\u00a0 \u00a0 \u00a0 \u00a0 \u00a0 \u00a0 \u00a0ANGL\u00c8S: dimecres de 16h a 17h.<\/p>\n<ul>\n<li class=\"Estilo7\" style=\"text-align: left;\"><span style=\"text-decoration: underline;\"><strong><em>MENJADOR<\/em>\u00a0ESCOLAR<\/strong><\/span><\/li>\n<\/ul>\n<p class=\"Estilo7\" style=\"text-align: left;\" align=\"center\">\u00a0 \u00a0 &#8211; De 14h a 16h\u00a0(gestionat pel Consell Comarcal).<\/p>\n<ul>\n<li class=\"Estilo7\" style=\"text-align: left;\"><span style=\"text-decoration: underline;\"><strong>EAP\u00a0<\/strong>(Equip d&#8217;assessorament psicopedag\u00f2gic)<\/span><\/li>\n<\/ul>\n<p class=\"Estilo6\" style=\"text-align: left;\" align=\"justify\">\u00a0 \u00a0 \u00a0 \u00a0L&#8217;escola disposa de l&#8217;assessorament d&#8217;un psic\u00f2leg 4 hores mensuals.<\/p>\n<p class=\"Estilo6\" style=\"text-align: left;\" align=\"justify\">\u00a0 \u00a0 \u00a0 \u00a0Les prioritats d&#8217;aquest servei s\u00f3n:<\/p>\n<p class=\"Estilo8\" style=\"text-align: left;\" align=\"center\">\u00a0 \u00a0 \u00a0 \u00a0&#8211; Atendre personalment els casos que convinguin.<\/p>\n<p class=\"Estilo8\" style=\"text-align: left;\" align=\"center\">\u00a0 \u00a0 \u00a0 \u00a0&#8211; Coordinar-se amb els tutors corresponents.<\/p>\n<p class=\"Estilo8\" style=\"text-align: left;\" align=\"center\">\u00a0 \u00a0 \u00a0 \u00a0&#8211; Assessorar les fam\u00edlies quan sigui necessari.<\/p>\n<p class=\"Estilo8\" style=\"text-align: left;\" align=\"center\">\u00a0 \u00a0 \u00a0 \u00a0&#8211; Reunir-se amb els cicles per atendre les seves consultes.<\/p>\n<p class=\"Estilo8\" style=\"text-align: left;\" align=\"center\">Una vegada al trimestre ens reunim la comissi\u00f3 CAD (comissi\u00f3 d&#8217;atenci\u00f3 a la diversitat) per l&#8217;elaboraci\u00f3, seguiment i avaluaci\u00f3 dels PI a prim\u00e0ria, seguiment de l&#8217;atenci\u00f3 a la diversitat a l&#8217;escola&#8230;<\/p>\n<p class=\"Estilo8\" style=\"text-align: left;\" align=\"center\">\n","protected":false},"excerpt":{"rendered":"<p>L&#8217;AMPA\u00a0gestiona: \u00a0 \u00a0&#8211; L&#8217;acollida matinal de 8 a 9h. \u00a0 \u00a0&#8211; Les activitats extraescolars: \u00a0 \u00a0 \u00a0 \u00a0 \u00a0 \u00a0 [&hellip;]<\/p>\n","protected":false},"author":1,"featured_media":0,"parent":0,"menu_order":0,"comment_status":"closed","ping_status":"closed","template":"","meta":{"_bbp_topic_count":0,"_bbp_reply_count":0,"_bbp_total_topic_count":0,"_bbp_total_reply_count":0,"_bbp_voice_count":0,"_bbp_anonymous_reply_count":0,"_bbp_topic_count_hidden":0,"_bbp_reply_count_hidden":0,"_bbp_forum_subforum_count":0,"site-sidebar-layout":"default","site-content-layout":"","ast-site-content-layout":"default","site-content-style":"default","site-sidebar-style":"default","ast-global-header-display":"","ast-banner-title-visibility":"","ast-main-header-display":"","ast-hfb-above-header-display":"","ast-hfb-below-header-display":"","ast-hfb-mobile-header-display":"","site-post-title":"","ast-breadcrumbs-content":"","ast-featured-img":"","footer-sml-layout":"","theme-transparent-header-meta":"default","adv-header-id-meta":"","stick-header-meta":"","header-above-stick-meta":"","header-main-stick-meta":"","header-below-stick-meta":"","astra-migrate-meta-layouts":"set","ast-page-background-enabled":"default","ast-page-background-meta":{"desktop":{"background-color":"var(--ast-global-color-4)","background-image":"","background-repeat":"repeat","background-position":"center center","background-size":"auto","background-attachment":"scroll","background-type":"","background-media":"","overlay-type":"","overlay-color":"","overlay-opacity":"","overlay-gradient":""},"tablet":{"background-color":"","background-image":"","background-repeat":"repeat","background-position":"center center","background-size":"auto","background-attachment":"scroll","background-type":"","background-media":"","overlay-type":"","overlay-color":"","overlay-opacity":"","overlay-gradient":""},"mobile":{"background-color":"","background-image":"","background-repeat":"repeat","background-position":"center center","background-size":"auto","background-attachment":"scroll","background-type":"","background-media":"","overlay-type":"","overlay-color":"","overlay-opacity":"","overlay-gradient":""}},"ast-content-background-meta":{"desktop":{"background-color":"var(--ast-global-color-5)","background-image":"","background-repeat":"repeat","background-position":"center center","background-size":"auto","background-attachment":"scroll","background-type":"","background-media":"","overlay-type":"","overlay-color":"","overlay-opacity":"","overlay-gradient":""},"tablet":{"background-color":"var(--ast-global-color-5)","background-image":"","background-repeat":"repeat","background-position":"center center","background-size":"auto","background-attachment":"scroll","background-type":"","background-media":"","overlay-type":"","overlay-color":"","overlay-opacity":"","overlay-gradient":""},"mobile":{"background-color":"var(--ast-global-color-5)","background-image":"","background-repeat":"repeat","background-position":"center center","background-size":"auto","background-attachment":"scroll","background-type":"","background-media":"","overlay-type":"","overlay-color":"","overlay-opacity":"","overlay-gradient":""}},"footnotes":""},"class_list":["post-66","page","type-page","status-publish","hentry"],"post_mailing_queue_ids":[],"_links":{"self":[{"href":"https:\/\/agora.xtec.cat\/ceipvall-llobrega\/wp-json\/wp\/v2\/pages\/66","targetHints":{"allow":["GET"]}}],"collection":[{"href":"https:\/\/agora.xtec.cat\/ceipvall-llobrega\/wp-json\/wp\/v2\/pages"}],"about":[{"href":"https:\/\/agora.xtec.cat\/ceipvall-llobrega\/wp-json\/wp\/v2\/types\/page"}],"author":[{"embeddable":true,"href":"https:\/\/agora.xtec.cat\/ceipvall-llobrega\/wp-json\/wp\/v2\/users\/1"}],"replies":[{"embeddable":true,"href":"https:\/\/agora.xtec.cat\/ceipvall-llobrega\/wp-json\/wp\/v2\/comments?post=66"}],"version-history":[{"count":3,"href":"https:\/\/agora.xtec.cat\/ceipvall-llobrega\/wp-json\/wp\/v2\/pages\/66\/revisions"}],"predecessor-version":[{"id":975,"href":"https:\/\/agora.xtec.cat\/ceipvall-llobrega\/wp-json\/wp\/v2\/pages\/66\/revisions\/975"}],"wp:attachment":[{"href":"https:\/\/agora.xtec.cat\/ceipvall-llobrega\/wp-json\/wp\/v2\/media?parent=66"}],"curies":[{"name":"wp","href":"https:\/\/api.w.org\/{rel}","templated":true}]}}

<ul>
<li class="Estilo7" style="text-align: left;"><span style="text-decoration: underline;">L&#8217;<em><strong>AMPA</strong></em></span> gestiona:</li>
</ul>
<p class="Estilo7" style="text-align: left;" align="center">   &#8211; L&#8217;<span style="text-decoration: underline;"><em>acollida matinal</em></span> de 8 a 9h.</p>
<p class="Estilo7" style="text-align: left;" align="center">   &#8211; Les <span style="text-decoration: underline;"><em>activitats extraescolars:</em></span></p>
<p style="text-align: left;" align="center">             ANGLÈS: dimecres de 16h a 17h.</p>
<ul>
<li class="Estilo7" style="text-align: left;"><span style="text-decoration: underline;"><strong><em>MENJADOR</em> ESCOLAR</strong></span></li>
</ul>
<p class="Estilo7" style="text-align: left;" align="center">    &#8211; De 14h a 16h (gestionat pel Consell Comarcal).</p>
<ul>
<li class="Estilo7" style="text-align: left;"><span style="text-decoration: underline;"><strong>EAP </strong>(Equip d&#8217;assessorament psicopedagògic)</span></li>
</ul>
<p class="Estilo6" style="text-align: left;" align="justify">       L&#8217;escola disposa de l&#8217;assessorament d&#8217;un psicòleg 4 hores mensuals.</p>
<p class="Estilo6" style="text-align: left;" align="justify">       Les prioritats d&#8217;aquest servei són:</p>
<p class="Estilo8" style="text-align: left;" align="center">       &#8211; Atendre personalment els casos que convinguin.</p>
<p class="Estilo8" style="text-align: left;" align="center">       &#8211; Coordinar-se amb els tutors corresponents.</p>
<p class="Estilo8" style="text-align: left;" align="center">       &#8211; Assessorar les famílies quan sigui necessari.</p>
<p class="Estilo8" style="text-align: left;" align="center">       &#8211; Reunir-se amb els cicles per atendre les seves consultes.</p>
<p class="Estilo8" style="text-align: left;" align="center">Una vegada al trimestre ens reunim la comissió CAD (comissió d&#8217;atenció a la diversitat) per l&#8217;elaboració, seguiment i avaluació dels PI a primària, seguiment de l&#8217;atenció a la diversitat a l&#8217;escola&#8230;</p>
<p class="Estilo8" style="text-align: left;" align="center">
