{"id":26,"date":"2014-09-18T12:24:32","date_gmt":"2014-09-18T11:24:32","guid":{"rendered":"http:\/\/agora.xtec.cat\/ceipvall-llobrega\/?page_id=26"},"modified":"2025-01-22T12:00:02","modified_gmt":"2025-01-22T11:00:02","slug":"articlesienllacosdinteres","status":"publish","type":"page","link":"https:\/\/agora.xtec.cat\/ceipvall-llobrega\/lescola\/articlesienllacosdinteres\/","title":{"rendered":"Articles i enlla\u00e7os d&#8217;inter\u00e8s"},"content":{"rendered":"<p>&nbsp;<\/p>\n<p class=\"Estilo17\" style=\"text-align: center;\"><a href=\"http:\/\/diarieducacio.cat\/neus-sanmarti-si-sabem-que-lalumne-apren-la-nota-es-el-de-menys\/\">&#8220;Si sabem que l&#8217;alumne apr\u00e8n, la nota \u00e9s el de menys&#8221;<\/a>\u00a0(Neus Sanmart\u00ed)<\/p>\n<p class=\"Estilo17\" style=\"text-align: center;\"><a href=\"http:\/\/www.carlescapdevila.com\/visca-les-vacances-dels-nens\/\">VISCA LES VACANCES DELS NENS<\/a>\u00a0(Carles Capdevila)<\/p>\n<p class=\"Estilo17\" style=\"text-align: center;\"><a href=\"http:\/\/www.ara.cat\/opinio\/carles-capdevila-renyem-menys-lavia_0_1597040319.html\">RENYEM MENYS L&#8217;\u00c0VIA I DIGUEM-LI GR\u00c0CIES<\/a>\u00a0(Carles Capdevila)<\/p>\n<p class=\"Estilo17\" style=\"text-align: center;\"><a href=\"http:\/\/www.ccma.cat\/tv3\/alacarta\/economia-en-colors\/taronja-on-son-els-nens-de-desembre\/video\/5555842\/#\">ECONOMIA EN COLORS: Taronja. On s\u00f3n els nens de desembre?<\/a><\/p>\n<p style=\"text-align: center;\"><span style=\"font-size: medium;\"><span class=\"Estilo17\"><a href=\"http:\/\/diarieducacio.cat\/adeu-a-les-assignatures-el-treball-per-projectes-convenc-cada-cop-mes-escoles\/\">Ad\u00e9u a les assignatures: el treball per projectes conven\u00e7 cada cop m\u00e9s escoles<\/a><\/span><\/span><\/p>\n<p style=\"text-align: center;\"><span class=\"Estilo17\"><a href=\"http:\/\/familiaiescola.gencat.cat\/ca\">Fam\u00edlia i escola<\/a><\/span><\/p>\n","protected":false},"excerpt":{"rendered":"<p>&nbsp; &#8220;Si sabem que l&#8217;alumne apr\u00e8n, la nota \u00e9s el de menys&#8221;\u00a0(Neus Sanmart\u00ed) VISCA LES VACANCES DELS NENS\u00a0(Carles Capdevila) RENYEM [&hellip;]<\/p>\n","protected":false},"author":1,"featured_media":0,"parent":22,"menu_order":20,"comment_status":"closed","ping_status":"closed","template":"","meta":{"_bbp_topic_count":0,"_bbp_reply_count":0,"_bbp_total_topic_count":0,"_bbp_total_reply_count":0,"_bbp_voice_count":0,"_bbp_anonymous_reply_count":0,"_bbp_topic_count_hidden":0,"_bbp_reply_count_hidden":0,"_bbp_forum_subforum_count":0,"site-sidebar-layout":"default","site-content-layout":"","ast-site-content-layout":"default","site-content-style":"default","site-sidebar-style":"default","ast-global-header-display":"","ast-banner-title-visibility":"","ast-main-header-display":"","ast-hfb-above-header-display":"","ast-hfb-below-header-display":"","ast-hfb-mobile-header-display":"","site-post-title":"","ast-breadcrumbs-content":"","ast-featured-img":"","footer-sml-layout":"","theme-transparent-header-meta":"default","adv-header-id-meta":"","stick-header-meta":"","header-above-stick-meta":"","header-main-stick-meta":"","header-below-stick-meta":"","astra-migrate-meta-layouts":"set","ast-page-background-enabled":"default","ast-page-background-meta":{"desktop":{"background-color":"var(--ast-global-color-4)","background-image":"","background-repeat":"repeat","background-position":"center center","background-size":"auto","background-attachment":"scroll","background-type":"","background-media":"","overlay-type":"","overlay-color":"","overlay-opacity":"","overlay-gradient":""},"tablet":{"background-color":"","background-image":"","background-repeat":"repeat","background-position":"center center","background-size":"auto","background-attachment":"scroll","background-type":"","background-media":"","overlay-type":"","overlay-color":"","overlay-opacity":"","overlay-gradient":""},"mobile":{"background-color":"","background-image":"","background-repeat":"repeat","background-position":"center center","background-size":"auto","background-attachment":"scroll","background-type":"","background-media":"","overlay-type":"","overlay-color":"","overlay-opacity":"","overlay-gradient":""}},"ast-content-background-meta":{"desktop":{"background-color":"var(--ast-global-color-5)","background-image":"","background-repeat":"repeat","background-position":"center center","background-size":"auto","background-attachment":"scroll","background-type":"","background-media":"","overlay-type":"","overlay-color":"","overlay-opacity":"","overlay-gradient":""},"tablet":{"background-color":"var(--ast-global-color-5)","background-image":"","background-repeat":"repeat","background-position":"center center","background-size":"auto","background-attachment":"scroll","background-type":"","background-media":"","overlay-type":"","overlay-color":"","overlay-opacity":"","overlay-gradient":""},"mobile":{"background-color":"var(--ast-global-color-5)","background-image":"","background-repeat":"repeat","background-position":"center center","background-size":"auto","background-attachment":"scroll","background-type":"","background-media":"","overlay-type":"","overlay-color":"","overlay-opacity":"","overlay-gradient":""}},"footnotes":""},"class_list":["post-26","page","type-page","status-publish","hentry"],"post_mailing_queue_ids":[],"_links":{"self":[{"href":"https:\/\/agora.xtec.cat\/ceipvall-llobrega\/wp-json\/wp\/v2\/pages\/26","targetHints":{"allow":["GET"]}}],"collection":[{"href":"https:\/\/agora.xtec.cat\/ceipvall-llobrega\/wp-json\/wp\/v2\/pages"}],"about":[{"href":"https:\/\/agora.xtec.cat\/ceipvall-llobrega\/wp-json\/wp\/v2\/types\/page"}],"author":[{"embeddable":true,"href":"https:\/\/agora.xtec.cat\/ceipvall-llobrega\/wp-json\/wp\/v2\/users\/1"}],"replies":[{"embeddable":true,"href":"https:\/\/agora.xtec.cat\/ceipvall-llobrega\/wp-json\/wp\/v2\/comments?post=26"}],"version-history":[{"count":2,"href":"https:\/\/agora.xtec.cat\/ceipvall-llobrega\/wp-json\/wp\/v2\/pages\/26\/revisions"}],"predecessor-version":[{"id":1425,"href":"https:\/\/agora.xtec.cat\/ceipvall-llobrega\/wp-json\/wp\/v2\/pages\/26\/revisions\/1425"}],"up":[{"embeddable":true,"href":"https:\/\/agora.xtec.cat\/ceipvall-llobrega\/wp-json\/wp\/v2\/pages\/22"}],"wp:attachment":[{"href":"https:\/\/agora.xtec.cat\/ceipvall-llobrega\/wp-json\/wp\/v2\/media?parent=26"}],"curies":[{"name":"wp","href":"https:\/\/api.w.org\/{rel}","templated":true}]}}

Articles i enllaços d&#8217;interès

<p>&nbsp;</p>
<p class="Estilo17" style="text-align: center;"><a href="http://diarieducacio.cat/neus-sanmarti-si-sabem-que-lalumne-apren-la-nota-es-el-de-menys/">&#8220;Si sabem que l&#8217;alumne aprèn, la nota és el de menys&#8221;</a> (Neus Sanmartí)</p>
<p class="Estilo17" style="text-align: center;"><a href="http://www.carlescapdevila.com/visca-les-vacances-dels-nens/">VISCA LES VACANCES DELS NENS</a> (Carles Capdevila)</p>
<p class="Estilo17" style="text-align: center;"><a href="http://www.ara.cat/opinio/carles-capdevila-renyem-menys-lavia_0_1597040319.html">RENYEM MENYS L&#8217;ÀVIA I DIGUEM-LI GRÀCIES</a> (Carles Capdevila)</p>
<p class="Estilo17" style="text-align: center;"><a href="http://www.ccma.cat/tv3/alacarta/economia-en-colors/taronja-on-son-els-nens-de-desembre/video/5555842/#">ECONOMIA EN COLORS: Taronja. On són els nens de desembre?</a></p>
<p style="text-align: center;"><span style="font-size: medium;"><span class="Estilo17"><a href="http://diarieducacio.cat/adeu-a-les-assignatures-el-treball-per-projectes-convenc-cada-cop-mes-escoles/">Adéu a les assignatures: el treball per projectes convenç cada cop més escoles</a></span></span></p>
<p style="text-align: center;"><span class="Estilo17"><a href="http://familiaiescola.gencat.cat/ca">Família i escola</a></span></p>

<p>&nbsp; &#8220;Si sabem que l&#8217;alumne aprèn, la nota és el de menys&#8221; (Neus Sanmartí) VISCA LES VACANCES DELS NENS (Carles Capdevila) RENYEM [&hellip;]</p>
