{"id":9462,"date":"2021-01-16T20:45:03","date_gmt":"2021-01-16T19:45:03","guid":{"rendered":"http:\/\/agora.xtec.cat\/ceipulldevent\/?page_id=9462"},"modified":"2022-06-27T12:55:02","modified_gmt":"2022-06-27T10:55:02","slug":"mobils-edu","status":"publish","type":"page","link":"https:\/\/agora.xtec.cat\/ceipulldevent\/projecte-educatiu\/transformacio-digital\/mobils-edu\/","title":{"rendered":"m\u00f2bils.edu"},"content":{"rendered":"<p>\u00c9s un pla del Departament d\u2019Educaci\u00f3 que impulsa l\u2019\u00fas de dispositius m\u00f2bils (m\u00f2bils i tauletes) com a tecnologies educatives, integrades en les pr\u00e0ctiques d\u2019aula per adquirir la compet\u00e8ncia digital de l\u2019alumnat i la millora en la resta de compet\u00e8ncies, liderat per la Direcci\u00f3 General d\u2019Innovaci\u00f3, Recerca i Cultura digital.<\/p>\n<p><a href=\"https:\/\/agora.xtec.cat\/ceipulldevent\/wp-content\/uploads\/usu242\/2022\/06\/Projecte-mobils.edu-8.1.pdf\" target=\"_blank\" rel=\"noopener\">Projecte m\u00f2bils.edu<\/a><\/p>\n<p><a href=\"https:\/\/agora.xtec.cat\/ceipulldevent\/wp-content\/uploads\/usu242\/2022\/06\/mobilsedu-1.png\"><img loading=\"lazy\" decoding=\"async\" class=\"alignnone size-medium wp-image-10042\" src=\"https:\/\/agora.xtec.cat\/ceipulldevent\/wp-content\/uploads\/usu242\/2022\/06\/mobilsedu-1-300x300.png\" alt=\"\" width=\"300\" height=\"300\" srcset=\"https:\/\/agora.xtec.cat\/ceipulldevent\/wp-content\/uploads\/usu242\/2022\/06\/mobilsedu-1-300x300.png 300w, https:\/\/agora.xtec.cat\/ceipulldevent\/wp-content\/uploads\/usu242\/2022\/06\/mobilsedu-1-150x150.png 150w, https:\/\/agora.xtec.cat\/ceipulldevent\/wp-content\/uploads\/usu242\/2022\/06\/mobilsedu-1.png 620w\" sizes=\"auto, (max-width: 300px) 100vw, 300px\" \/><\/a><\/p>\n<p><strong>Per saber-ne m\u00e9s:<\/strong><\/p>\n<ul style=\"list-style-type: square;\">\n<li><a href=\"https:\/\/internetsegura.cat\/gestors-contrasenyes\/\">Gestors de contrasenyes<\/a><\/li>\n<li><a href=\"https:\/\/internetsegura.cat\/dispositius-compartits-familia\/\" target=\"_blank\" rel=\"noopener\">Dispositius compartits, problemes afegits<\/a><\/li>\n<li><a href=\"https:\/\/internetsegura.cat\/joves\/normes-basiques-seguretat\/\" target=\"_blank\" rel=\"noopener\">Normes b\u00e0siques de ciberseguretat<\/a><\/li>\n<li><a href=\"https:\/\/internetsegura.cat\/cibertrucs\/\" target=\"_blank\" rel=\"noopener\">Cibertrucs<\/a><\/li>\n<\/ul>\n<p><strong>Qu\u00e8 fem?<\/strong><\/p>\n<blockquote class=\"twitter-tweet\">\n<p dir=\"ltr\" lang=\"en\">Today, The students of 5th Grade have played to <a href=\"https:\/\/twitter.com\/Kahoot?ref_src=twsrc%5Etfw\">@Kahoot<\/a> to practice some vocabulary. They have had a great time!!! <a href=\"https:\/\/t.co\/iSXOjMT7j1\">pic.twitter.com\/iSXOjMT7j1<\/a><\/p>\n<p>\u2014 Escola Ull de Vent (@escolaUlldeVent) <a href=\"https:\/\/twitter.com\/escolaUlldeVent\/status\/1535187580970487808?ref_src=twsrc%5Etfw\">June 10, 2022<\/a><\/p><\/blockquote>\n<p><script async src=\"https:\/\/platform.twitter.com\/widgets.js\" charset=\"utf-8\"><\/script><\/p>\n<blockquote class=\"twitter-tweet\">\n<p dir=\"ltr\" lang=\"ca\">Tenim una missi\u00f3, missi\u00f3 <a href=\"https:\/\/twitter.com\/ApiloXII?ref_src=twsrc%5Etfw\">@ApiloXII<\/a> de <a href=\"https:\/\/twitter.com\/residuscat?ref_src=twsrc%5Etfw\">@residuscat<\/a>. Avui hem vist com funciona una pila per\u00f2 de llimones!!! Recordeu que podeu seguir portant les piles utilitzades a l\u2019escola. <a href=\"https:\/\/t.co\/ssrXKjVbmU\">pic.twitter.com\/ssrXKjVbmU<\/a><\/p>\n<p>\u2014 Escola Ull de Vent (@escolaUlldeVent) <a href=\"https:\/\/twitter.com\/escolaUlldeVent\/status\/1526885448345427970?ref_src=twsrc%5Etfw\">May 18, 2022<\/a><\/p><\/blockquote>\n<p><script async src=\"https:\/\/platform.twitter.com\/widgets.js\" charset=\"utf-8\"><\/script><\/p>\n<hr \/>\n<blockquote class=\"twitter-tweet\">\n<p dir=\"ltr\" lang=\"en\">The 5th grade students are starting their designs with <a href=\"https:\/\/twitter.com\/pixil_art?ref_src=twsrc%5Etfw\">@pixil_art<\/a>. Good learning!!! <a href=\"https:\/\/t.co\/cq8WwKyTWe\">pic.twitter.com\/cq8WwKyTWe<\/a><\/p>\n<p>\u2014 Escola Ull de Vent (@escolaUlldeVent) <a href=\"https:\/\/twitter.com\/escolaUlldeVent\/status\/1522218933494763520?ref_src=twsrc%5Etfw\">May 5, 2022<\/a><\/p><\/blockquote>\n<p><script async src=\"https:\/\/platform.twitter.com\/widgets.js\" charset=\"utf-8\"><\/script><\/p>\n<blockquote class=\"twitter-tweet\">\n<p dir=\"ltr\" lang=\"ca\">Les <a href=\"https:\/\/twitter.com\/hashtag\/EfigyGirlsAlfaGeneration?src=hash&amp;ref_src=twsrc%5Etfw\">#EfigyGirlsAlfaGeneration<\/a> de l\u2019escola van tenir l\u2019oportunitat de veure les sortides professionals de la programaci\u00f3. El Mart\u00ed un dels cooperativistes de l\u2019empresa <a href=\"https:\/\/twitter.com\/jamgoCoop?ref_src=twsrc%5Etfw\">@jamgoCoop<\/a> els va fer una xerrada. Moltes gr\u00e0cies!!! <a href=\"https:\/\/t.co\/r5aNcvqBuM\">pic.twitter.com\/r5aNcvqBuM<\/a><\/p>\n<p>\u2014 Escola Ull de Vent (@escolaUlldeVent) <a href=\"https:\/\/twitter.com\/escolaUlldeVent\/status\/1503321209538285570?ref_src=twsrc%5Etfw\">March 14, 2022<\/a><\/p><\/blockquote>\n<p><script async src=\"https:\/\/platform.twitter.com\/widgets.js\" charset=\"utf-8\"><\/script><\/p>\n<blockquote class=\"twitter-tweet\">\n<p dir=\"ltr\" lang=\"ca\">Segona sessi\u00f3 de la formaci\u00f3 per la transformaci\u00f3 digital del centre. Avui compartim experi\u00e8ncies amb el portal moodle eix. Molt bona experi\u00e8ncia. <a href=\"https:\/\/t.co\/mrFczlukeJ\">pic.twitter.com\/mrFczlukeJ<\/a><\/p>\n<p>\u2014 Escola Ull de Vent (@escolaUlldeVent) <a href=\"https:\/\/twitter.com\/escolaUlldeVent\/status\/1321470218829504516?ref_src=twsrc%5Etfw\">October 28, 2020<\/a><\/p><\/blockquote>\n<p><script async src=\"https:\/\/platform.twitter.com\/widgets.js\" charset=\"utf-8\"><\/script><\/p>\n<blockquote class=\"twitter-tweet\">\n<p dir=\"ltr\" lang=\"ca\">Aquesta setmana les alumnes de 6\u00e8 estan preparant un v\u00eddeo. Aquesta activitat forma part de la programaci\u00f3 de <a href=\"https:\/\/twitter.com\/EduMobils?ref_src=twsrc%5Etfw\">@EduMobils<\/a>. En breu el compartirem!!! <a href=\"https:\/\/t.co\/mJSk3hJd01\">pic.twitter.com\/mJSk3hJd01<\/a><\/p>\n<p>\u2014 Escola Ull de Vent (@escolaUlldeVent) <a href=\"https:\/\/twitter.com\/escolaUlldeVent\/status\/1491058845590106112?ref_src=twsrc%5Etfw\">February 8, 2022<\/a><\/p><\/blockquote>\n<p><script async src=\"https:\/\/platform.twitter.com\/widgets.js\" charset=\"utf-8\"><\/script><\/p>\n<blockquote class=\"twitter-tweet\">\n<p dir=\"ltr\" lang=\"ca\">Avui nova sessi\u00f3 de programaci\u00f3 amb <a href=\"https:\/\/twitter.com\/ScratchJr?ref_src=twsrc%5Etfw\">@ScratchJr<\/a> amb els nens i nenes de quart. Aquesta activitat forma part del nostre projecte <a href=\"https:\/\/twitter.com\/EduMobils?ref_src=twsrc%5Etfw\">@EduMobils<\/a> <a href=\"https:\/\/t.co\/P8iLYpH2E2\">pic.twitter.com\/P8iLYpH2E2<\/a><\/p>\n<p>\u2014 Escola Ull de Vent (@escolaUlldeVent) <a href=\"https:\/\/twitter.com\/escolaUlldeVent\/status\/1489609996878888962?ref_src=twsrc%5Etfw\">February 4, 2022<\/a><\/p><\/blockquote>\n<p><script async src=\"https:\/\/platform.twitter.com\/widgets.js\" charset=\"utf-8\"><\/script><\/p>\n<hr \/>\n<blockquote class=\"twitter-tweet\">\n<p dir=\"ltr\" lang=\"ca\">Seguim treballant en la formaci\u00f3 mentoritzada per la transformaci\u00f3 digital de <a href=\"https:\/\/twitter.com\/EduMobils?ref_src=twsrc%5Etfw\">@EduMobils<\/a>. Aquesta setmana amb <a href=\"https:\/\/twitter.com\/codeorg?ref_src=twsrc%5Etfw\">@codeorg<\/a> per la <a href=\"https:\/\/twitter.com\/hashtag\/CodeWeek2020?src=hash&amp;ref_src=twsrc%5Etfw\">#CodeWeek2020<\/a>. Molt bona feina dels i les mestres!!!! <a href=\"https:\/\/t.co\/wmBjURprE2\">pic.twitter.com\/wmBjURprE2<\/a><\/p>\n<p>\u2014 Escola Ull de Vent (@escolaUlldeVent) <a href=\"https:\/\/twitter.com\/escolaUlldeVent\/status\/1319639050320547841?ref_src=twsrc%5Etfw\">October 23, 2020<\/a><\/p><\/blockquote>\n<p><script async src=\"https:\/\/platform.twitter.com\/widgets.js\" charset=\"utf-8\"><\/script><\/p>\n","protected":false},"excerpt":{"rendered":"<p>\u00c9s un pla del Departament d\u2019Educaci\u00f3 que impulsa l\u2019\u00fas de dispositius m\u00f2bils (m\u00f2bils i tauletes) com a tecnologies educatives, integrades en les pr\u00e0ctiques d\u2019aula per adquirir la compet\u00e8ncia digital de l\u2019alumnat i la millora en la resta de compet\u00e8ncies, liderat per la Direcci\u00f3 General d\u2019Innovaci\u00f3,&hellip;  <a href=\"https:\/\/agora.xtec.cat\/ceipulldevent\/projecte-educatiu\/transformacio-digital\/mobils-edu\/\" title=\"Read m\u00f2bils.edu\">Llegeix m\u00e9s\u00bb<\/a><\/p>\n","protected":false},"author":1,"featured_media":0,"parent":9460,"menu_order":0,"comment_status":"closed","ping_status":"closed","template":"","meta":{"_bbp_topic_count":0,"_bbp_reply_count":0,"_bbp_total_topic_count":0,"_bbp_total_reply_count":0,"_bbp_voice_count":0,"_bbp_anonymous_reply_count":0,"_bbp_topic_count_hidden":0,"_bbp_reply_count_hidden":0,"_bbp_forum_subforum_count":0,"footnotes":""},"class_list":["post-9462","page","type-page","status-publish","hentry"],"post_mailing_queue_ids":[],"_links":{"self":[{"href":"https:\/\/agora.xtec.cat\/ceipulldevent\/wp-json\/wp\/v2\/pages\/9462","targetHints":{"allow":["GET"]}}],"collection":[{"href":"https:\/\/agora.xtec.cat\/ceipulldevent\/wp-json\/wp\/v2\/pages"}],"about":[{"href":"https:\/\/agora.xtec.cat\/ceipulldevent\/wp-json\/wp\/v2\/types\/page"}],"author":[{"embeddable":true,"href":"https:\/\/agora.xtec.cat\/ceipulldevent\/wp-json\/wp\/v2\/users\/1"}],"replies":[{"embeddable":true,"href":"https:\/\/agora.xtec.cat\/ceipulldevent\/wp-json\/wp\/v2\/comments?post=9462"}],"version-history":[{"count":3,"href":"https:\/\/agora.xtec.cat\/ceipulldevent\/wp-json\/wp\/v2\/pages\/9462\/revisions"}],"predecessor-version":[{"id":10050,"href":"https:\/\/agora.xtec.cat\/ceipulldevent\/wp-json\/wp\/v2\/pages\/9462\/revisions\/10050"}],"up":[{"embeddable":true,"href":"https:\/\/agora.xtec.cat\/ceipulldevent\/wp-json\/wp\/v2\/pages\/9460"}],"wp:attachment":[{"href":"https:\/\/agora.xtec.cat\/ceipulldevent\/wp-json\/wp\/v2\/media?parent=9462"}],"curies":[{"name":"wp","href":"https:\/\/api.w.org\/{rel}","templated":true}]}}