{"id":28,"date":"2014-09-18T12:29:35","date_gmt":"2014-09-18T12:29:35","guid":{"rendered":"http:\/\/agora.xtec.cat\/ceipulldevent\/?page_id=28"},"modified":"2024-10-02T12:51:18","modified_gmt":"2024-10-02T10:51:18","slug":"consell-escolar","status":"publish","type":"page","link":"https:\/\/agora.xtec.cat\/ceipulldevent\/lescola\/consell-escolar\/","title":{"rendered":"Consell escolar"},"content":{"rendered":"<p style=\"text-align: center;\"><strong><em>CONSELL ESCOLAR<\/em><\/strong><\/p>\n<p style=\"text-align: left;\">\u00c9s l\u2019\u00f2rgan col\u00b7legiat de participaci\u00f3 de la comunitat escolar en el govern del centre i per tant hi s\u00f3n representats (per elecci\u00f3 directa) fam\u00edlies, AMPA, mestres i ajuntament. Les seves principals funcions s\u00f3n l\u2019aprovaci\u00f3 de la gesti\u00f3 del centre i el seu control.<\/p>\n<p>&nbsp;<\/p>\n<p>REPRESENTANTS\u00a0 MEMBRES\u00a0 DEL CONSELL\u00a0 ESCOLAR CURS 24-25<\/p>\n<p>&nbsp;<\/p>\n<p style=\"text-align: left;\"><img loading=\"lazy\" decoding=\"async\" class=\"alignnone size-full wp-image-10620\" src=\"https:\/\/agora.xtec.cat\/ceipulldevent\/wp-content\/uploads\/usu242\/2024\/10\/consell-escolar.jpg\" alt=\"\" width=\"2189\" height=\"1170\" srcset=\"https:\/\/agora.xtec.cat\/ceipulldevent\/wp-content\/uploads\/usu242\/2024\/10\/consell-escolar.jpg 2189w, https:\/\/agora.xtec.cat\/ceipulldevent\/wp-content\/uploads\/usu242\/2024\/10\/consell-escolar-300x160.jpg 300w, https:\/\/agora.xtec.cat\/ceipulldevent\/wp-content\/uploads\/usu242\/2024\/10\/consell-escolar-1024x547.jpg 1024w, https:\/\/agora.xtec.cat\/ceipulldevent\/wp-content\/uploads\/usu242\/2024\/10\/consell-escolar-768x410.jpg 768w, https:\/\/agora.xtec.cat\/ceipulldevent\/wp-content\/uploads\/usu242\/2024\/10\/consell-escolar-1536x821.jpg 1536w, https:\/\/agora.xtec.cat\/ceipulldevent\/wp-content\/uploads\/usu242\/2024\/10\/consell-escolar-2048x1095.jpg 2048w\" sizes=\"auto, (max-width: 2189px) 100vw, 2189px\" \/><\/p>\n","protected":false},"excerpt":{"rendered":"<p>CONSELL ESCOLAR<br \/>\n\u00c9s l\u2019\u00f2rgan col\u00b7legiat de participaci\u00f3 de la comunitat escolar en el govern del centre i per tant hi s\u00f3n representats (per elecci\u00f3 directa) fam\u00edlies, AMPA, mestres i ajuntament. Les seves principals funcions s\u00f3n l\u2019aprovaci\u00f3 de la gesti\u00f3 del centre i el seu control.<br \/>\n&nbsp;<br \/>\nREPRESENTANTS\u00a0 MEMBRES\u00a0&hellip;  <a href=\"https:\/\/agora.xtec.cat\/ceipulldevent\/lescola\/consell-escolar\/\" title=\"Read Consell escolar\">Llegeix m\u00e9s\u00bb<\/a><\/p>\n","protected":false},"author":2,"featured_media":0,"parent":22,"menu_order":30,"comment_status":"closed","ping_status":"closed","template":"page-templates\/side-menu.php","meta":{"_bbp_topic_count":0,"_bbp_reply_count":0,"_bbp_total_topic_count":0,"_bbp_total_reply_count":0,"_bbp_voice_count":0,"_bbp_anonymous_reply_count":0,"_bbp_topic_count_hidden":0,"_bbp_reply_count_hidden":0,"_bbp_forum_subforum_count":0,"footnotes":""},"class_list":["post-28","page","type-page","status-publish","hentry"],"post_mailing_queue_ids":[],"_links":{"self":[{"href":"https:\/\/agora.xtec.cat\/ceipulldevent\/wp-json\/wp\/v2\/pages\/28","targetHints":{"allow":["GET"]}}],"collection":[{"href":"https:\/\/agora.xtec.cat\/ceipulldevent\/wp-json\/wp\/v2\/pages"}],"about":[{"href":"https:\/\/agora.xtec.cat\/ceipulldevent\/wp-json\/wp\/v2\/types\/page"}],"author":[{"embeddable":true,"href":"https:\/\/agora.xtec.cat\/ceipulldevent\/wp-json\/wp\/v2\/users\/2"}],"replies":[{"embeddable":true,"href":"https:\/\/agora.xtec.cat\/ceipulldevent\/wp-json\/wp\/v2\/comments?post=28"}],"version-history":[{"count":4,"href":"https:\/\/agora.xtec.cat\/ceipulldevent\/wp-json\/wp\/v2\/pages\/28\/revisions"}],"predecessor-version":[{"id":10621,"href":"https:\/\/agora.xtec.cat\/ceipulldevent\/wp-json\/wp\/v2\/pages\/28\/revisions\/10621"}],"up":[{"embeddable":true,"href":"https:\/\/agora.xtec.cat\/ceipulldevent\/wp-json\/wp\/v2\/pages\/22"}],"wp:attachment":[{"href":"https:\/\/agora.xtec.cat\/ceipulldevent\/wp-json\/wp\/v2\/media?parent=28"}],"curies":[{"name":"wp","href":"https:\/\/api.w.org\/{rel}","templated":true}]}}