{"id":17093,"date":"2022-02-28T17:03:33","date_gmt":"2022-02-28T16:03:33","guid":{"rendered":"https:\/\/agora.xtec.cat\/ceipulldecona\/?page_id=17093"},"modified":"2022-05-09T16:59:26","modified_gmt":"2022-05-09T14:59:26","slug":"diagnosi","status":"publish","type":"page","link":"https:\/\/agora.xtec.cat\/ceipulldecona\/diagnosi\/","title":{"rendered":"DIAGN\u00d2SI"},"content":{"rendered":"<p>En l&#8217;elaboraci\u00f3 de l&#8217;estrat\u00e8gia digital del centre haviem de cercar objectius per millorar l&#8217;apartat digital del nostre centre. Per a que aquesta tasca fos compartida amb els diferents membres de la comunitat educativa i a m\u00e9s a m\u00e9s ens pogu\u00e9s permetre fer una fotografia de l&#8217;estat en que ens trobem en l&#8217;\u00e0mbit digital hem realitzat una diagnosi conjunta. Les fam\u00edlies han participat en una enquesta i els alumnes i el professotat han participat en l&#8217;eina SELFIE.<\/p>\n<p>&nbsp;<\/p>\n<p><a href=\"https:\/\/agora.xtec.cat\/ceipulldecona\/wp-content\/uploads\/usu1119\/2022\/05\/Captura-selfie.png\"><img loading=\"lazy\" decoding=\"async\" class=\"alignnone size-full wp-image-17174\" src=\"https:\/\/agora.xtec.cat\/ceipulldecona\/wp-content\/uploads\/usu1119\/2022\/05\/Captura-selfie.png\" alt=\"\" width=\"1113\" height=\"196\" srcset=\"https:\/\/agora.xtec.cat\/ceipulldecona\/wp-content\/uploads\/usu1119\/2022\/05\/Captura-selfie.png 1113w, https:\/\/agora.xtec.cat\/ceipulldecona\/wp-content\/uploads\/usu1119\/2022\/05\/Captura-selfie-300x53.png 300w, https:\/\/agora.xtec.cat\/ceipulldecona\/wp-content\/uploads\/usu1119\/2022\/05\/Captura-selfie-1024x180.png 1024w, https:\/\/agora.xtec.cat\/ceipulldecona\/wp-content\/uploads\/usu1119\/2022\/05\/Captura-selfie-768x135.png 768w\" sizes=\"auto, (max-width: 1113px) 100vw, 1113px\" \/><\/a><\/p>\n<table style=\"border-collapse: collapse; width: 100%;\">\n<tbody>\n<tr>\n<td style=\"width: 50%;\">PUNTS FORTS<\/td>\n<td style=\"width: 50%;\">PUNTS A TREBALLAR<\/td>\n<\/tr>\n<tr>\n<td style=\"width: 50%;\">Infraestructura i equips<\/td>\n<td style=\"width: 50%;\">Pr\u00e0ctiques d&#8217;avaluaci\u00f3<\/td>\n<\/tr>\n<tr>\n<td style=\"width: 50%;\">Lideratge<\/td>\n<td style=\"width: 50%;\">Pedagogia: Implementaci\u00f3 a l&#8217;aula<\/td>\n<\/tr>\n<tr>\n<td style=\"width: 50%;\">Deseenvolupament professional continuu<\/td>\n<td style=\"width: 50%;\">Col\u00b7laboraci\u00f3 i xarxes<\/td>\n<\/tr>\n<\/tbody>\n<\/table>\n<p>&nbsp;<\/p>\n","protected":false},"excerpt":{"rendered":"<p>En l&#8217;elaboraci\u00f3 de l&#8217;estrat\u00e8gia digital del centre haviem de cercar objectius per millorar l&#8217;apartat digital del nostre centre. Per a que aquesta tasca fos compartida amb els diferents membres de la comunitat educativa i a m\u00e9s a m\u00e9s ens pogu\u00e9s permetre fer una fotografia de&hellip;  <a href=\"https:\/\/agora.xtec.cat\/ceipulldecona\/diagnosi\/\" title=\"Read DIAGN\u00d2SI\">Llegeix m\u00e9s\u00bb<\/a><\/p>\n","protected":false},"author":1,"featured_media":0,"parent":0,"menu_order":0,"comment_status":"closed","ping_status":"closed","template":"","meta":{"_bbp_topic_count":0,"_bbp_reply_count":0,"_bbp_total_topic_count":0,"_bbp_total_reply_count":0,"_bbp_voice_count":0,"_bbp_anonymous_reply_count":0,"_bbp_topic_count_hidden":0,"_bbp_reply_count_hidden":0,"_bbp_forum_subforum_count":0,"footnotes":""},"class_list":["post-17093","page","type-page","status-publish","hentry"],"post_mailing_queue_ids":[],"_links":{"self":[{"href":"https:\/\/agora.xtec.cat\/ceipulldecona\/wp-json\/wp\/v2\/pages\/17093","targetHints":{"allow":["GET"]}}],"collection":[{"href":"https:\/\/agora.xtec.cat\/ceipulldecona\/wp-json\/wp\/v2\/pages"}],"about":[{"href":"https:\/\/agora.xtec.cat\/ceipulldecona\/wp-json\/wp\/v2\/types\/page"}],"author":[{"embeddable":true,"href":"https:\/\/agora.xtec.cat\/ceipulldecona\/wp-json\/wp\/v2\/users\/1"}],"replies":[{"embeddable":true,"href":"https:\/\/agora.xtec.cat\/ceipulldecona\/wp-json\/wp\/v2\/comments?post=17093"}],"version-history":[{"count":3,"href":"https:\/\/agora.xtec.cat\/ceipulldecona\/wp-json\/wp\/v2\/pages\/17093\/revisions"}],"predecessor-version":[{"id":17176,"href":"https:\/\/agora.xtec.cat\/ceipulldecona\/wp-json\/wp\/v2\/pages\/17093\/revisions\/17176"}],"wp:attachment":[{"href":"https:\/\/agora.xtec.cat\/ceipulldecona\/wp-json\/wp\/v2\/media?parent=17093"}],"curies":[{"name":"wp","href":"https:\/\/api.w.org\/{rel}","templated":true}]}}