{"id":32,"date":"2014-09-18T12:31:33","date_gmt":"2014-09-18T11:31:33","guid":{"rendered":"http:\/\/agora.xtec.cat\/ceipturodeguiera\/?page_id=32"},"modified":"2025-10-03T00:35:15","modified_gmt":"2025-10-02T22:35:15","slug":"calendari-del-curs","status":"publish","type":"page","link":"https:\/\/agora.xtec.cat\/ceipturodeguiera\/lescola\/calendari-del-curs\/","title":{"rendered":"Calendari del curs"},"content":{"rendered":"\n<h4 class=\"wp-block-heading\"><strong>Inici de curs:<\/strong><\/h4>\n\n\n\n<p>8 de setembre de 2025<\/p>\n\n\n\n<iframe loading=\"lazy\" src=\"https:\/\/agora.xtec.cat\/ceipturodeguiera\/wp-content\/uploads\/usu2627\/2025\/10\/calendari-escolar-2526.pdf\" width=\"1000\" height=\"900\"><\/iframe>\n\n\n\n<h4 class=\"wp-block-heading\"><strong>Vacances:<\/strong><\/h4>\n\n\n\n<p>Del 20 de desembre de 2025 al 7 de gener de 2026&nbsp; (ambd\u00f3s inclosos)<\/p>\n\n\n\n<p>Del 28 de Mar\u00e7 al 6 d\u2019abril de 2026 (ambd\u00f3s inclosos<s>)<\/s><\/p>\n\n\n\n<p>A partir del 20 de juny de 2026<\/p>\n\n\n\n<h4 class=\"wp-block-heading\"><strong>Dies festius :&nbsp; <\/strong><\/h4>\n\n\n\n<p>11 de Setembre de 2025<\/p>\n\n\n\n<p>10 i 11 de Novembre de 2025 (festa local)<\/p>\n\n\n\n<p>5 i 8 de Desembre de 2025<\/p>\n\n\n\n<p>16 de Febrer de 2026<\/p>\n\n\n\n<p>1 i 4 de Maig de 2026  (4 &#8211; festa local)<\/p>\n\n\n\n<h4 class=\"wp-block-heading\"><strong>Jornada compactada:&nbsp; (de 9 a 13h)<\/strong><\/h4>\n\n\n\n<p>19 de desembre de 2025 i del 8 al 19 de juny de 2026 (ambd\u00f3s inclosos)<\/p>\n\n\n\n<p>Els alumnes de menjador surten a les 15h 15&#8242;.<\/p>\n\n\n\n<p>L\u2019<b>horari lectiu<\/b> del centre \u00e9s de 9 a 12,30 h i de 15,00 a 16,30 h per a tots els alumnes del centre.<\/p>\n\n\n\n<p>Per als alumnes que inicien l\u2019escolaritzaci\u00f3 a EI 3 s\u2019organitza un breu per\u00edode d\u2019adaptaci\u00f3 que suposa una certa modificaci\u00f3 dels horaris dels tres primers dies de classe, i que es fa saber a les fam\u00edlies en les reunions pr\u00e8vies corresponents.<\/p>\n","protected":false},"excerpt":{"rendered":"<p>Inici de curs: 8 de setembre de 2025 Vacances: Del 20 de desembre de 2025 al 7 de gener de 2026&nbsp; (ambd\u00f3s inclosos) Del 28 de Mar\u00e7 al 6 d\u2019abril de 2026 (ambd\u00f3s inclosos) A partir del 20 de juny de 2026 Dies festius :&nbsp; 11 de Setembre de 2025 10 i 11 de Novembre [&hellip;]<\/p>\n","protected":false},"author":1,"featured_media":0,"parent":22,"menu_order":50,"comment_status":"closed","ping_status":"closed","template":"page-templates\/side-menu.php","meta":{"_bbp_topic_count":0,"_bbp_reply_count":0,"_bbp_total_topic_count":0,"_bbp_total_reply_count":0,"_bbp_voice_count":0,"_bbp_anonymous_reply_count":0,"_bbp_topic_count_hidden":0,"_bbp_reply_count_hidden":0,"_bbp_forum_subforum_count":0,"site-sidebar-layout":"default","site-content-layout":"","ast-site-content-layout":"","site-content-style":"default","site-sidebar-style":"default","ast-global-header-display":"","ast-banner-title-visibility":"","ast-main-header-display":"","ast-hfb-above-header-display":"","ast-hfb-below-header-display":"","ast-hfb-mobile-header-display":"","site-post-title":"","ast-breadcrumbs-content":"","ast-featured-img":"","footer-sml-layout":"","theme-transparent-header-meta":"","adv-header-id-meta":"","stick-header-meta":"","header-above-stick-meta":"","header-main-stick-meta":"","header-below-stick-meta":"","astra-migrate-meta-layouts":"default","ast-page-background-enabled":"default","ast-page-background-meta":{"desktop":{"background-color":"var(--ast-global-color-4)","background-image":"","background-repeat":"repeat","background-position":"center center","background-size":"auto","background-attachment":"scroll","background-type":"","background-media":"","overlay-type":"","overlay-color":"","overlay-opacity":"","overlay-gradient":""},"tablet":{"background-color":"","background-image":"","background-repeat":"repeat","background-position":"center center","background-size":"auto","background-attachment":"scroll","background-type":"","background-media":"","overlay-type":"","overlay-color":"","overlay-opacity":"","overlay-gradient":""},"mobile":{"background-color":"","background-image":"","background-repeat":"repeat","background-position":"center center","background-size":"auto","background-attachment":"scroll","background-type":"","background-media":"","overlay-type":"","overlay-color":"","overlay-opacity":"","overlay-gradient":""}},"ast-content-background-meta":{"desktop":{"background-color":"var(--ast-global-color-5)","background-image":"","background-repeat":"repeat","background-position":"center center","background-size":"auto","background-attachment":"scroll","background-type":"","background-media":"","overlay-type":"","overlay-color":"","overlay-opacity":"","overlay-gradient":""},"tablet":{"background-color":"var(--ast-global-color-5)","background-image":"","background-repeat":"repeat","background-position":"center center","background-size":"auto","background-attachment":"scroll","background-type":"","background-media":"","overlay-type":"","overlay-color":"","overlay-opacity":"","overlay-gradient":""},"mobile":{"background-color":"var(--ast-global-color-5)","background-image":"","background-repeat":"repeat","background-position":"center center","background-size":"auto","background-attachment":"scroll","background-type":"","background-media":"","overlay-type":"","overlay-color":"","overlay-opacity":"","overlay-gradient":""}},"footnotes":""},"class_list":["post-32","page","type-page","status-publish","hentry"],"post_mailing_queue_ids":[],"_links":{"self":[{"href":"https:\/\/agora.xtec.cat\/ceipturodeguiera\/wp-json\/wp\/v2\/pages\/32","targetHints":{"allow":["GET"]}}],"collection":[{"href":"https:\/\/agora.xtec.cat\/ceipturodeguiera\/wp-json\/wp\/v2\/pages"}],"about":[{"href":"https:\/\/agora.xtec.cat\/ceipturodeguiera\/wp-json\/wp\/v2\/types\/page"}],"author":[{"embeddable":true,"href":"https:\/\/agora.xtec.cat\/ceipturodeguiera\/wp-json\/wp\/v2\/users\/1"}],"replies":[{"embeddable":true,"href":"https:\/\/agora.xtec.cat\/ceipturodeguiera\/wp-json\/wp\/v2\/comments?post=32"}],"version-history":[{"count":6,"href":"https:\/\/agora.xtec.cat\/ceipturodeguiera\/wp-json\/wp\/v2\/pages\/32\/revisions"}],"predecessor-version":[{"id":11635,"href":"https:\/\/agora.xtec.cat\/ceipturodeguiera\/wp-json\/wp\/v2\/pages\/32\/revisions\/11635"}],"up":[{"embeddable":true,"href":"https:\/\/agora.xtec.cat\/ceipturodeguiera\/wp-json\/wp\/v2\/pages\/22"}],"wp:attachment":[{"href":"https:\/\/agora.xtec.cat\/ceipturodeguiera\/wp-json\/wp\/v2\/media?parent=32"}],"curies":[{"name":"wp","href":"https:\/\/api.w.org\/{rel}","templated":true}]}}

<h4 class="wp-block-heading"><strong>Inici de curs:</strong></h4>



<p>8 de setembre de 2025</p>



<iframe loading="lazy" src="https://agora.xtec.cat/ceipturodeguiera/wp-content/uploads/usu2627/2025/10/calendari-escolar-2526.pdf" width="1000" height="900"></iframe>



<h4 class="wp-block-heading"><strong>Vacances:</strong></h4>



<p>Del 20 de desembre de 2025 al 7 de gener de 2026&nbsp; (ambdós inclosos)</p>



<p>Del 28 de Març al 6 d’abril de 2026 (ambdós inclosos<s>)</s></p>



<p>A partir del 20 de juny de 2026</p>



<h4 class="wp-block-heading"><strong>Dies festius :&nbsp; </strong></h4>



<p>11 de Setembre de 2025</p>



<p>10 i 11 de Novembre de 2025 (festa local)</p>



<p>5 i 8 de Desembre de 2025</p>



<p>16 de Febrer de 2026</p>



<p>1 i 4 de Maig de 2026  (4 &#8211; festa local)</p>



<h4 class="wp-block-heading"><strong>Jornada compactada:&nbsp; (de 9 a 13h)</strong></h4>



<p>19 de desembre de 2025 i del 8 al 19 de juny de 2026 (ambdós inclosos)</p>



<p>Els alumnes de menjador surten a les 15h 15&#8242;.</p>



<p>L’<b>horari lectiu</b> del centre és de 9 a 12,30 h i de 15,00 a 16,30 h per a tots els alumnes del centre.</p>



<p>Per als alumnes que inicien l’escolarització a EI 3 s’organitza un breu període d’adaptació que suposa una certa modificació dels horaris dels tres primers dies de classe, i que es fa saber a les famílies en les reunions prèvies corresponents.</p>

<p>Inici de curs: 8 de setembre de 2025 Vacances: Del 20 de desembre de 2025 al 7 de gener de 2026&nbsp; (ambdós inclosos) Del 28 de Març al 6 d’abril de 2026 (ambdós inclosos) A partir del 20 de juny de 2026 Dies festius :&nbsp; 11 de Setembre de 2025 10 i 11 de Novembre [&hellip;]</p>
