{"id":73,"date":"2014-09-18T14:01:51","date_gmt":"2014-09-18T13:01:51","guid":{"rendered":"http:\/\/agora.xtec.cat\/ceiptorresjonama\/?page_id=73"},"modified":"2025-09-13T13:14:22","modified_gmt":"2025-09-13T11:14:22","slug":"menjador-escolar","status":"publish","type":"page","link":"https:\/\/agora.xtec.cat\/ceiptorresjonama\/serveis\/menjador-escolar\/","title":{"rendered":"Menjador escolar"},"content":{"rendered":"<p style=\"text-align: justify;\">La nostra escola disposa de servei de menjador organitzat pel Consell Comarcal. S&#8217;inicia el primer dia de curs, al setembre, i finalitza al juny. Es cuina a l&#8217;escola, amb la nostra cuinera, que far\u00e0 els possibles perqu\u00e8 tothom mengi variat, equilibrat sa i ben cuinat.<\/p>\n<p style=\"text-align: justify;\">Les gestions referents a les altes del servei, es faran via telem\u00e0tica, a trav\u00e9s de la p\u00e0gina web del Consell Comarcal del Baix Empord\u00e0.<\/p>\n<p><strong>Des del Consell Comarcal s&#8217;informa que en el curs 2025-26 ja no existeixen els tiquets de menjador. Tot el proc\u00e9s es fa per domiciliaci\u00f3 banc\u00e0ria.<\/strong><\/p>\n<p><strong>La coordinadora \u00e9s la Vero i pots trucar-la per qualsevol dubte o pregunta de 9h a 9:30h (dies laborables) al tel\u00e8fon 697118732.<\/strong><\/p>\n<div><\/div>\n<p>&nbsp;<\/p>\n<p style=\"text-align: justify;\">\n","protected":false},"excerpt":{"rendered":"<p>La nostra escola disposa de servei de menjador organitzat pel Consell Comarcal. S&#8217;inicia el primer dia de curs, al setembre, i finalitza al juny. Es cuina a l&#8217;escola, amb la nostra cuinera, que far\u00e0 els possibles perqu\u00e8 tothom mengi variat, equilibrat sa i ben cuinat.<br \/>\nLes&hellip;  <a href=\"https:\/\/agora.xtec.cat\/ceiptorresjonama\/serveis\/menjador-escolar\/\" title=\"Read Menjador escolar\">Llegeix m\u00e9s\u00bb<\/a><\/p>\n","protected":false},"author":1,"featured_media":0,"parent":66,"menu_order":30,"comment_status":"closed","ping_status":"closed","template":"page-templates\/side-menu.php","meta":{"_bbp_topic_count":0,"_bbp_reply_count":0,"_bbp_total_topic_count":0,"_bbp_total_reply_count":0,"_bbp_voice_count":0,"_bbp_anonymous_reply_count":0,"_bbp_topic_count_hidden":0,"_bbp_reply_count_hidden":0,"_bbp_forum_subforum_count":0,"footnotes":""},"class_list":["post-73","page","type-page","status-publish","hentry"],"post_mailing_queue_ids":[],"_links":{"self":[{"href":"https:\/\/agora.xtec.cat\/ceiptorresjonama\/wp-json\/wp\/v2\/pages\/73","targetHints":{"allow":["GET"]}}],"collection":[{"href":"https:\/\/agora.xtec.cat\/ceiptorresjonama\/wp-json\/wp\/v2\/pages"}],"about":[{"href":"https:\/\/agora.xtec.cat\/ceiptorresjonama\/wp-json\/wp\/v2\/types\/page"}],"author":[{"embeddable":true,"href":"https:\/\/agora.xtec.cat\/ceiptorresjonama\/wp-json\/wp\/v2\/users\/1"}],"replies":[{"embeddable":true,"href":"https:\/\/agora.xtec.cat\/ceiptorresjonama\/wp-json\/wp\/v2\/comments?post=73"}],"version-history":[{"count":7,"href":"https:\/\/agora.xtec.cat\/ceiptorresjonama\/wp-json\/wp\/v2\/pages\/73\/revisions"}],"predecessor-version":[{"id":8522,"href":"https:\/\/agora.xtec.cat\/ceiptorresjonama\/wp-json\/wp\/v2\/pages\/73\/revisions\/8522"}],"up":[{"embeddable":true,"href":"https:\/\/agora.xtec.cat\/ceiptorresjonama\/wp-json\/wp\/v2\/pages\/66"}],"wp:attachment":[{"href":"https:\/\/agora.xtec.cat\/ceiptorresjonama\/wp-json\/wp\/v2\/media?parent=73"}],"curies":[{"name":"wp","href":"https:\/\/api.w.org\/{rel}","templated":true}]}}

<p style="text-align: justify;">La nostra escola disposa de servei de menjador organitzat pel Consell Comarcal. S&#8217;inicia el primer dia de curs, al setembre, i finalitza al juny. Es cuina a l&#8217;escola, amb la nostra cuinera, que farà els possibles perquè tothom mengi variat, equilibrat sa i ben cuinat.</p>
<p style="text-align: justify;">Les gestions referents a les altes del servei, es faran via telemàtica, a través de la pàgina web del Consell Comarcal del Baix Empordà.</p>
<p><strong>Des del Consell Comarcal s&#8217;informa que en el curs 2025-26 ja no existeixen els tiquets de menjador. Tot el procés es fa per domiciliació bancària.</strong></p>
<p><strong>La coordinadora és la Vero i pots trucar-la per qualsevol dubte o pregunta de 9h a 9:30h (dies laborables) al telèfon 697118732.</strong></p>
<div></div>
<p>&nbsp;</p>
<p style="text-align: justify;">

<p>La nostra escola disposa de servei de menjador organitzat pel Consell Comarcal. S&#8217;inicia el primer dia de curs, al setembre, i finalitza al juny. Es cuina a l&#8217;escola, amb la nostra cuinera, que farà els possibles perquè tothom mengi variat, equilibrat sa i ben cuinat.<br />
Les&hellip;  <a href="https://agora.xtec.cat/ceiptorresjonama/serveis/menjador-escolar/" title="Read Menjador escolar">Llegeix més»</a></p>
